{"id":3166,"date":"2019-04-04T13:48:25","date_gmt":"2019-04-04T11:48:25","guid":{"rendered":"http:\/\/agora.xtec.cat\/iesmontbui\/?page_id=3166"},"modified":"2025-04-14T20:43:32","modified_gmt":"2025-04-14T18:43:32","slug":"escola-nova-xxi","status":"publish","type":"page","link":"https:\/\/agora.xtec.cat\/iesmontbui\/activitats\/projectes\/escola-nova-xxi\/","title":{"rendered":"Transformaci\u00f3 educativa"},"content":{"rendered":"<p>L&#8217;Institut Montbui form\u00e0 part de la\u00a0 Xarxa- oest\u00a0 d&#8217;Escola Nova 21.\u00a0 El curs 2017-2018 vam comen\u00e7ar les trobades amb els centres d&#8217;aquesta xarxa amb els quals compartim l&#8217;actual\u00a0 proc\u00e8s de transformaci\u00f3\u00a0 educativa. Actualment el centre participa de la Xarxa de Transformaci\u00f3 Educativa, la Xarxa de Compet\u00e8ncies i la Xarxa de PFI com a projectes d&#8217;innovaci\u00f3.<\/p>\n<p>Adjuntem l&#8217;informe em\u00e9s per Escola Nova 21 sobre els dos anys de la posada en funcionament de l&#8217;alian\u00e7a de centres educatius:<\/p>\n<p><a href=\"https:\/\/agora.xtec.cat\/iesmontbui\/wp-content\/uploads\/usu145\/2019\/04\/EN21-Dossier-2-anys.pdf\">EN21-Dossier-2-anys<\/a><\/p>\n","protected":false},"excerpt":{"rendered":"<p>L&#8217;Institut Montbui form\u00e0 part de la\u00a0 Xarxa- oest\u00a0 d&#8217;Escola Nova 21.\u00a0 El curs 2017-2018 vam comen\u00e7ar les trobades amb els centres d&#8217;aquesta xarxa amb els quals compartim l&#8217;actual\u00a0 proc\u00e8s de transformaci\u00f3\u00a0 educativa. Actualment el centre participa de la Xarxa de Transformaci\u00f3 Educativa, la Xarxa de&hellip;  <a href=\"https:\/\/agora.xtec.cat\/iesmontbui\/activitats\/projectes\/escola-nova-xxi\/\" title=\"Read Transformaci\u00f3 educativa\">Llegeix m\u00e9s\u00bb<\/a><\/p>\n","protected":false},"author":1,"featured_media":0,"parent":489,"menu_order":0,"comment_status":"closed","ping_status":"closed","template":"","meta":{"_bbp_topic_count":0,"_bbp_reply_count":0,"_bbp_total_topic_count":0,"_bbp_total_reply_count":0,"_bbp_voice_count":0,"_bbp_anonymous_reply_count":0,"_bbp_topic_count_hidden":0,"_bbp_reply_count_hidden":0,"_bbp_forum_subforum_count":0,"footnotes":""},"class_list":["post-3166","page","type-page","status-publish","hentry"],"post_mailing_queue_ids":[],"_links":{"self":[{"href":"https:\/\/agora.xtec.cat\/iesmontbui\/wp-json\/wp\/v2\/pages\/3166","targetHints":{"allow":["GET"]}}],"collection":[{"href":"https:\/\/agora.xtec.cat\/iesmontbui\/wp-json\/wp\/v2\/pages"}],"about":[{"href":"https:\/\/agora.xtec.cat\/iesmontbui\/wp-json\/wp\/v2\/types\/page"}],"author":[{"embeddable":true,"href":"https:\/\/agora.xtec.cat\/iesmontbui\/wp-json\/wp\/v2\/users\/1"}],"replies":[{"embeddable":true,"href":"https:\/\/agora.xtec.cat\/iesmontbui\/wp-json\/wp\/v2\/comments?post=3166"}],"version-history":[{"count":5,"href":"https:\/\/agora.xtec.cat\/iesmontbui\/wp-json\/wp\/v2\/pages\/3166\/revisions"}],"predecessor-version":[{"id":11297,"href":"https:\/\/agora.xtec.cat\/iesmontbui\/wp-json\/wp\/v2\/pages\/3166\/revisions\/11297"}],"up":[{"embeddable":true,"href":"https:\/\/agora.xtec.cat\/iesmontbui\/wp-json\/wp\/v2\/pages\/489"}],"wp:attachment":[{"href":"https:\/\/agora.xtec.cat\/iesmontbui\/wp-json\/wp\/v2\/media?parent=3166"}],"curies":[{"name":"wp","href":"https:\/\/api.w.org\/{rel}","templated":true}]}}

Transformació educativa

<p>L&#8217;Institut Montbui formà part de la  Xarxa- oest  d&#8217;Escola Nova 21.  El curs 2017-2018 vam començar les trobades amb els centres d&#8217;aquesta xarxa amb els quals compartim l&#8217;actual  procès de transformació  educativa. Actualment el centre participa de la Xarxa de Transformació Educativa, la Xarxa de Competències i la Xarxa de PFI com a projectes d&#8217;innovació.</p>
<p>Adjuntem l&#8217;informe emés per Escola Nova 21 sobre els dos anys de la posada en funcionament de l&#8217;aliança de centres educatius:</p>
<p><a href="https://agora.xtec.cat/iesmontbui/wp-content/uploads/usu145/2019/04/EN21-Dossier-2-anys.pdf">EN21-Dossier-2-anys</a></p>

<p>L&#8217;Institut Montbui formà part de la  Xarxa- oest  d&#8217;Escola Nova 21.  El curs 2017-2018 vam començar les trobades amb els centres d&#8217;aquesta xarxa amb els quals compartim l&#8217;actual  procès de transformació  educativa. Actualment el centre participa de la Xarxa de Transformació Educativa, la Xarxa de&hellip;  <a href="https://agora.xtec.cat/iesmontbui/activitats/projectes/escola-nova-xxi/" title="Read Transformació educativa">Llegeix més»</a></p>
