{"id":2776,"date":"2018-11-13T13:11:54","date_gmt":"2018-11-13T12:11:54","guid":{"rendered":"http:\/\/agora.xtec.cat\/iesmontbui\/?page_id=2776"},"modified":"2018-11-13T13:12:17","modified_gmt":"2018-11-13T12:12:17","slug":"avancem","status":"publish","type":"page","link":"https:\/\/agora.xtec.cat\/iesmontbui\/activitats\/projectes\/plurilinguisme\/avancem\/","title":{"rendered":"AVANCEM: Ensenyament i Aprenentatge Integrat de les Lleng\u00fces"},"content":{"rendered":"<p>El programa d\u2019innovaci\u00f3 pedag\u00f2gica del Departament d\u2019Ensenyament Avancem: Ensenyament i Aprenentatge integrat de les lleng\u00fces t\u00e9 com a finalitat dotar el nostre alumnat d\u2019una compet\u00e8ncia pluriling\u00fce s\u00f2lida que afavoreixi\u00a0 el seu creixement acad\u00e8mic i posterior inserci\u00f3 laboral. D\u2019altra banda, fomenta un ensenyament de les lleng\u00fces competencial, que parteixi del consens i la cooperaci\u00f3 entre el professorat de llengua i que promogui el disseny de projectes d\u2019aula en qu\u00e8 participen diverses lleng\u00fces.<\/p>\n<p><img loading=\"lazy\" decoding=\"async\" class=\"aligncenter\" src=\"http:\/\/agora.xtec.cat\/institutcanplanas\/wp-content\/uploads\/usu510\/2017\/11\/avancem1.jpeg\" alt=\"Resultat d'imatges de avancem xtec\" width=\"441\" height=\"260\" \/><\/p>\n","protected":false},"excerpt":{"rendered":"<p>El programa d\u2019innovaci\u00f3 pedag\u00f2gica del Departament d\u2019Ensenyament Avancem: Ensenyament i Aprenentatge integrat de les lleng\u00fces t\u00e9 com a finalitat dotar el nostre alumnat d\u2019una compet\u00e8ncia pluriling\u00fce s\u00f2lida que afavoreixi\u00a0 el seu creixement acad\u00e8mic i posterior inserci\u00f3 laboral. D\u2019altra banda, fomenta un ensenyament de les lleng\u00fces&hellip;  <a href=\"https:\/\/agora.xtec.cat\/iesmontbui\/activitats\/projectes\/plurilinguisme\/avancem\/\" title=\"Read AVANCEM: Ensenyament i Aprenentatge Integrat de les Lleng\u00fces\">Llegeix m\u00e9s\u00bb<\/a><\/p>\n","protected":false},"author":1,"featured_media":0,"parent":2766,"menu_order":0,"comment_status":"closed","ping_status":"closed","template":"","meta":{"_bbp_topic_count":0,"_bbp_reply_count":0,"_bbp_total_topic_count":0,"_bbp_total_reply_count":0,"_bbp_voice_count":0,"_bbp_anonymous_reply_count":0,"_bbp_topic_count_hidden":0,"_bbp_reply_count_hidden":0,"_bbp_forum_subforum_count":0,"footnotes":""},"class_list":["post-2776","page","type-page","status-publish","hentry"],"post_mailing_queue_ids":[],"_links":{"self":[{"href":"https:\/\/agora.xtec.cat\/iesmontbui\/wp-json\/wp\/v2\/pages\/2776","targetHints":{"allow":["GET"]}}],"collection":[{"href":"https:\/\/agora.xtec.cat\/iesmontbui\/wp-json\/wp\/v2\/pages"}],"about":[{"href":"https:\/\/agora.xtec.cat\/iesmontbui\/wp-json\/wp\/v2\/types\/page"}],"author":[{"embeddable":true,"href":"https:\/\/agora.xtec.cat\/iesmontbui\/wp-json\/wp\/v2\/users\/1"}],"replies":[{"embeddable":true,"href":"https:\/\/agora.xtec.cat\/iesmontbui\/wp-json\/wp\/v2\/comments?post=2776"}],"version-history":[{"count":1,"href":"https:\/\/agora.xtec.cat\/iesmontbui\/wp-json\/wp\/v2\/pages\/2776\/revisions"}],"predecessor-version":[{"id":2777,"href":"https:\/\/agora.xtec.cat\/iesmontbui\/wp-json\/wp\/v2\/pages\/2776\/revisions\/2777"}],"up":[{"embeddable":true,"href":"https:\/\/agora.xtec.cat\/iesmontbui\/wp-json\/wp\/v2\/pages\/2766"}],"wp:attachment":[{"href":"https:\/\/agora.xtec.cat\/iesmontbui\/wp-json\/wp\/v2\/media?parent=2776"}],"curies":[{"name":"wp","href":"https:\/\/api.w.org\/{rel}","templated":true}]}}

AVANCEM: Ensenyament i Aprenentatge Integrat de les Llengües

<p>El programa d’innovació pedagògica del Departament d’Ensenyament Avancem: Ensenyament i Aprenentatge integrat de les llengües té com a finalitat dotar el nostre alumnat d’una competència plurilingüe sòlida que afavoreixi  el seu creixement acadèmic i posterior inserció laboral. D’altra banda, fomenta un ensenyament de les llengües competencial, que parteixi del consens i la cooperació entre el professorat de llengua i que promogui el disseny de projectes d’aula en què participen diverses llengües.</p>
<p><img loading="lazy" decoding="async" class="aligncenter" src="http://agora.xtec.cat/institutcanplanas/wp-content/uploads/usu510/2017/11/avancem1.jpeg" alt="Resultat d'imatges de avancem xtec" width="441" height="260" /></p>

<p>El programa d’innovació pedagògica del Departament d’Ensenyament Avancem: Ensenyament i Aprenentatge integrat de les llengües té com a finalitat dotar el nostre alumnat d’una competència plurilingüe sòlida que afavoreixi  el seu creixement acadèmic i posterior inserció laboral. D’altra banda, fomenta un ensenyament de les llengües&hellip;  <a href="https://agora.xtec.cat/iesmontbui/activitats/projectes/plurilinguisme/avancem/" title="Read AVANCEM: Ensenyament i Aprenentatge Integrat de les Llengües">Llegeix més»</a></p>
