{"id":2773,"date":"2018-11-13T13:08:43","date_gmt":"2018-11-13T12:08:43","guid":{"rendered":"http:\/\/agora.xtec.cat\/iesmontbui\/?page_id=2773"},"modified":"2020-02-17T10:54:34","modified_gmt":"2020-02-17T09:54:34","slug":"gep","status":"publish","type":"page","link":"https:\/\/agora.xtec.cat\/iesmontbui\/activitats\/projectes\/plurilinguisme\/gep\/","title":{"rendered":"GEP: Generaci\u00f3 Pluriling\u00fce"},"content":{"rendered":"<p><img loading=\"lazy\" decoding=\"async\" class=\"alignright\" src=\"http:\/\/agora.xtec.cat\/ceip-torrojaimiret\/wp-content\/uploads\/usu1688\/2018\/03\/news.004-1024x768.jpeg\" alt=\"\" width=\"286\" height=\"215\" \/><\/p>\n<p>El curs 2018-19 l&#8217;Institut Montbui ha entrat en el programa\u00a0d\u2019innovaci\u00f3 pedag\u00f2gica\u00a0<strong>Generaci\u00f3 Pluriling\u00fce (GEP)<\/strong>. La finalitat d\u2019aquest programa \u00e9s millorar la compet\u00e8ncia en lleng\u00fces estrangeres de l\u2019alumnat, afavorint el seu creixement acad\u00e8mic i posterior inserci\u00f3 laboral, i capacitant-lo per interactuar amb el m\u00f3n en diverses lleng\u00fces i de manera cr\u00edtica.<\/p>\n<p>Les accions del programa GEP s\u2019orienten, d\u2019una banda, a incrementar el temps d\u2019exposici\u00f3 de l\u2019alumnat a les lleng\u00fces estrangeres curriculars i, d\u2019una altra, refarmar el desplegament i consolidaci\u00f3 d\u2019un projecte ling\u00fc\u00edstic pluriling\u00fce propi.<\/p>\n<p><a href=\"https:\/\/sites.google.com\/imontbui.org\/gep-institutmontbui\/home\">https:\/\/sites.google.com\/imontbui.org\/gep-institutmontbui\/home<\/a><\/p>\n","protected":false},"excerpt":{"rendered":"<p>El curs 2018-19 l&#8217;Institut Montbui ha entrat en el programa\u00a0d\u2019innovaci\u00f3 pedag\u00f2gica\u00a0Generaci\u00f3 Pluriling\u00fce (GEP). La finalitat d\u2019aquest programa \u00e9s millorar la compet\u00e8ncia en lleng\u00fces estrangeres de l\u2019alumnat, afavorint el seu creixement acad\u00e8mic i posterior inserci\u00f3 laboral, i capacitant-lo per interactuar amb el m\u00f3n en diverses lleng\u00fces&hellip;  <a href=\"https:\/\/agora.xtec.cat\/iesmontbui\/activitats\/projectes\/plurilinguisme\/gep\/\" title=\"Read GEP: Generaci\u00f3 Pluriling\u00fce\">Llegeix m\u00e9s\u00bb<\/a><\/p>\n","protected":false},"author":1,"featured_media":0,"parent":2766,"menu_order":0,"comment_status":"closed","ping_status":"closed","template":"","meta":{"_bbp_topic_count":0,"_bbp_reply_count":0,"_bbp_total_topic_count":0,"_bbp_total_reply_count":0,"_bbp_voice_count":0,"_bbp_anonymous_reply_count":0,"_bbp_topic_count_hidden":0,"_bbp_reply_count_hidden":0,"_bbp_forum_subforum_count":0,"footnotes":""},"class_list":["post-2773","page","type-page","status-publish","hentry"],"post_mailing_queue_ids":[],"_links":{"self":[{"href":"https:\/\/agora.xtec.cat\/iesmontbui\/wp-json\/wp\/v2\/pages\/2773","targetHints":{"allow":["GET"]}}],"collection":[{"href":"https:\/\/agora.xtec.cat\/iesmontbui\/wp-json\/wp\/v2\/pages"}],"about":[{"href":"https:\/\/agora.xtec.cat\/iesmontbui\/wp-json\/wp\/v2\/types\/page"}],"author":[{"embeddable":true,"href":"https:\/\/agora.xtec.cat\/iesmontbui\/wp-json\/wp\/v2\/users\/1"}],"replies":[{"embeddable":true,"href":"https:\/\/agora.xtec.cat\/iesmontbui\/wp-json\/wp\/v2\/comments?post=2773"}],"version-history":[{"count":3,"href":"https:\/\/agora.xtec.cat\/iesmontbui\/wp-json\/wp\/v2\/pages\/2773\/revisions"}],"predecessor-version":[{"id":4272,"href":"https:\/\/agora.xtec.cat\/iesmontbui\/wp-json\/wp\/v2\/pages\/2773\/revisions\/4272"}],"up":[{"embeddable":true,"href":"https:\/\/agora.xtec.cat\/iesmontbui\/wp-json\/wp\/v2\/pages\/2766"}],"wp:attachment":[{"href":"https:\/\/agora.xtec.cat\/iesmontbui\/wp-json\/wp\/v2\/media?parent=2773"}],"curies":[{"name":"wp","href":"https:\/\/api.w.org\/{rel}","templated":true}]}}

GEP: Generació Plurilingüe

<p><img loading="lazy" decoding="async" class="alignright" src="http://agora.xtec.cat/ceip-torrojaimiret/wp-content/uploads/usu1688/2018/03/news.004-1024x768.jpeg" alt="" width="286" height="215" /></p>
<p>El curs 2018-19 l&#8217;Institut Montbui ha entrat en el programa d’innovació pedagògica <strong>Generació Plurilingüe (GEP)</strong>. La finalitat d’aquest programa és millorar la competència en llengües estrangeres de l’alumnat, afavorint el seu creixement acadèmic i posterior inserció laboral, i capacitant-lo per interactuar amb el món en diverses llengües i de manera crítica.</p>
<p>Les accions del programa GEP s’orienten, d’una banda, a incrementar el temps d’exposició de l’alumnat a les llengües estrangeres curriculars i, d’una altra, refarmar el desplegament i consolidació d’un projecte lingüístic plurilingüe propi.</p>
<p><a href="https://sites.google.com/imontbui.org/gep-institutmontbui/home">https://sites.google.com/imontbui.org/gep-institutmontbui/home</a></p>

<p>El curs 2018-19 l&#8217;Institut Montbui ha entrat en el programa d’innovació pedagògica Generació Plurilingüe (GEP). La finalitat d’aquest programa és millorar la competència en llengües estrangeres de l’alumnat, afavorint el seu creixement acadèmic i posterior inserció laboral, i capacitant-lo per interactuar amb el món en diverses llengües&hellip;  <a href="https://agora.xtec.cat/iesmontbui/activitats/projectes/plurilinguisme/gep/" title="Read GEP: Generació Plurilingüe">Llegeix més»</a></p>
