{"id":2766,"date":"2018-11-13T11:13:39","date_gmt":"2018-11-13T10:13:39","guid":{"rendered":"http:\/\/agora.xtec.cat\/iesmontbui\/?page_id=2766"},"modified":"2021-03-06T22:31:54","modified_gmt":"2021-03-06T21:31:54","slug":"plurilinguisme","status":"publish","type":"page","link":"https:\/\/agora.xtec.cat\/iesmontbui\/activitats\/projectes\/plurilinguisme\/","title":{"rendered":"Pluriling\u00fcisme"},"content":{"rendered":"<p><a href=\"https:\/\/agora.xtec.cat\/iesmontbui\/wp-content\/uploads\/usu145\/2020\/05\/marc.jpg\"><img loading=\"lazy\" decoding=\"async\" class=\"size-full wp-image-4900 aligncenter\" src=\"https:\/\/agora.xtec.cat\/iesmontbui\/wp-content\/uploads\/usu145\/2020\/05\/marc.jpg\" alt=\"\" width=\"704\" height=\"95\" srcset=\"https:\/\/agora.xtec.cat\/iesmontbui\/wp-content\/uploads\/usu145\/2020\/05\/marc.jpg 704w, https:\/\/agora.xtec.cat\/iesmontbui\/wp-content\/uploads\/usu145\/2020\/05\/marc-300x40.jpg 300w\" sizes=\"auto, (max-width: 704px) 100vw, 704px\" \/><\/a><\/p>\n<p>Des dels seus or\u00edgens, l&#8217;Institut Montbui ha apostat per l&#8217;aprenentatge i la millora d&#8217;idiomes, des del catal\u00e0 al castell\u00e0, fins a l&#8217;angl\u00e9s i el franc\u00e9s, recolzant alhora les m\u00faltiples lleng\u00fces presents en els alumnes del centre.<\/p>\n<p>A l&#8217;actualitat, l&#8217;Institut Montbui segueix apostant pels idiomes, des d&#8217;una perspectiva d&#8217;un model pluriling\u00fcista del dia a dia el centre. Per aix\u00f2, continuem duent a terme projectes com els intercanvis amb Fran\u00e7a i Alemanya i l&#8217;Erasmus+, i reforcem l&#8217;aposta amb la incorporaci\u00f3 de nous projectes com\u00a0 el GEP i l&#8217;Avancem.<\/p>\n<p>Si vols m\u00e9s informaci\u00f3, consulta clicant sobre el nom del projecte:<\/p>\n<ul>\n<li style=\"list-style-type: none;\">\n<ul>\n<li><a href=\"https:\/\/drive.google.com\/file\/d\/1KzZQpM42J_cv8JeoIQCgwqi70HUta6Vm\/view?usp=sharing\" target=\"_blank\" rel=\"noopener noreferrer\">Projecte Ling\u00fc\u00edstic de Centre (PLC)<\/a><\/li>\n<li><a href=\"https:\/\/agora.xtec.cat\/iesmontbui\/activitats\/projectes\/plurilinguisme\/gep\/\">GEP: Generaci\u00f3 Pluriling\u00fce<\/a><\/li>\n<li><a href=\"https:\/\/agora.xtec.cat\/iesmontbui\/activitats\/projectes\/plurilinguisme\/avancem\/\">Avancem: Ensenyament i aprenentatge integrat de les lleng\u00fces<\/a><\/li>\n<li><a href=\"https:\/\/agora.xtec.cat\/iesmontbui\/categoria\/intercanvi\/\">Intercanvi amb Fran\u00e7a<\/a><\/li>\n<li><a href=\"https:\/\/agora.xtec.cat\/iesmontbui\/categoria\/intercanvi\/\">Intercanvi amb Alemanya<\/a><\/li>\n<li><a href=\"https:\/\/agora.xtec.cat\/iesmontbui\/activitats\/projectes\/plurilinguisme\/erasmus\/\">Erasmus +<\/a><\/li>\n<li><a href=\"https:\/\/agora.xtec.cat\/iesmontbui\/activitats\/projectes\/plurilinguisme\/projectes-clil-aicle\/\">Projectes Clil-Aicle<\/a><\/li>\n<\/ul>\n<\/li>\n<\/ul>\n","protected":false},"excerpt":{"rendered":"<p><a href=\"https:\/\/agora.xtec.cat\/iesmontbui\/wp-content\/uploads\/usu145\/2020\/05\/marc.jpg\"><\/a><br \/>\nDes dels seus or\u00edgens, l&#8217;Institut Montbui ha apostat per l&#8217;aprenentatge i la millora d&#8217;idiomes, des del catal\u00e0 al castell\u00e0, fins a l&#8217;angl\u00e9s i el franc\u00e9s, recolzant alhora les m\u00faltiples lleng\u00fces presents en els alumnes del centre.<br \/>\nA l&#8217;actualitat, l&#8217;Institut Montbui segueix apostant pels idiomes, des&hellip;  <a href=\"https:\/\/agora.xtec.cat\/iesmontbui\/activitats\/projectes\/plurilinguisme\/\" title=\"Read Pluriling\u00fcisme\">Llegeix m\u00e9s\u00bb<\/a><\/p>\n","protected":false},"author":1,"featured_media":0,"parent":489,"menu_order":0,"comment_status":"closed","ping_status":"closed","template":"","meta":{"_bbp_topic_count":0,"_bbp_reply_count":0,"_bbp_total_topic_count":0,"_bbp_total_reply_count":0,"_bbp_voice_count":0,"_bbp_anonymous_reply_count":0,"_bbp_topic_count_hidden":0,"_bbp_reply_count_hidden":0,"_bbp_forum_subforum_count":0,"footnotes":""},"class_list":["post-2766","page","type-page","status-publish","hentry"],"post_mailing_queue_ids":[],"_links":{"self":[{"href":"https:\/\/agora.xtec.cat\/iesmontbui\/wp-json\/wp\/v2\/pages\/2766","targetHints":{"allow":["GET"]}}],"collection":[{"href":"https:\/\/agora.xtec.cat\/iesmontbui\/wp-json\/wp\/v2\/pages"}],"about":[{"href":"https:\/\/agora.xtec.cat\/iesmontbui\/wp-json\/wp\/v2\/types\/page"}],"author":[{"embeddable":true,"href":"https:\/\/agora.xtec.cat\/iesmontbui\/wp-json\/wp\/v2\/users\/1"}],"replies":[{"embeddable":true,"href":"https:\/\/agora.xtec.cat\/iesmontbui\/wp-json\/wp\/v2\/comments?post=2766"}],"version-history":[{"count":4,"href":"https:\/\/agora.xtec.cat\/iesmontbui\/wp-json\/wp\/v2\/pages\/2766\/revisions"}],"predecessor-version":[{"id":5907,"href":"https:\/\/agora.xtec.cat\/iesmontbui\/wp-json\/wp\/v2\/pages\/2766\/revisions\/5907"}],"up":[{"embeddable":true,"href":"https:\/\/agora.xtec.cat\/iesmontbui\/wp-json\/wp\/v2\/pages\/489"}],"wp:attachment":[{"href":"https:\/\/agora.xtec.cat\/iesmontbui\/wp-json\/wp\/v2\/media?parent=2766"}],"curies":[{"name":"wp","href":"https:\/\/api.w.org\/{rel}","templated":true}]}}

Plurilingüisme

<p><a href="https://agora.xtec.cat/iesmontbui/wp-content/uploads/usu145/2020/05/marc.jpg"><img loading="lazy" decoding="async" class="size-full wp-image-4900 aligncenter" src="https://agora.xtec.cat/iesmontbui/wp-content/uploads/usu145/2020/05/marc.jpg" alt="" width="704" height="95" srcset="https://agora.xtec.cat/iesmontbui/wp-content/uploads/usu145/2020/05/marc.jpg 704w, https://agora.xtec.cat/iesmontbui/wp-content/uploads/usu145/2020/05/marc-300x40.jpg 300w" sizes="auto, (max-width: 704px) 100vw, 704px" /></a></p>
<p>Des dels seus orígens, l&#8217;Institut Montbui ha apostat per l&#8217;aprenentatge i la millora d&#8217;idiomes, des del català al castellà, fins a l&#8217;anglés i el francés, recolzant alhora les múltiples llengües presents en els alumnes del centre.</p>
<p>A l&#8217;actualitat, l&#8217;Institut Montbui segueix apostant pels idiomes, des d&#8217;una perspectiva d&#8217;un model plurilingüista del dia a dia el centre. Per això, continuem duent a terme projectes com els intercanvis amb França i Alemanya i l&#8217;Erasmus+, i reforcem l&#8217;aposta amb la incorporació de nous projectes com  el GEP i l&#8217;Avancem.</p>
<p>Si vols més informació, consulta clicant sobre el nom del projecte:</p>
<ul>
<li style="list-style-type: none;">
<ul>
<li><a href="https://drive.google.com/file/d/1KzZQpM42J_cv8JeoIQCgwqi70HUta6Vm/view?usp=sharing" target="_blank" rel="noopener noreferrer">Projecte Lingüístic de Centre (PLC)</a></li>
<li><a href="https://agora.xtec.cat/iesmontbui/activitats/projectes/plurilinguisme/gep/">GEP: Generació Plurilingüe</a></li>
<li><a href="https://agora.xtec.cat/iesmontbui/activitats/projectes/plurilinguisme/avancem/">Avancem: Ensenyament i aprenentatge integrat de les llengües</a></li>
<li><a href="https://agora.xtec.cat/iesmontbui/categoria/intercanvi/">Intercanvi amb França</a></li>
<li><a href="https://agora.xtec.cat/iesmontbui/categoria/intercanvi/">Intercanvi amb Alemanya</a></li>
<li><a href="https://agora.xtec.cat/iesmontbui/activitats/projectes/plurilinguisme/erasmus/">Erasmus +</a></li>
<li><a href="https://agora.xtec.cat/iesmontbui/activitats/projectes/plurilinguisme/projectes-clil-aicle/">Projectes Clil-Aicle</a></li>
</ul>
</li>
</ul>

<p><a href="https://agora.xtec.cat/iesmontbui/wp-content/uploads/usu145/2020/05/marc.jpg"></a><br />
Des dels seus orígens, l&#8217;Institut Montbui ha apostat per l&#8217;aprenentatge i la millora d&#8217;idiomes, des del català al castellà, fins a l&#8217;anglés i el francés, recolzant alhora les múltiples llengües presents en els alumnes del centre.<br />
A l&#8217;actualitat, l&#8217;Institut Montbui segueix apostant pels idiomes, des&hellip;  <a href="https://agora.xtec.cat/iesmontbui/activitats/projectes/plurilinguisme/" title="Read Plurilingüisme">Llegeix més»</a></p>
