{"id":27,"date":"2014-09-17T16:24:03","date_gmt":"2014-09-17T14:24:03","guid":{"rendered":"http:\/\/agora.xtec.cat\/iesmontbui\/?page_id=27"},"modified":"2023-02-27T18:20:50","modified_gmt":"2023-02-27T17:20:50","slug":"historia","status":"publish","type":"page","link":"https:\/\/agora.xtec.cat\/iesmontbui\/linstitut\/historia\/","title":{"rendered":"Presentaci\u00f3"},"content":{"rendered":"<p><a href=\"https:\/\/agora.xtec.cat\/iesmontbui\/wp-content\/uploads\/usu145\/2019\/08\/IMG-20190323-WA0004.jpg\"><img loading=\"lazy\" decoding=\"async\" class=\"wp-image-3430 alignleft\" src=\"https:\/\/agora.xtec.cat\/iesmontbui\/wp-content\/uploads\/usu145\/2019\/08\/IMG-20190323-WA0004-1024x768.jpg\" alt=\"\" width=\"261\" height=\"196\" srcset=\"https:\/\/agora.xtec.cat\/iesmontbui\/wp-content\/uploads\/usu145\/2019\/08\/IMG-20190323-WA0004-1024x768.jpg 1024w, https:\/\/agora.xtec.cat\/iesmontbui\/wp-content\/uploads\/usu145\/2019\/08\/IMG-20190323-WA0004-300x225.jpg 300w, https:\/\/agora.xtec.cat\/iesmontbui\/wp-content\/uploads\/usu145\/2019\/08\/IMG-20190323-WA0004-768x576.jpg 768w, https:\/\/agora.xtec.cat\/iesmontbui\/wp-content\/uploads\/usu145\/2019\/08\/IMG-20190323-WA0004-200x150.jpg 200w, https:\/\/agora.xtec.cat\/iesmontbui\/wp-content\/uploads\/usu145\/2019\/08\/IMG-20190323-WA0004.jpg 1600w\" sizes=\"auto, (max-width: 261px) 100vw, 261px\" \/><\/a><\/p>\n<p style=\"text-align: justify;\">Benvinguts i benvingudes al nostre web i al nou curs escolar.<br \/>\nUn any m\u00e9s iniciem la feina amb il\u00b7lusi\u00f3 i bons prop\u00f2sits de millora i d\u2019\u00e8xit personal i col\u00b7lectiu.<\/p>\n<p style=\"text-align: justify;\">Donem una salutaci\u00f3 molt cordial a tot l\u2019alumnat de continu\u00eftat en el centre i a les seves fam\u00edlies.\u00a0 Donem una c\u00e0lida benvinguda a tot l\u2019alumnat de nova incorporaci\u00f3 al centre en els cursos d\u2019ESO, de Batxillerat i de Programes de Formaci\u00f3 i Inserci\u00f3 (Auxiliar en Serveis Administratius) i a les seves fam\u00edlies. Desitgem que us trobeu a gust en el centre i que plegats, cadascun des del seu comprom\u00eds, puguem contribuir a assolir amb \u00e8xit els ensenyaments obligatori i postobligatori.<\/p>\n<p style=\"text-align: justify;\">Aquest curs continuarem amb la jornada continuada que ens permet distribuir l\u2019horari en franges de dues hores i esmorzar, dues hores m\u00e9s i fer un petit refrigeri, acabant el mat\u00ed amb dues hores m\u00e9s i cap a dinar. A la tarda, l\u2019Associaci\u00f3 Esportiva Escolar ofereix un grapat d\u2019activitats esportives molt variades, i tamb\u00e9, organitzades des del mateix centre, el nostre alumnat pot gaudir d&#8217;unes hores d&#8217;estudi assistit i d&#8217;altres activitats extraescolars de car\u00e0cter art\u00edstic (teatre, guitarra, viol\u00ed&#8230;).<\/p>\n<p style=\"text-align: justify;\">Enguany seguirem donant continu\u00eftat als intercanvis en llengua anglesa i francesa i altres programes que contribueixen a millorar els resultats educatius del nostre alumnat, a crear un bon clima de conviv\u00e8ncia i treball col\u00b7laboratiu entre el centre, les fam\u00edlies i el municipi, tamb\u00e9, a fer de l\u2019Institut Montbui un espai de formaci\u00f3 personal i acad\u00e8mica en el qual imperen els valors del respecte a la persona i a les normes, el di\u00e0leg, l\u2019esfor\u00e7 i la superaci\u00f3, l\u2019equip, el respecte al medi ambient i l\u2019obertura a l\u2019exterior, entre altres.<\/p>\n<p style=\"text-align: justify;\">Aquest curs continuarem fent un reconeixement als millors expedients acad\u00e8mics de l\u2019etapa d\u2019ESO i de l\u2019etapa de Batxillerat i un altre reconeixement a l\u2019alumnat que ha destacat en l\u2019esfor\u00e7 i la const\u00e0ncia.<\/p>\n<p style=\"text-align: justify;\">Desitgem que plegats gaudim d\u2019un bon curs escolar amb els prop\u00f2sits de millora i superaci\u00f3 que les circumst\u00e0ncies actuals ens exigeixen.<br \/>\nEndavant amb entusiasme!!!<\/p>\n","protected":false},"excerpt":{"rendered":"<p><a href=\"https:\/\/agora.xtec.cat\/iesmontbui\/wp-content\/uploads\/usu145\/2019\/08\/IMG-20190323-WA0004.jpg\"><\/a><br \/>\nBenvinguts i benvingudes al nostre web i al nou curs escolar.<br \/>\nUn any m\u00e9s iniciem la feina amb il\u00b7lusi\u00f3 i bons prop\u00f2sits de millora i d\u2019\u00e8xit personal i col\u00b7lectiu.<br \/>\nDonem una salutaci\u00f3 molt cordial a tot l\u2019alumnat de continu\u00eftat en el centre i a les seves&hellip;  <a href=\"https:\/\/agora.xtec.cat\/iesmontbui\/linstitut\/historia\/\" title=\"Read Presentaci\u00f3\">Llegeix m\u00e9s\u00bb<\/a><\/p>\n","protected":false},"author":1,"featured_media":0,"parent":19,"menu_order":1,"comment_status":"closed","ping_status":"closed","template":"page-templates\/side-menu.php","meta":{"_bbp_topic_count":0,"_bbp_reply_count":0,"_bbp_total_topic_count":0,"_bbp_total_reply_count":0,"_bbp_voice_count":0,"_bbp_anonymous_reply_count":0,"_bbp_topic_count_hidden":0,"_bbp_reply_count_hidden":0,"_bbp_forum_subforum_count":0,"footnotes":""},"class_list":["post-27","page","type-page","status-publish","hentry"],"post_mailing_queue_ids":[],"_links":{"self":[{"href":"https:\/\/agora.xtec.cat\/iesmontbui\/wp-json\/wp\/v2\/pages\/27","targetHints":{"allow":["GET"]}}],"collection":[{"href":"https:\/\/agora.xtec.cat\/iesmontbui\/wp-json\/wp\/v2\/pages"}],"about":[{"href":"https:\/\/agora.xtec.cat\/iesmontbui\/wp-json\/wp\/v2\/types\/page"}],"author":[{"embeddable":true,"href":"https:\/\/agora.xtec.cat\/iesmontbui\/wp-json\/wp\/v2\/users\/1"}],"replies":[{"embeddable":true,"href":"https:\/\/agora.xtec.cat\/iesmontbui\/wp-json\/wp\/v2\/comments?post=27"}],"version-history":[{"count":5,"href":"https:\/\/agora.xtec.cat\/iesmontbui\/wp-json\/wp\/v2\/pages\/27\/revisions"}],"predecessor-version":[{"id":8181,"href":"https:\/\/agora.xtec.cat\/iesmontbui\/wp-json\/wp\/v2\/pages\/27\/revisions\/8181"}],"up":[{"embeddable":true,"href":"https:\/\/agora.xtec.cat\/iesmontbui\/wp-json\/wp\/v2\/pages\/19"}],"wp:attachment":[{"href":"https:\/\/agora.xtec.cat\/iesmontbui\/wp-json\/wp\/v2\/media?parent=27"}],"curies":[{"name":"wp","href":"https:\/\/api.w.org\/{rel}","templated":true}]}}

Presentació

<p><a href="https://agora.xtec.cat/iesmontbui/wp-content/uploads/usu145/2019/08/IMG-20190323-WA0004.jpg"><img loading="lazy" decoding="async" class="wp-image-3430 alignleft" src="https://agora.xtec.cat/iesmontbui/wp-content/uploads/usu145/2019/08/IMG-20190323-WA0004-1024x768.jpg" alt="" width="261" height="196" srcset="https://agora.xtec.cat/iesmontbui/wp-content/uploads/usu145/2019/08/IMG-20190323-WA0004-1024x768.jpg 1024w, https://agora.xtec.cat/iesmontbui/wp-content/uploads/usu145/2019/08/IMG-20190323-WA0004-300x225.jpg 300w, https://agora.xtec.cat/iesmontbui/wp-content/uploads/usu145/2019/08/IMG-20190323-WA0004-768x576.jpg 768w, https://agora.xtec.cat/iesmontbui/wp-content/uploads/usu145/2019/08/IMG-20190323-WA0004-200x150.jpg 200w, https://agora.xtec.cat/iesmontbui/wp-content/uploads/usu145/2019/08/IMG-20190323-WA0004.jpg 1600w" sizes="auto, (max-width: 261px) 100vw, 261px" /></a></p>
<p style="text-align: justify;">Benvinguts i benvingudes al nostre web i al nou curs escolar.<br />
Un any més iniciem la feina amb il·lusió i bons propòsits de millora i d’èxit personal i col·lectiu.</p>
<p style="text-align: justify;">Donem una salutació molt cordial a tot l’alumnat de continuïtat en el centre i a les seves famílies.  Donem una càlida benvinguda a tot l’alumnat de nova incorporació al centre en els cursos d’ESO, de Batxillerat i de Programes de Formació i Inserció (Auxiliar en Serveis Administratius) i a les seves famílies. Desitgem que us trobeu a gust en el centre i que plegats, cadascun des del seu compromís, puguem contribuir a assolir amb èxit els ensenyaments obligatori i postobligatori.</p>
<p style="text-align: justify;">Aquest curs continuarem amb la jornada continuada que ens permet distribuir l’horari en franges de dues hores i esmorzar, dues hores més i fer un petit refrigeri, acabant el matí amb dues hores més i cap a dinar. A la tarda, l’Associació Esportiva Escolar ofereix un grapat d’activitats esportives molt variades, i també, organitzades des del mateix centre, el nostre alumnat pot gaudir d&#8217;unes hores d&#8217;estudi assistit i d&#8217;altres activitats extraescolars de caràcter artístic (teatre, guitarra, violí&#8230;).</p>
<p style="text-align: justify;">Enguany seguirem donant continuïtat als intercanvis en llengua anglesa i francesa i altres programes que contribueixen a millorar els resultats educatius del nostre alumnat, a crear un bon clima de convivència i treball col·laboratiu entre el centre, les famílies i el municipi, també, a fer de l’Institut Montbui un espai de formació personal i acadèmica en el qual imperen els valors del respecte a la persona i a les normes, el diàleg, l’esforç i la superació, l’equip, el respecte al medi ambient i l’obertura a l’exterior, entre altres.</p>
<p style="text-align: justify;">Aquest curs continuarem fent un reconeixement als millors expedients acadèmics de l’etapa d’ESO i de l’etapa de Batxillerat i un altre reconeixement a l’alumnat que ha destacat en l’esforç i la constància.</p>
<p style="text-align: justify;">Desitgem que plegats gaudim d’un bon curs escolar amb els propòsits de millora i superació que les circumstàncies actuals ens exigeixen.<br />
Endavant amb entusiasme!!!</p>

<p><a href="https://agora.xtec.cat/iesmontbui/wp-content/uploads/usu145/2019/08/IMG-20190323-WA0004.jpg"></a><br />
Benvinguts i benvingudes al nostre web i al nou curs escolar.<br />
Un any més iniciem la feina amb il·lusió i bons propòsits de millora i d’èxit personal i col·lectiu.<br />
Donem una salutació molt cordial a tot l’alumnat de continuïtat en el centre i a les seves&hellip;  <a href="https://agora.xtec.cat/iesmontbui/linstitut/historia/" title="Read Presentació">Llegeix més»</a></p>
