{"id":2546,"date":"2018-06-13T10:48:16","date_gmt":"2018-06-13T08:48:16","guid":{"rendered":"http:\/\/agora.xtec.cat\/iesmontbui\/?page_id=2546"},"modified":"2021-03-06T13:22:49","modified_gmt":"2021-03-06T12:22:49","slug":"primaria-secundaria","status":"publish","type":"page","link":"https:\/\/agora.xtec.cat\/iesmontbui\/organitzacio-de-centre\/coordinacio-pedagogica\/primaria-secundaria\/","title":{"rendered":"Prim\u00e0ria-Secund\u00e0ria"},"content":{"rendered":"<p>La relaci\u00f3 entre les escoles del prim\u00e0ria i l&#8217;institut t\u00e9 un calendari d&#8217;actuacions, al llarg de tot el curs, que hem recollit en la mem\u00f2ria 2019 \u2013 2020.<\/p>\n<p><a href=\"https:\/\/agora.xtec.cat\/iesmontbui\/wp-content\/uploads\/usu145\/2019\/02\/FULL-SEGUIMENTPRIMARIA-SECUNDARIA-20182019.pdf\">FULL SEGUIMENT \u2013 PRIM\u00c0RIA\/SECUNDARIA<\/a><\/p>\n","protected":false},"excerpt":{"rendered":"<p>La relaci\u00f3 entre les escoles del prim\u00e0ria i l&#8217;institut t\u00e9 un calendari d&#8217;actuacions, al llarg de tot el curs, que hem recollit en la mem\u00f2ria 2019 \u2013 2020.<br \/>\n<a href=\"https:\/\/agora.xtec.cat\/iesmontbui\/wp-content\/uploads\/usu145\/2019\/02\/FULL-SEGUIMENTPRIMARIA-SECUNDARIA-20182019.pdf\">FULL SEGUIMENT \u2013 PRIM\u00c0RIA\/SECUNDARIA<\/a><\/p>\n","protected":false},"author":1,"featured_media":0,"parent":5890,"menu_order":0,"comment_status":"closed","ping_status":"closed","template":"page-templates\/side-menu.php","meta":{"_bbp_topic_count":0,"_bbp_reply_count":0,"_bbp_total_topic_count":0,"_bbp_total_reply_count":0,"_bbp_voice_count":0,"_bbp_anonymous_reply_count":0,"_bbp_topic_count_hidden":0,"_bbp_reply_count_hidden":0,"_bbp_forum_subforum_count":0,"footnotes":""},"class_list":["post-2546","page","type-page","status-publish","hentry"],"post_mailing_queue_ids":[],"_links":{"self":[{"href":"https:\/\/agora.xtec.cat\/iesmontbui\/wp-json\/wp\/v2\/pages\/2546","targetHints":{"allow":["GET"]}}],"collection":[{"href":"https:\/\/agora.xtec.cat\/iesmontbui\/wp-json\/wp\/v2\/pages"}],"about":[{"href":"https:\/\/agora.xtec.cat\/iesmontbui\/wp-json\/wp\/v2\/types\/page"}],"author":[{"embeddable":true,"href":"https:\/\/agora.xtec.cat\/iesmontbui\/wp-json\/wp\/v2\/users\/1"}],"replies":[{"embeddable":true,"href":"https:\/\/agora.xtec.cat\/iesmontbui\/wp-json\/wp\/v2\/comments?post=2546"}],"version-history":[{"count":3,"href":"https:\/\/agora.xtec.cat\/iesmontbui\/wp-json\/wp\/v2\/pages\/2546\/revisions"}],"predecessor-version":[{"id":3899,"href":"https:\/\/agora.xtec.cat\/iesmontbui\/wp-json\/wp\/v2\/pages\/2546\/revisions\/3899"}],"up":[{"embeddable":true,"href":"https:\/\/agora.xtec.cat\/iesmontbui\/wp-json\/wp\/v2\/pages\/5890"}],"wp:attachment":[{"href":"https:\/\/agora.xtec.cat\/iesmontbui\/wp-json\/wp\/v2\/media?parent=2546"}],"curies":[{"name":"wp","href":"https:\/\/api.w.org\/{rel}","templated":true}]}}

Primària-Secundària

<p>La relació entre les escoles del primària i l&#8217;institut té un calendari d&#8217;actuacions, al llarg de tot el curs, que hem recollit en la memòria 2019 – 2020.</p>
<p><a href="https://agora.xtec.cat/iesmontbui/wp-content/uploads/usu145/2019/02/FULL-SEGUIMENTPRIMARIA-SECUNDARIA-20182019.pdf">FULL SEGUIMENT – PRIMÀRIA/SECUNDARIA</a></p>

<p>La relació entre les escoles del primària i l&#8217;institut té un calendari d&#8217;actuacions, al llarg de tot el curs, que hem recollit en la memòria 2019 – 2020.<br />
<a href="https://agora.xtec.cat/iesmontbui/wp-content/uploads/usu145/2019/02/FULL-SEGUIMENTPRIMARIA-SECUNDARIA-20182019.pdf">FULL SEGUIMENT – PRIMÀRIA/SECUNDARIA</a></p>
