{"id":2544,"date":"2018-06-13T10:47:22","date_gmt":"2018-06-13T08:47:22","guid":{"rendered":"http:\/\/agora.xtec.cat\/iesmontbui\/?page_id=2544"},"modified":"2025-04-14T20:37:47","modified_gmt":"2025-04-14T18:37:47","slug":"families","status":"publish","type":"page","link":"https:\/\/agora.xtec.cat\/iesmontbui\/organs-de-centre\/families\/","title":{"rendered":"Fam\u00edlies"},"content":{"rendered":"<p>Les fam\u00edlies s\u00f3n un pilar fonamental en el proc\u00e9s d&#8217;aprenentage dels seus fills i filles, per aix\u00f2 valorem la seva implicaci\u00f3 a trav\u00e9s dels diferents \u00f2rgans de participaci\u00f3 en el centre: AMPA, pares i mares delegats, seminari de fam\u00edlies, etc.<\/p>\n<p>Els representants de la junta de l&#8217;AFA posen a la vostra disposici\u00f3 una b\u00fastia de propostes i suggeriments. Es poden fer arribar a trav\u00e9s del correu afaiesmontbui@gmail.com.<\/p>\n<p>A continuaci\u00f3 trobareu els enlla\u00e7os a informacions importants del centre:<\/p>\n<p><a href=\"https:\/\/agora.xtec.cat\/iesmontbui\/wp-content\/uploads\/usu145\/2020\/10\/Dossier-general-fam\u00edlies-Documents-de-Google.pdf\" target=\"_blank\" rel=\"noopener noreferrer\">Informaci\u00f3 general per a les fam\u00edlies<\/a><\/p>\n<p><a href=\"https:\/\/docs.google.com\/document\/d\/1VIXnyfinHcdsvkZg2UO9uccc4ILLDqaWL358F9f4TZ8\/edit?usp=sharing\">Material escolar<\/a><\/p>\n<p><a href=\"https:\/\/agora.xtec.cat\/iesmontbui\/wp-content\/uploads\/usu145\/2021\/03\/Regulaci\u00f3-Vagues-Estudiants.pdf\">Autoritzaci\u00f3 Vaga d&#8217;estudiants<\/a><\/p>\n<p>&nbsp;<\/p>\n","protected":false},"excerpt":{"rendered":"<p>Les fam\u00edlies s\u00f3n un pilar fonamental en el proc\u00e9s d&#8217;aprenentage dels seus fills i filles, per aix\u00f2 valorem la seva implicaci\u00f3 a trav\u00e9s dels diferents \u00f2rgans de participaci\u00f3 en el centre: AMPA, pares i mares delegats, seminari de fam\u00edlies, etc.<br \/>\nEls representants de la junta de&hellip;  <a href=\"https:\/\/agora.xtec.cat\/iesmontbui\/organs-de-centre\/families\/\" title=\"Read Fam\u00edlies\">Llegeix m\u00e9s\u00bb<\/a><\/p>\n","protected":false},"author":1,"featured_media":0,"parent":348,"menu_order":0,"comment_status":"closed","ping_status":"closed","template":"page-templates\/side-menu.php","meta":{"_bbp_topic_count":0,"_bbp_reply_count":0,"_bbp_total_topic_count":0,"_bbp_total_reply_count":0,"_bbp_voice_count":0,"_bbp_anonymous_reply_count":0,"_bbp_topic_count_hidden":0,"_bbp_reply_count_hidden":0,"_bbp_forum_subforum_count":0,"footnotes":""},"class_list":["post-2544","page","type-page","status-publish","hentry"],"post_mailing_queue_ids":[],"_links":{"self":[{"href":"https:\/\/agora.xtec.cat\/iesmontbui\/wp-json\/wp\/v2\/pages\/2544","targetHints":{"allow":["GET"]}}],"collection":[{"href":"https:\/\/agora.xtec.cat\/iesmontbui\/wp-json\/wp\/v2\/pages"}],"about":[{"href":"https:\/\/agora.xtec.cat\/iesmontbui\/wp-json\/wp\/v2\/types\/page"}],"author":[{"embeddable":true,"href":"https:\/\/agora.xtec.cat\/iesmontbui\/wp-json\/wp\/v2\/users\/1"}],"replies":[{"embeddable":true,"href":"https:\/\/agora.xtec.cat\/iesmontbui\/wp-json\/wp\/v2\/comments?post=2544"}],"version-history":[{"count":7,"href":"https:\/\/agora.xtec.cat\/iesmontbui\/wp-json\/wp\/v2\/pages\/2544\/revisions"}],"predecessor-version":[{"id":11296,"href":"https:\/\/agora.xtec.cat\/iesmontbui\/wp-json\/wp\/v2\/pages\/2544\/revisions\/11296"}],"up":[{"embeddable":true,"href":"https:\/\/agora.xtec.cat\/iesmontbui\/wp-json\/wp\/v2\/pages\/348"}],"wp:attachment":[{"href":"https:\/\/agora.xtec.cat\/iesmontbui\/wp-json\/wp\/v2\/media?parent=2544"}],"curies":[{"name":"wp","href":"https:\/\/api.w.org\/{rel}","templated":true}]}}

Famílies

<p>Les famílies són un pilar fonamental en el procés d&#8217;aprenentage dels seus fills i filles, per això valorem la seva implicació a través dels diferents òrgans de participació en el centre: AMPA, pares i mares delegats, seminari de famílies, etc.</p>
<p>Els representants de la junta de l&#8217;AFA posen a la vostra disposició una bústia de propostes i suggeriments. Es poden fer arribar a través del correu afaiesmontbui@gmail.com.</p>
<p>A continuació trobareu els enllaços a informacions importants del centre:</p>
<p><a href="https://agora.xtec.cat/iesmontbui/wp-content/uploads/usu145/2020/10/Dossier-general-famílies-Documents-de-Google.pdf" target="_blank" rel="noopener noreferrer">Informació general per a les famílies</a></p>
<p><a href="https://docs.google.com/document/d/1VIXnyfinHcdsvkZg2UO9uccc4ILLDqaWL358F9f4TZ8/edit?usp=sharing">Material escolar</a></p>
<p><a href="https://agora.xtec.cat/iesmontbui/wp-content/uploads/usu145/2021/03/Regulació-Vagues-Estudiants.pdf">Autorització Vaga d&#8217;estudiants</a></p>
<p>&nbsp;</p>

<p>Les famílies són un pilar fonamental en el procés d&#8217;aprenentage dels seus fills i filles, per això valorem la seva implicació a través dels diferents òrgans de participació en el centre: AMPA, pares i mares delegats, seminari de famílies, etc.<br />
Els representants de la junta de&hellip;  <a href="https://agora.xtec.cat/iesmontbui/organs-de-centre/families/" title="Read Famílies">Llegeix més»</a></p>
