{"id":5089,"date":"2020-09-08T14:34:45","date_gmt":"2020-09-08T12:34:45","guid":{"rendered":"https:\/\/agora.xtec.cat\/iesmontbui\/wp-content\/uploads\/usu145\/2020\/09\/Declaraci\u00f3-responsable-per-a-les-fam\u00edlies-d\u2019alumnes-d\u2019educaci\u00f3-secund\u00e0ria-obligat\u00f2ria-batxillerat-i-cicles-formatius.png"},"modified":"2020-09-08T14:34:45","modified_gmt":"2020-09-08T12:34:45","slug":"declaracio-responsable-per-a-les-families-dalumnes-deducacio-secundaria-obligatoria-batxillerat-i-cicles-formatius","status":"inherit","type":"attachment","link":"https:\/\/agora.xtec.cat\/iesmontbui\/declaracio-responsable-per-a-les-families-dalumnes-deducacio-secundaria-obligatoria-batxillerat-i-cicles-formatius\/","title":{"rendered":"Declaraci\u00f3 responsable per a les fam\u00edlies d\u2019alumnes d\u2019educaci\u00f3 secund\u00e0ria obligat\u00f2ria, batxillerat i cicles formatius"},"author":1,"featured_media":0,"comment_status":"open","ping_status":"closed","template":"","meta":{"_bbp_topic_count":0,"_bbp_reply_count":0,"_bbp_total_topic_count":0,"_bbp_total_reply_count":0,"_bbp_voice_count":0,"_bbp_anonymous_reply_count":0,"_bbp_topic_count_hidden":0,"_bbp_reply_count_hidden":0,"_bbp_forum_subforum_count":0},"class_list":["post-5089","attachment","type-attachment","status-inherit","hentry"],"description":{"rendered":"<p class=\"attachment\"><a href='https:\/\/agora.xtec.cat\/iesmontbui\/wp-content\/uploads\/usu145\/2020\/09\/Declaraci\u00f3-responsable-per-a-les-fam\u00edlies-d\u2019alumnes-d\u2019educaci\u00f3-secund\u00e0ria-obligat\u00f2ria-batxillerat-i-cicles-formatius.png'><img loading=\"lazy\" decoding=\"async\" width=\"300\" height=\"66\" src=\"https:\/\/agora.xtec.cat\/iesmontbui\/wp-content\/uploads\/usu145\/2020\/09\/Declaraci\u00f3-responsable-per-a-les-fam\u00edlies-d\u2019alumnes-d\u2019educaci\u00f3-secund\u00e0ria-obligat\u00f2ria-batxillerat-i-cicles-formatius-300x66.png\" class=\"attachment-medium size-medium\" alt=\"\" srcset=\"https:\/\/agora.xtec.cat\/iesmontbui\/wp-content\/uploads\/usu145\/2020\/09\/Declaraci\u00f3-responsable-per-a-les-fam\u00edlies-d\u2019alumnes-d\u2019educaci\u00f3-secund\u00e0ria-obligat\u00f2ria-batxillerat-i-cicles-formatius-300x66.png 300w, https:\/\/agora.xtec.cat\/iesmontbui\/wp-content\/uploads\/usu145\/2020\/09\/Declaraci\u00f3-responsable-per-a-les-fam\u00edlies-d\u2019alumnes-d\u2019educaci\u00f3-secund\u00e0ria-obligat\u00f2ria-batxillerat-i-cicles-formatius-768x169.png 768w, https:\/\/agora.xtec.cat\/iesmontbui\/wp-content\/uploads\/usu145\/2020\/09\/Declaraci\u00f3-responsable-per-a-les-fam\u00edlies-d\u2019alumnes-d\u2019educaci\u00f3-secund\u00e0ria-obligat\u00f2ria-batxillerat-i-cicles-formatius-1024x226.png 1024w\" sizes=\"auto, (max-width: 300px) 100vw, 300px\" \/><\/a><\/p>\n"},"caption":{"rendered":"<p><a href='https:\/\/agora.xtec.cat\/iesmontbui\/wp-content\/uploads\/usu145\/2020\/09\/Declaraci\u00f3-responsable-per-a-les-fam\u00edlies-d\u2019alumnes-d\u2019educaci\u00f3-secund\u00e0ria-obligat\u00f2ria-batxillerat-i-cicles-formatius.png'><\/a><\/p>\n"},"alt_text":"","media_type":"image","mime_type":"image\/png","media_details":{"width":2084,"height":459,"file":"2020\/09\/Declaraci\u00f3-responsable-per-a-les-fam\u00edlies-d\u2019alumnes-d\u2019educaci\u00f3-secund\u00e0ria-obligat\u00f2ria-batxillerat-i-cicles-formatius.png","sizes":{"thumbnail":{"file":"Declaraci\u00f3-responsable-per-a-les-fam\u00edlies-d\u2019alumnes-d\u2019educaci\u00f3-secund\u00e0ria-obligat\u00f2ria-batxillerat-i-cicles-formatius-150x150.png","width":150,"height":150,"mime_type":"image\/png","source_url":"https:\/\/agora.xtec.cat\/iesmontbui\/wp-content\/uploads\/usu145\/2020\/09\/Declaraci\u00f3-responsable-per-a-les-fam\u00edlies-d\u2019alumnes-d\u2019educaci\u00f3-secund\u00e0ria-obligat\u00f2ria-batxillerat-i-cicles-formatius-150x150.png"},"medium":{"file":"Declaraci\u00f3-responsable-per-a-les-fam\u00edlies-d\u2019alumnes-d\u2019educaci\u00f3-secund\u00e0ria-obligat\u00f2ria-batxillerat-i-cicles-formatius-300x66.png","width":300,"height":66,"mime_type":"image\/png","source_url":"https:\/\/agora.xtec.cat\/iesmontbui\/wp-content\/uploads\/usu145\/2020\/09\/Declaraci\u00f3-responsable-per-a-les-fam\u00edlies-d\u2019alumnes-d\u2019educaci\u00f3-secund\u00e0ria-obligat\u00f2ria-batxillerat-i-cicles-formatius-300x66.png"},"medium_large":{"file":"Declaraci\u00f3-responsable-per-a-les-fam\u00edlies-d\u2019alumnes-d\u2019educaci\u00f3-secund\u00e0ria-obligat\u00f2ria-batxillerat-i-cicles-formatius-768x169.png","width":768,"height":169,"mime_type":"image\/png","source_url":"https:\/\/agora.xtec.cat\/iesmontbui\/wp-content\/uploads\/usu145\/2020\/09\/Declaraci\u00f3-responsable-per-a-les-fam\u00edlies-d\u2019alumnes-d\u2019educaci\u00f3-secund\u00e0ria-obligat\u00f2ria-batxillerat-i-cicles-formatius-768x169.png"},"large":{"file":"Declaraci\u00f3-responsable-per-a-les-fam\u00edlies-d\u2019alumnes-d\u2019educaci\u00f3-secund\u00e0ria-obligat\u00f2ria-batxillerat-i-cicles-formatius-1024x226.png","width":1024,"height":226,"mime_type":"image\/png","source_url":"https:\/\/agora.xtec.cat\/iesmontbui\/wp-content\/uploads\/usu145\/2020\/09\/Declaraci\u00f3-responsable-per-a-les-fam\u00edlies-d\u2019alumnes-d\u2019educaci\u00f3-secund\u00e0ria-obligat\u00f2ria-batxillerat-i-cicles-formatius-1024x226.png"},"thumb-300":{"file":"Declaraci\u00f3-responsable-per-a-les-fam\u00edlies-d\u2019alumnes-d\u2019educaci\u00f3-secund\u00e0ria-obligat\u00f2ria-batxillerat-i-cicles-formatius-300x250.png","width":300,"height":250,"mime_type":"image\/png","source_url":"https:\/\/agora.xtec.cat\/iesmontbui\/wp-content\/uploads\/usu145\/2020\/09\/Declaraci\u00f3-responsable-per-a-les-fam\u00edlies-d\u2019alumnes-d\u2019educaci\u00f3-secund\u00e0ria-obligat\u00f2ria-batxillerat-i-cicles-formatius-300x250.png"},"thumb-200":{"file":"Declaraci\u00f3-responsable-per-a-les-fam\u00edlies-d\u2019alumnes-d\u2019educaci\u00f3-secund\u00e0ria-obligat\u00f2ria-batxillerat-i-cicles-formatius-200x150.png","width":200,"height":150,"mime_type":"image\/png","source_url":"https:\/\/agora.xtec.cat\/iesmontbui\/wp-content\/uploads\/usu145\/2020\/09\/Declaraci\u00f3-responsable-per-a-les-fam\u00edlies-d\u2019alumnes-d\u2019educaci\u00f3-secund\u00e0ria-obligat\u00f2ria-batxillerat-i-cicles-formatius-200x150.png"},"full":{"file":"Declaraci\u00f3-responsable-per-a-les-fam\u00edlies-d\u2019alumnes-d\u2019educaci\u00f3-secund\u00e0ria-obligat\u00f2ria-batxillerat-i-cicles-formatius.png","width":2084,"height":459,"mime_type":"image\/png","source_url":"https:\/\/agora.xtec.cat\/iesmontbui\/wp-content\/uploads\/usu145\/2020\/09\/Declaraci\u00f3-responsable-per-a-les-fam\u00edlies-d\u2019alumnes-d\u2019educaci\u00f3-secund\u00e0ria-obligat\u00f2ria-batxillerat-i-cicles-formatius.png"}},"image_meta":{"aperture":"0","credit":"","camera":"","caption":"","created_timestamp":"0","copyright":"","focal_length":"0","iso":"0","shutter_speed":"0","title":"","orientation":"0","keywords":[]}},"post":null,"source_url":"https:\/\/agora.xtec.cat\/iesmontbui\/wp-content\/uploads\/usu145\/2020\/09\/Declaraci\u00f3-responsable-per-a-les-fam\u00edlies-d\u2019alumnes-d\u2019educaci\u00f3-secund\u00e0ria-obligat\u00f2ria-batxillerat-i-cicles-formatius.png","_links":{"self":[{"href":"https:\/\/agora.xtec.cat\/iesmontbui\/wp-json\/wp\/v2\/media\/5089","targetHints":{"allow":["GET"]}}],"collection":[{"href":"https:\/\/agora.xtec.cat\/iesmontbui\/wp-json\/wp\/v2\/media"}],"about":[{"href":"https:\/\/agora.xtec.cat\/iesmontbui\/wp-json\/wp\/v2\/types\/attachment"}],"author":[{"embeddable":true,"href":"https:\/\/agora.xtec.cat\/iesmontbui\/wp-json\/wp\/v2\/users\/1"}],"replies":[{"embeddable":true,"href":"https:\/\/agora.xtec.cat\/iesmontbui\/wp-json\/wp\/v2\/comments?post=5089"}]}}

https://agora.xtec.cat/iesmontbui/wp-content/uploads/usu145/2020/09/Declaració-responsable-per-a-les-famílies-d’alumnes-d’educació-secundària-obligatòria-batxillerat-i-cicles-formatius.png

Declaració responsable per a les famílies d’alumnes d’educació secundària obligatòria, batxillerat i cicles formatius

<p class="attachment"><a href='https://agora.xtec.cat/iesmontbui/wp-content/uploads/usu145/2020/09/Declaració-responsable-per-a-les-famílies-d’alumnes-d’educació-secundària-obligatòria-batxillerat-i-cicles-formatius.png'><img loading="lazy" decoding="async" width="300" height="66" src="https://agora.xtec.cat/iesmontbui/wp-content/uploads/usu145/2020/09/Declaració-responsable-per-a-les-famílies-d’alumnes-d’educació-secundària-obligatòria-batxillerat-i-cicles-formatius-300x66.png" class="attachment-medium size-medium" alt="" srcset="https://agora.xtec.cat/iesmontbui/wp-content/uploads/usu145/2020/09/Declaració-responsable-per-a-les-famílies-d’alumnes-d’educació-secundària-obligatòria-batxillerat-i-cicles-formatius-300x66.png 300w, https://agora.xtec.cat/iesmontbui/wp-content/uploads/usu145/2020/09/Declaració-responsable-per-a-les-famílies-d’alumnes-d’educació-secundària-obligatòria-batxillerat-i-cicles-formatius-768x169.png 768w, https://agora.xtec.cat/iesmontbui/wp-content/uploads/usu145/2020/09/Declaració-responsable-per-a-les-famílies-d’alumnes-d’educació-secundària-obligatòria-batxillerat-i-cicles-formatius-1024x226.png 1024w" sizes="auto, (max-width: 300px) 100vw, 300px" /></a></p>

<p><a href='https://agora.xtec.cat/iesmontbui/wp-content/uploads/usu145/2020/09/Declaració-responsable-per-a-les-famílies-d’alumnes-d’educació-secundària-obligatòria-batxillerat-i-cicles-formatius.png'></a></p>

2020/09/Declaració-responsable-per-a-les-famílies-d’alumnes-d’educació-secundària-obligatòria-batxillerat-i-cicles-formatius.png

Declaració-responsable-per-a-les-famílies-d’alumnes-d’educació-secundària-obligatòria-batxillerat-i-cicles-formatius-150x150.png

https://agora.xtec.cat/iesmontbui/wp-content/uploads/usu145/2020/09/Declaració-responsable-per-a-les-famílies-d’alumnes-d’educació-secundària-obligatòria-batxillerat-i-cicles-formatius-150x150.png

Declaració-responsable-per-a-les-famílies-d’alumnes-d’educació-secundària-obligatòria-batxillerat-i-cicles-formatius-300x66.png

https://agora.xtec.cat/iesmontbui/wp-content/uploads/usu145/2020/09/Declaració-responsable-per-a-les-famílies-d’alumnes-d’educació-secundària-obligatòria-batxillerat-i-cicles-formatius-300x66.png

Declaració-responsable-per-a-les-famílies-d’alumnes-d’educació-secundària-obligatòria-batxillerat-i-cicles-formatius-768x169.png

https://agora.xtec.cat/iesmontbui/wp-content/uploads/usu145/2020/09/Declaració-responsable-per-a-les-famílies-d’alumnes-d’educació-secundària-obligatòria-batxillerat-i-cicles-formatius-768x169.png

Declaració-responsable-per-a-les-famílies-d’alumnes-d’educació-secundària-obligatòria-batxillerat-i-cicles-formatius-1024x226.png

https://agora.xtec.cat/iesmontbui/wp-content/uploads/usu145/2020/09/Declaració-responsable-per-a-les-famílies-d’alumnes-d’educació-secundària-obligatòria-batxillerat-i-cicles-formatius-1024x226.png

Declaració-responsable-per-a-les-famílies-d’alumnes-d’educació-secundària-obligatòria-batxillerat-i-cicles-formatius-300x250.png

https://agora.xtec.cat/iesmontbui/wp-content/uploads/usu145/2020/09/Declaració-responsable-per-a-les-famílies-d’alumnes-d’educació-secundària-obligatòria-batxillerat-i-cicles-formatius-300x250.png

Declaració-responsable-per-a-les-famílies-d’alumnes-d’educació-secundària-obligatòria-batxillerat-i-cicles-formatius-200x150.png

https://agora.xtec.cat/iesmontbui/wp-content/uploads/usu145/2020/09/Declaració-responsable-per-a-les-famílies-d’alumnes-d’educació-secundària-obligatòria-batxillerat-i-cicles-formatius-200x150.png

Declaració-responsable-per-a-les-famílies-d’alumnes-d’educació-secundària-obligatòria-batxillerat-i-cicles-formatius.png
