{"id":49,"date":"2014-09-17T16:55:55","date_gmt":"2014-09-17T16:55:55","guid":{"rendered":"http:\/\/agora.xtec.cat\/iesmontalt\/?page_id=49"},"modified":"2026-03-23T10:44:35","modified_gmt":"2026-03-23T09:44:35","slug":"normes-dorganitzacio-i-funcionament","status":"publish","type":"page","link":"https:\/\/agora.xtec.cat\/iesmontalt\/normes-dorganitzacio-i-funcionament\/","title":{"rendered":"Documentaci\u00f3 de centre"},"content":{"rendered":"<p>Documents Departament d&#8217;Educaci\u00f3<\/p>\n<table style=\"border-collapse: collapse; width: 100%;\">\n<tbody>\n<tr>\n<td style=\"width: 50%; border-style: solid;\"><a href=\"https:\/\/xtec.gencat.cat\/ca\/curriculum\/eso\/curriculum-175-2022\/\">Curr\u00edculum 172\/2022<\/a><\/td>\n<td style=\"width: 50%; border-style: solid;\"><a href=\"https:\/\/projectes.xtec.cat\/nou-curriculum\/educacio-basica\/les-competencies-transversals\/\">Compet\u00e8ncies transversals<\/a><\/td>\n<\/tr>\n<\/tbody>\n<\/table>\n<p>Documents institucionals<\/p>\n<table style=\"border-collapse: collapse; width: 100%; height: 208px;\">\n<tbody>\n<tr style=\"height: 48px;\">\n<td style=\"width: 50%; border-style: solid; height: 48px;\"><a href=\"https:\/\/agora.xtec.cat\/iesmontalt\/wp-content\/uploads\/usu1666\/2026\/03\/NOFC-ESTEVE-ALBERT-gener-2026.pdf\">Normes d&#8217;organitzaci\u00f3 i funcionament del centre (NOFC)<\/a><\/td>\n<td style=\"width: 50%; border-style: solid; height: 48px;\"><a href=\"https:\/\/agora.xtec.cat\/iesmontalt\/wp-content\/uploads\/usu1666\/2021\/07\/esteve_albert_PEC_4.pdf\">Projecte educatiu de centre (PEC)<\/a><\/td>\n<\/tr>\n<tr style=\"height: 32px;\">\n<td style=\"width: 50%; border-style: solid; height: 32px;\"><a href=\"https:\/\/agora.xtec.cat\/iesmontalt\/wp-content\/uploads\/usu1666\/2023\/09\/GUIA-DE-LALUMNAT-23-24.pdf\">Guia de l&#8217;alumnat<\/a><\/td>\n<td style=\"width: 50%; border-style: solid; height: 32px;\">Carta comprom\u00eds educatiu<\/td>\n<\/tr>\n<tr style=\"height: 32px;\">\n<td style=\"width: 50%; border-style: solid; height: 32px;\"><\/td>\n<td style=\"width: 50%; border-style: solid; height: 32px;\">Pla d&#8217;emerg\u00e8ncia<\/td>\n<\/tr>\n<tr style=\"height: 32px;\">\n<td style=\"width: 50%; border-style: solid; height: 32px;\">Projecte de conviv\u00e8ncia<\/td>\n<td style=\"width: 50%; border-style: solid; height: 32px;\"><a href=\"https:\/\/agora.xtec.cat\/iesmontalt\/wp-content\/uploads\/usu1666\/2019\/10\/PL_imprimible.pdf\">Projecte ling\u00fc\u00edstic de centre<\/a><\/td>\n<\/tr>\n<tr style=\"height: 32px;\">\n<td style=\"width: 50%; border-style: solid; height: 32px;\"><a href=\"https:\/\/agora.xtec.cat\/iesmontalt\/wp-content\/uploads\/usu1666\/2023\/12\/Curriculum-Francina-2023.pdf\">Curr\u00edculums de l&#8217;equip directiu<\/a><\/td>\n<td style=\"width: 50%; border-style: solid; height: 32px;\"><a href=\"https:\/\/agora.xtec.cat\/iesmontalt\/wp-content\/uploads\/usu1666\/2020\/09\/pla_org_centre_set.pdf\">Pla d&#8217;organitzaci\u00f3 i centre<\/a><\/td>\n<\/tr>\n<tr style=\"height: 32px;\">\n<td style=\"width: 50%; border-style: solid; height: 32px;\"><\/td>\n<td style=\"width: 50%; border-style: solid; height: 32px;\"><\/td>\n<\/tr>\n<\/tbody>\n<\/table>\n<p>Protocols digitals de centre<\/p>\n<table style=\"border-collapse: collapse; width: 100%;\">\n<tbody>\n<tr>\n<td style=\"width: 50%; border-style: solid;\">Recuperci\u00f3 contrasenya clickedu<\/td>\n<td style=\"width: 50%; border-style: solid;\">Dec\u00e0leg d&#8217;\u00fas dels port\u00e0tils<\/td>\n<\/tr>\n<tr>\n<td style=\"width: 50%; border-style: solid;\">Estrat\u00e8gia digital de centre<\/td>\n<td style=\"width: 50%; border-style: solid;\"><\/td>\n<\/tr>\n<\/tbody>\n<\/table>\n","protected":false},"excerpt":{"rendered":"<p>Documents Departament d&#8217;Educaci\u00f3<\/p>\n<p><a href=\"https:\/\/xtec.gencat.cat\/ca\/curriculum\/eso\/curriculum-175-2022\/\">Curr\u00edculum 172\/2022<\/a><br \/>\n<a href=\"https:\/\/projectes.xtec.cat\/nou-curriculum\/educacio-basica\/les-competencies-transversals\/\">Compet\u00e8ncies transversals<\/a><\/p>\n<p>Documents institucionals<\/p>\n<p><a href=\"https:\/\/agora.xtec.cat\/iesmontalt\/wp-content\/uploads\/usu1666\/2026\/03\/NOFC-ESTEVE-ALBERT-gener-2026.pdf\">Normes d&#8217;organitzaci\u00f3 i funcionament del centre (NOFC)<\/a><br \/>\n<a href=\"https:\/\/agora.xtec.cat\/iesmontalt\/wp-content\/uploads\/usu1666\/2021\/07\/esteve_albert_PEC_4.pdf\">Projecte educatiu de centre (PEC)<\/a><\/p>\n<p><a href=\"https:\/\/agora.xtec.cat\/iesmontalt\/wp-content\/uploads\/usu1666\/2023\/09\/GUIA-DE-LALUMNAT-23-24.pdf\">Guia de l&#8217;alumnat<\/a><br \/>\nCarta comprom\u00eds educatiu<\/p>\n<p>Pla d&#8217;emerg\u00e8ncia<\/p>\n<p>Projecte de conviv\u00e8ncia<br \/>\n<a href=\"https:\/\/agora.xtec.cat\/iesmontalt\/wp-content\/uploads\/usu1666\/2019\/10\/PL_imprimible.pdf\">Projecte ling\u00fc\u00edstic de centre<\/a><\/p>\n<p><a href=\"https:\/\/agora.xtec.cat\/iesmontalt\/wp-content\/uploads\/usu1666\/2023\/12\/Curriculum-Francina-2023.pdf\">Curr\u00edculums de l&#8217;equip directiu<\/a><br \/>\n<a href=\"https:\/\/agora.xtec.cat\/iesmontalt\/wp-content\/uploads\/usu1666\/2020\/09\/pla_org_centre_set.pdf\">Pla d&#8217;organitzaci\u00f3 i centre<\/a><\/p>\n<p>Protocols digitals de centre<\/p>\n<p>Recuperci\u00f3 contrasenya clickedu<br \/>\nDec\u00e0leg&hellip;  <a href=\"https:\/\/agora.xtec.cat\/iesmontalt\/normes-dorganitzacio-i-funcionament\/\" title=\"Read Documentaci\u00f3 de centre\">Llegeix m\u00e9s\u00bb<\/a><\/p>\n","protected":false},"author":1,"featured_media":0,"parent":0,"menu_order":60,"comment_status":"closed","ping_status":"closed","template":"page-templates\/side-menu.php","meta":{"_bbp_topic_count":0,"_bbp_reply_count":0,"_bbp_total_topic_count":0,"_bbp_total_reply_count":0,"_bbp_voice_count":0,"_bbp_anonymous_reply_count":0,"_bbp_topic_count_hidden":0,"_bbp_reply_count_hidden":0,"_bbp_forum_subforum_count":0,"footnotes":""},"class_list":["post-49","page","type-page","status-publish","hentry"],"post_mailing_queue_ids":[],"_links":{"self":[{"href":"https:\/\/agora.xtec.cat\/iesmontalt\/wp-json\/wp\/v2\/pages\/49","targetHints":{"allow":["GET"]}}],"collection":[{"href":"https:\/\/agora.xtec.cat\/iesmontalt\/wp-json\/wp\/v2\/pages"}],"about":[{"href":"https:\/\/agora.xtec.cat\/iesmontalt\/wp-json\/wp\/v2\/types\/page"}],"author":[{"embeddable":true,"href":"https:\/\/agora.xtec.cat\/iesmontalt\/wp-json\/wp\/v2\/users\/1"}],"replies":[{"embeddable":true,"href":"https:\/\/agora.xtec.cat\/iesmontalt\/wp-json\/wp\/v2\/comments?post=49"}],"version-history":[{"count":6,"href":"https:\/\/agora.xtec.cat\/iesmontalt\/wp-json\/wp\/v2\/pages\/49\/revisions"}],"predecessor-version":[{"id":22736,"href":"https:\/\/agora.xtec.cat\/iesmontalt\/wp-json\/wp\/v2\/pages\/49\/revisions\/22736"}],"wp:attachment":[{"href":"https:\/\/agora.xtec.cat\/iesmontalt\/wp-json\/wp\/v2\/media?parent=49"}],"curies":[{"name":"wp","href":"https:\/\/api.w.org\/{rel}","templated":true}]}}