{"id":46,"date":"2014-09-17T16:53:45","date_gmt":"2014-09-17T16:53:45","guid":{"rendered":"http:\/\/agora.xtec.cat\/iesmontalt\/?page_id=46"},"modified":"2026-04-13T12:19:09","modified_gmt":"2026-04-13T10:19:09","slug":"organigrama","status":"publish","type":"page","link":"https:\/\/agora.xtec.cat\/iesmontalt\/linstitut\/organigrama\/","title":{"rendered":"Organigrama"},"content":{"rendered":"<p><span style=\"color: #000080;\"><strong>EQUIP DIRECTIU<\/strong><\/span><\/p>\n<table style=\"border-collapse: collapse; width: 100%;\">\n<tbody>\n<tr>\n<td style=\"width: 44.6396%;\"><strong>Direcci\u00f3:<\/strong> <a href=\"https:\/\/agora.xtec.cat\/iesmontalt\/wp-content\/uploads\/usu1666\/2026\/03\/Curriculum-Francina-2026.pdf\">Francina Turon<\/a><\/td>\n<td style=\"width: 55.3604%;\"><a href=\"mailto:francina.turon@institutestevealbert.cat\">francina.turon@institutestevealbert.cat<\/a><\/td>\n<\/tr>\n<tr>\n<td style=\"width: 44.6396%;\"><strong>Cap d&#8217;estudis:<\/strong> Gemma Recolons<\/td>\n<td style=\"width: 55.3604%;\"><a href=\"mailto:gemma.recolons@institutestevealbert.cat\">gemma.recolons@institutestevealbert.cat<\/a><\/td>\n<\/tr>\n<tr>\n<td style=\"width: 44.6396%;\"><strong>Secretaria:<\/strong> Amara L\u00f3pez<\/td>\n<td style=\"width: 55.3604%;\"><a href=\"mailto:amara.lopez@institutestevealbert.cat\">amara.lopez@institutestevealbert.cat<\/a><\/td>\n<\/tr>\n<tr>\n<td style=\"width: 44.6396%;\"><strong>Coordinaci\u00f3 pedag\u00f2gica:<\/strong> N\u00faria Sol\u00e0<\/td>\n<td style=\"width: 55.3604%;\"><a href=\"mailto:nuria.sola@institutestevealbert.cat\">nuria.sola@institutestevealbert.cat<\/a><\/td>\n<\/tr>\n<\/tbody>\n<\/table>\n<p><span style=\"color: #000080;\"><strong style=\"font-family: inherit; font-size: 1em;\">COORDINACIONS<\/strong><\/span><\/p>\n<table style=\"border-collapse: collapse; width: 100%; height: 200px;\">\n<tbody>\n<tr style=\"height: 32px;\">\n<td style=\"width: 45.0093%; height: 32px;\"><strong>Coordinaci\u00f3 1r:<\/strong> Cristina Sintas<\/td>\n<td style=\"width: 54.9907%; height: 32px;\"><a href=\"mailto:coord_1r_eso@institutestevealbert.cat\">coord_1r_eso@institutestevealbert.cat<\/a><\/td>\n<\/tr>\n<tr style=\"height: 32px;\">\n<td style=\"width: 45.0093%; height: 32px;\"><strong>Coordinaci\u00f3 2n:<\/strong> Asunci\u00f3n Balmaseda<\/td>\n<td style=\"width: 54.9907%; height: 32px;\"><a href=\"mailto:coord_2n_eso@institutestevealbert.cat\">coord_2n_eso@institutestevealbert.cat<\/a><\/td>\n<\/tr>\n<tr style=\"height: 32px;\">\n<td style=\"width: 45.0093%; height: 32px;\"><strong>Coordinaci\u00f3 3r:<\/strong> Sara Ferrer<\/td>\n<td style=\"width: 54.9907%; height: 32px;\"><a href=\"mailto:coord_3r_eso@institutestevealbert.cat\">coord_3r_eso@institutestevealbert.cat<\/a><\/td>\n<\/tr>\n<tr style=\"height: 32px;\">\n<td style=\"width: 45.0093%; height: 32px;\"><strong>Coordinaci\u00f3 4t:<\/strong> Laura Fuset<\/td>\n<td style=\"width: 54.9907%; height: 32px;\"><a href=\"mailto:coord_4t_eso@institutestevealbert.cat\">coord_4t_eso@institutestevealbert.cat<\/a><\/td>\n<\/tr>\n<tr style=\"height: 32px;\">\n<td style=\"width: 45.0093%; height: 32px;\"><strong>Coordinaci\u00f3 batxillerat:<\/strong> Esther Gras<strong><br \/><\/strong><\/td>\n<td style=\"width: 54.9907%; height: 32px;\"><a href=\"mailto:coord_bat@institutestevealbert.cat\">coord_bat@institutestevealbert.cat<\/a><\/td>\n<\/tr>\n<tr style=\"height: 48px;\">\n<td style=\"width: 45.0093%; height: 30px;\"><strong>Coordinaci\u00f3 Clickedu: <\/strong>\u00c0lex Narv\u00e1ez<\/td>\n<td style=\"width: 54.9907%; height: 30px;\"><a href=\"mailto:clickedu@institutestevealbert.cat\"><span style=\"font-family: inherit; font-size: 1em; background-color: #ffffff;\">clickedu@institutestevealbert.cat<\/span><\/a><\/td>\n<\/tr>\n<tr style=\"height: 48px;\">\n<td style=\"width: 45.0093%; height: 10px;\"><strong>Coordinaci\u00f3 Treball de Recerca: <\/strong>Albert Dom\u00ednguez<\/td>\n<td style=\"width: 54.9907%; height: 10px;\"><a href=\"mailto:treball.recerca@institutestevealbert.cat\"><span style=\"font-family: inherit; font-size: 1em; background-color: #ffffff;\">treball.recerca@institutestevealbert.cat<\/span><\/a><\/td>\n<\/tr>\n<\/tbody>\n<\/table>\n<p><span style=\"color: #000080;\"><strong>CAPS DE DEPARTAMENT<\/strong><\/span><\/p>\n<table style=\"border-collapse: collapse; width: 100%; height: 352px;\">\n<tbody>\n<tr style=\"height: 32px;\">\n<td style=\"width: 45.7486%; height: 32px;\"><strong>Dep. Matem\u00e0tiques:<\/strong> Jordi Ligorit<\/td>\n<td style=\"width: 56.0074%; height: 32px;\"><a href=\"mailto:cap_matematiques@institutestevealbert.cat\"><span style=\"font-weight: 400;\" data-rich-links=\"{&quot;per_n&quot;:&quot;cap_matematiques@institutestevealbert.cat&quot;,&quot;per_e&quot;:&quot;cap_matematiques@institutestevealbert.cat&quot;,&quot;type&quot;:&quot;person&quot;}\">cap_matematiques@institutestevealbert.cat<\/span><\/a><\/td>\n<\/tr>\n<tr style=\"height: 32px;\">\n<td style=\"width: 45.7486%; height: 32px;\"><strong>Dep. Tecnologia:<\/strong> Carolina Ycart<\/td>\n<td style=\"width: 56.0074%; height: 32px;\"><a href=\"mailto:cap_tecnologia@institutestevealbert.cat\"><span style=\"font-weight: 400;\" data-rich-links=\"{&quot;per_n&quot;:&quot;cap_tecnologia@institutestevealbert.cat&quot;,&quot;per_e&quot;:&quot;cap_tecnologia@institutestevealbert.cat&quot;,&quot;type&quot;:&quot;person&quot;}\">cap_tecnologia@institutestevealbert.cat<\/span><\/a><\/td>\n<\/tr>\n<tr style=\"height: 32px;\">\n<td style=\"width: 45.7486%; height: 32px;\"><strong>Dep. Ci\u00e8ncies Naturals:<\/strong> Carolina Ycart<\/td>\n<td style=\"width: 56.0074%; height: 32px;\"><a href=\"mailto:cap_naturals@institutestevealbert.cat\"><span style=\"font-weight: 400;\" data-rich-links=\"{&quot;per_n&quot;:&quot;cap_naturals@institutestevealbert.cat&quot;,&quot;per_e&quot;:&quot;cap_naturals@institutestevealbert.cat&quot;,&quot;type&quot;:&quot;person&quot;}\">cap_naturals@institutestevealbert.cat<\/span><\/a><\/td>\n<\/tr>\n<tr style=\"height: 32px;\">\n<td style=\"width: 45.7486%; height: 32px;\"><strong>Dep. Ci\u00e8ncies Socials: <\/strong>Albert Dom\u00ednguez<\/td>\n<td style=\"width: 56.0074%; height: 32px;\"><a href=\"mailto:cap_socials@institutestevealbert.cat\"><span style=\"font-weight: 400;\" data-rich-links=\"{&quot;per_n&quot;:&quot;cap_socials@institutestevealbert.cat&quot;,&quot;per_e&quot;:&quot;cap_socials@institutestevealbert.cat&quot;,&quot;type&quot;:&quot;person&quot;}\">cap_socials@institutestevealbert.cat<\/span><\/a><\/td>\n<\/tr>\n<tr style=\"height: 32px;\">\n<td style=\"width: 45.7486%; height: 32px;\"><strong>Dep. Idiomes:<\/strong>\u00a0 Albert Forcada<\/td>\n<td style=\"width: 56.0074%; height: 32px;\"><a href=\"mailto:cap_idiomes@institutestevealbert.cat\"><span style=\"font-weight: 400;\" data-rich-links=\"{&quot;per_n&quot;:&quot;cap_idiomes@institutestevealbert.cat&quot;,&quot;per_e&quot;:&quot;cap_idiomes@institutestevealbert.cat&quot;,&quot;type&quot;:&quot;person&quot;}\">cap_idiomes@institutestevealbert.cat<\/span><\/a><\/td>\n<\/tr>\n<tr style=\"height: 32px;\">\n<td style=\"width: 45.7486%; height: 32px;\"><strong>Dep. Llengua Castellana: <\/strong>Mireia Subirana<\/td>\n<td style=\"width: 56.0074%; height: 32px;\"><a href=\"mailto:cap_castella@institutestevealbert.cat\"><span style=\"font-weight: 400;\" data-rich-links=\"{&quot;per_n&quot;:&quot;cap_castella@institutestevealbert.cat&quot;,&quot;per_e&quot;:&quot;cap_castella@institutestevealbert.cat&quot;,&quot;type&quot;:&quot;person&quot;}\">cap_castella@institutestevealbert.cat<\/span><\/a><\/td>\n<\/tr>\n<tr style=\"height: 32px;\">\n<td style=\"width: 45.7486%; height: 32px;\"><strong>Dep. Llengua Catalana:<\/strong> Mireia Subirana<\/td>\n<td style=\"width: 56.0074%; height: 32px;\"><a href=\"mailto:cap_catala@institutestevealbert.cat\"><span style=\"font-weight: 400;\" data-rich-links=\"{&quot;per_n&quot;:&quot;cap_catala@institutestevealbert.cat&quot;,&quot;per_e&quot;:&quot;cap_catala@institutestevealbert.cat&quot;,&quot;type&quot;:&quot;person&quot;}\">cap_catala@institutestevealbert.cat<\/span><\/a><\/td>\n<\/tr>\n<tr style=\"height: 32px;\">\n<td style=\"width: 45.7486%; height: 32px;\"><strong>Dep. M\u00fasica:<\/strong> Gemma Gar\u00ed<\/td>\n<td style=\"width: 56.0074%; height: 32px;\"><a href=\"mailto:cap_musica@institutestevealbert.cat\"><span style=\"font-weight: 400;\" data-rich-links=\"{&quot;per_n&quot;:&quot;cap_musica@institutestevealbert.cat&quot;,&quot;per_e&quot;:&quot;cap_musica@institutestevealbert.cat&quot;,&quot;type&quot;:&quot;person&quot;}\">cap_musica@institutestevealbert.cat<\/span><\/a><\/td>\n<\/tr>\n<tr style=\"height: 32px;\">\n<td style=\"width: 45.7486%; height: 32px;\"><strong>Dep. Visual i Pl\u00e0stica:<\/strong> Gemma Gar\u00ed<\/td>\n<td style=\"width: 56.0074%; height: 32px;\"><a href=\"mailto:cap_evp@institutestevealbert.cat\"><span style=\"font-weight: 400;\" data-rich-links=\"{&quot;per_n&quot;:&quot;cap_evp@institutestevealbert.cat&quot;,&quot;per_e&quot;:&quot;cap_evp@institutestevealbert.cat&quot;,&quot;type&quot;:&quot;person&quot;}\">cap_evp@institutestevealbert.cat<\/span><\/a><\/td>\n<\/tr>\n<tr style=\"height: 32px;\">\n<td style=\"width: 45.7486%; height: 32px;\"><strong>Dep. Educaci\u00f3 F\u00edsica:<\/strong> Gemma Gar\u00ed<\/td>\n<td style=\"width: 56.0074%; height: 32px;\"><a href=\"mailto:cap_educaciofisica@institutestevealbert.cat\"><span style=\"font-weight: 400;\" data-rich-links=\"{&quot;per_n&quot;:&quot;cap_educaciofisica@institutestevealbert.cat&quot;,&quot;per_e&quot;:&quot;cap_educaciofisica@institutestevealbert.cat&quot;,&quot;type&quot;:&quot;person&quot;}\">cap_educaciofisica@institutestevealbert.cat<\/span><\/a><\/td>\n<\/tr>\n<tr style=\"height: 32px;\">\n<td style=\"width: 45.7486%; height: 32px;\"><strong>Dep. Orientaci\u00f3: <\/strong>Gemma Roquet<\/td>\n<td style=\"width: 56.0074%; height: 32px;\"><a href=\"mailto:cap_orientacio@institutestevealbert.cat\"><span style=\"font-weight: 400;\" data-rich-links=\"{&quot;per_n&quot;:&quot;cap_educaciofisica@institutestevealbert.cat&quot;,&quot;per_e&quot;:&quot;cap_educaciofisica@institutestevealbert.cat&quot;,&quot;type&quot;:&quot;person&quot;}\">cap_orientacio@institutestevealbert.cat<\/span><\/a><\/td>\n<\/tr>\n<\/tbody>\n<\/table>\n<p><span style=\"color: #000080;\"><strong style=\"font-family: inherit; font-size: 1em;\">PAS<\/strong><\/span><\/p>\n<table style=\"border-collapse: collapse; width: 100%;\">\n<tbody>\n<tr>\n<td style=\"width: 46.1183%;\"><strong>Consergeria:<\/strong> Emilio Calderon, Carla Lamana i Jocabed Rubio<\/td>\n<td style=\"width: 53.8817%;\"><a href=\"mailto:consergeria@institutestevealbert.cat\">consergeria@institutestevealbert.cat<\/a><\/td>\n<\/tr>\n<tr>\n<td style=\"width: 46.1183%;\"><strong>Administratiu:<\/strong> Enric Sell\u00e9s<\/td>\n<td style=\"width: 53.8817%;\"><a href=\"mailto:enric.selles@institutestevealbert.cat\">enric.selles@institutestevealbert.cat<\/a><\/td>\n<\/tr>\n<\/tbody>\n<\/table>\n\n\n<p><\/p>\n","protected":false},"excerpt":{"rendered":"<p>EQUIP DIRECTIU<\/p>\n<p>Direcci\u00f3: <a href=\"https:\/\/agora.xtec.cat\/iesmontalt\/wp-content\/uploads\/usu1666\/2026\/03\/Curriculum-Francina-2026.pdf\">Francina Turon<\/a><br \/>\n<a href=\"mailto:francina.turon@institutestevealbert.cat\">francina.turon@institutestevealbert.cat<\/a><\/p>\n<p>Cap d&#8217;estudis: Gemma Recolons<br \/>\n<a href=\"mailto:gemma.recolons@institutestevealbert.cat\">gemma.recolons@institutestevealbert.cat<\/a><\/p>\n<p>Secretaria: Amara L\u00f3pez<br \/>\n<a href=\"mailto:amara.lopez@institutestevealbert.cat\">amara.lopez@institutestevealbert.cat<\/a><\/p>\n<p>Coordinaci\u00f3 pedag\u00f2gica: N\u00faria Sol\u00e0<br \/>\n<a href=\"mailto:nuria.sola@institutestevealbert.cat\">nuria.sola@institutestevealbert.cat<\/a><\/p>\n<p>COORDINACIONS<\/p>\n<p>Coordinaci\u00f3 1r: Cristina Sintas<br \/>\n<a href=\"mailto:coord_1r_eso@institutestevealbert.cat\">coord_1r_eso@institutestevealbert.cat<\/a><\/p>\n<p>Coordinaci\u00f3 2n: Asunci\u00f3n Balmaseda<br \/>\n<a href=\"mailto:coord_2n_eso@institutestevealbert.cat\">coord_2n_eso@institutestevealbert.cat<\/a><\/p>\n<p>Coordinaci\u00f3 3r: Sara Ferrer<br \/>\n<a href=\"mailto:coord_3r_eso@institutestevealbert.cat\">coord_3r_eso@institutestevealbert.cat<\/a><\/p>\n<p>Coordinaci\u00f3 4t: Laura Fuset<br \/>\n<a href=\"mailto:coord_4t_eso@institutestevealbert.cat\">coord_4t_eso@institutestevealbert.cat<\/a><\/p>\n<p>Coordinaci\u00f3 batxillerat: Esther Gras<br \/>\n<a href=\"mailto:coord_bat@institutestevealbert.cat\">coord_bat@institutestevealbert.cat<\/a><\/p>\n<p>Coordinaci\u00f3 Clickedu: \u00c0lex Narv\u00e1ez<br \/>\n<a href=\"mailto:clickedu@institutestevealbert.cat\">clickedu@institutestevealbert.cat<\/a><\/p>\n<p>Coordinaci\u00f3 Treball de Recerca: Albert&hellip;  <a href=\"https:\/\/agora.xtec.cat\/iesmontalt\/linstitut\/organigrama\/\" title=\"Read Organigrama\">Llegeix m\u00e9s\u00bb<\/a><\/p>\n","protected":false},"author":1,"featured_media":0,"parent":19,"menu_order":50,"comment_status":"closed","ping_status":"closed","template":"page-templates\/side-menu.php","meta":{"_bbp_topic_count":0,"_bbp_reply_count":0,"_bbp_total_topic_count":0,"_bbp_total_reply_count":0,"_bbp_voice_count":0,"_bbp_anonymous_reply_count":0,"_bbp_topic_count_hidden":0,"_bbp_reply_count_hidden":0,"_bbp_forum_subforum_count":0,"footnotes":""},"class_list":["post-46","page","type-page","status-publish","hentry"],"post_mailing_queue_ids":[],"_links":{"self":[{"href":"https:\/\/agora.xtec.cat\/iesmontalt\/wp-json\/wp\/v2\/pages\/46","targetHints":{"allow":["GET"]}}],"collection":[{"href":"https:\/\/agora.xtec.cat\/iesmontalt\/wp-json\/wp\/v2\/pages"}],"about":[{"href":"https:\/\/agora.xtec.cat\/iesmontalt\/wp-json\/wp\/v2\/types\/page"}],"author":[{"embeddable":true,"href":"https:\/\/agora.xtec.cat\/iesmontalt\/wp-json\/wp\/v2\/users\/1"}],"replies":[{"embeddable":true,"href":"https:\/\/agora.xtec.cat\/iesmontalt\/wp-json\/wp\/v2\/comments?post=46"}],"version-history":[{"count":6,"href":"https:\/\/agora.xtec.cat\/iesmontalt\/wp-json\/wp\/v2\/pages\/46\/revisions"}],"predecessor-version":[{"id":22746,"href":"https:\/\/agora.xtec.cat\/iesmontalt\/wp-json\/wp\/v2\/pages\/46\/revisions\/22746"}],"up":[{"embeddable":true,"href":"https:\/\/agora.xtec.cat\/iesmontalt\/wp-json\/wp\/v2\/pages\/19"}],"wp:attachment":[{"href":"https:\/\/agora.xtec.cat\/iesmontalt\/wp-json\/wp\/v2\/media?parent=46"}],"curies":[{"name":"wp","href":"https:\/\/api.w.org\/{rel}","templated":true}]}}