{"id":892,"date":"2020-08-05T10:14:39","date_gmt":"2020-08-05T08:14:39","guid":{"rendered":"https:\/\/agora.xtec.cat\/iesmollet\/?page_id=892"},"modified":"2025-03-17T08:53:02","modified_gmt":"2025-03-17T07:53:02","slug":"intercanvi-amb-ravensburg","status":"publish","type":"page","link":"https:\/\/agora.xtec.cat\/iesmollet\/intercanvi-amb-ravensburg\/","title":{"rendered":"Intercanvi amb Ravensburg"},"content":{"rendered":"<p>El nostre institut participa cada any en el\u00a0<strong>programa d\u2019intercanvi amb la ciutat alemanya de Ravensburg<\/strong>, situada a l&#8217;estat federat de\u00a0<strong>Baden-W\u00fcrttemberg<\/strong>\u00a0i agermanada amb Mollet del Vall\u00e8s. Aquest projecte, que t\u00e9\u00a0<strong>m\u00e9s de deu anys d\u2019hist\u00f2ria<\/strong>, permet als estudiants de batxillerat millorar les seves compet\u00e8ncies ling\u00fc\u00edstiques mentre gaudeixen d\u2019una experi\u00e8ncia internacional molt interessant per a la seva formaci\u00f3.<\/p>\n<p style=\"font-family: 'Helvetica Neue', Helvetica, Helvetica, Arial, sans-serif; font-size: 16px;\"><span style=\"color: #2795b6;\"><a style=\"color: #2795b6;\" href=\"https:\/\/agora.xtec.cat\/iesmollet\/wp-content\/uploads\/usu655\/2025\/03\/Locator_map_RV_in_Germany.jpg\"><img loading=\"lazy\" decoding=\"async\" class=\"wp-image-3364 aligncenter\" src=\"https:\/\/agora.xtec.cat\/iesmollet\/wp-content\/uploads\/usu655\/2025\/03\/Locator_map_RV_in_Germany-865x1024.jpg\" alt=\"\" width=\"176\" height=\"208\" srcset=\"https:\/\/agora.xtec.cat\/iesmollet\/wp-content\/uploads\/usu655\/2025\/03\/Locator_map_RV_in_Germany-865x1024.jpg 865w, https:\/\/agora.xtec.cat\/iesmollet\/wp-content\/uploads\/usu655\/2025\/03\/Locator_map_RV_in_Germany-253x300.jpg 253w, https:\/\/agora.xtec.cat\/iesmollet\/wp-content\/uploads\/usu655\/2025\/03\/Locator_map_RV_in_Germany-768x909.jpg 768w, https:\/\/agora.xtec.cat\/iesmollet\/wp-content\/uploads\/usu655\/2025\/03\/Locator_map_RV_in_Germany.jpg 1075w\" sizes=\"auto, (max-width: 176px) 100vw, 176px\" \/><\/a><a href=\"https:\/\/agora.xtec.cat\/iesmollet\/wp-content\/uploads\/usu655\/2025\/03\/Ravensburg_im_Landkreis_Ravensburg.png\"><img loading=\"lazy\" decoding=\"async\" class=\"wp-image-3359 aligncenter\" src=\"https:\/\/agora.xtec.cat\/iesmollet\/wp-content\/uploads\/usu655\/2025\/03\/Ravensburg_im_Landkreis_Ravensburg.png\" alt=\"\" width=\"253\" height=\"198\" srcset=\"https:\/\/agora.xtec.cat\/iesmollet\/wp-content\/uploads\/usu655\/2025\/03\/Ravensburg_im_Landkreis_Ravensburg.png 949w, https:\/\/agora.xtec.cat\/iesmollet\/wp-content\/uploads\/usu655\/2025\/03\/Ravensburg_im_Landkreis_Ravensburg-300x235.png 300w, https:\/\/agora.xtec.cat\/iesmollet\/wp-content\/uploads\/usu655\/2025\/03\/Ravensburg_im_Landkreis_Ravensburg-768x602.png 768w\" sizes=\"auto, (max-width: 253px) 100vw, 253px\" \/><\/a><\/span><\/p>\n<p>Durant una setmana, els nostres alumnes viatgen a Ravensburg i s\u2019allotgen amb les fam\u00edlies dels alumnes de l&#8217;institut de Ravensburg, immersos en el dia a dia alemany. Participen en activitats culturals i excursions que els ajuden a con\u00e8ixer millor el pa\u00eds. Anteriorment, els estudiants alemanys han passat una setmana a Mollet, allotjats a casa dels nostres alumnes, seguint la mateixa din\u00e0mica d\u2019intercanvi i conviv\u00e8ncia.<\/p>\n<p><a href=\"https:\/\/agora.xtec.cat\/iesmollet\/wp-content\/uploads\/usu655\/2025\/03\/2f80f66e6030d5bf_14bd082a1deea3cc.jpg\"><img loading=\"lazy\" decoding=\"async\" class=\"wp-image-3360 aligncenter\" src=\"https:\/\/agora.xtec.cat\/iesmollet\/wp-content\/uploads\/usu655\/2025\/03\/2f80f66e6030d5bf_14bd082a1deea3cc-1024x679.jpg\" alt=\"\" width=\"300\" height=\"199\" srcset=\"https:\/\/agora.xtec.cat\/iesmollet\/wp-content\/uploads\/usu655\/2025\/03\/2f80f66e6030d5bf_14bd082a1deea3cc-1024x679.jpg 1024w, https:\/\/agora.xtec.cat\/iesmollet\/wp-content\/uploads\/usu655\/2025\/03\/2f80f66e6030d5bf_14bd082a1deea3cc-300x199.jpg 300w, https:\/\/agora.xtec.cat\/iesmollet\/wp-content\/uploads\/usu655\/2025\/03\/2f80f66e6030d5bf_14bd082a1deea3cc-768x509.jpg 768w, https:\/\/agora.xtec.cat\/iesmollet\/wp-content\/uploads\/usu655\/2025\/03\/2f80f66e6030d5bf_14bd082a1deea3cc-1536x1018.jpg 1536w, https:\/\/agora.xtec.cat\/iesmollet\/wp-content\/uploads\/usu655\/2025\/03\/2f80f66e6030d5bf_14bd082a1deea3cc.jpg 1575w\" sizes=\"auto, (max-width: 300px) 100vw, 300px\" \/><\/a><\/p>\n<p>L\u2019objectiu principal d\u2019aquest programa \u00e9s fomentar l\u2019<strong>aprenentatge i la millora de l\u2019angl\u00e8s<\/strong>, ja que \u00e9s la llengua de comunicaci\u00f3 principal entre els participants. A m\u00e9s, els estudiants desenvolupen habilitats socials, guanyen autonomia i estableixen amistats que sovint es mantenen m\u00e9s enll\u00e0 de l\u2019intercanvi.<\/p>\n<p><a href=\"https:\/\/agora.xtec.cat\/iesmollet\/wp-content\/uploads\/usu655\/2025\/03\/Burg-Ravensburg.jpg\"><img loading=\"lazy\" decoding=\"async\" class=\"wp-image-3363 aligncenter\" src=\"https:\/\/agora.xtec.cat\/iesmollet\/wp-content\/uploads\/usu655\/2025\/03\/Burg-Ravensburg-1024x524.jpg\" alt=\"\" width=\"363\" height=\"186\" srcset=\"https:\/\/agora.xtec.cat\/iesmollet\/wp-content\/uploads\/usu655\/2025\/03\/Burg-Ravensburg-1024x524.jpg 1024w, https:\/\/agora.xtec.cat\/iesmollet\/wp-content\/uploads\/usu655\/2025\/03\/Burg-Ravensburg-300x154.jpg 300w, https:\/\/agora.xtec.cat\/iesmollet\/wp-content\/uploads\/usu655\/2025\/03\/Burg-Ravensburg-768x393.jpg 768w, https:\/\/agora.xtec.cat\/iesmollet\/wp-content\/uploads\/usu655\/2025\/03\/Burg-Ravensburg.jpg 1200w\" sizes=\"auto, (max-width: 363px) 100vw, 363px\" \/><\/a><\/p>\n<p>Aquest projecte, consolidat al nostre institut, representa una experi\u00e8ncia educativa i personal molt valuosa per als alumnes, que any rere any en tornen amb grans records i nous coneixements. Per a m\u00e9s informaci\u00f3 sobre l\u2019intercanvi Ravensburg-Mollet, podeu contactar amb el professorat responsable del programa.<\/p>\n<p><a href=\"https:\/\/agora.xtec.cat\/iesmollet\/wp-content\/uploads\/usu655\/2025\/03\/2ac4d6f84228d5egd77b66faf6fa3919@2x.jpg\"><img loading=\"lazy\" decoding=\"async\" class=\"wp-image-3358 aligncenter\" src=\"https:\/\/agora.xtec.cat\/iesmollet\/wp-content\/uploads\/usu655\/2025\/03\/2ac4d6f84228d5egd77b66faf6fa3919@2x.jpg\" alt=\"\" width=\"301\" height=\"199\" srcset=\"https:\/\/agora.xtec.cat\/iesmollet\/wp-content\/uploads\/usu655\/2025\/03\/2ac4d6f84228d5egd77b66faf6fa3919@2x.jpg 1000w, https:\/\/agora.xtec.cat\/iesmollet\/wp-content\/uploads\/usu655\/2025\/03\/2ac4d6f84228d5egd77b66faf6fa3919@2x-300x199.jpg 300w, https:\/\/agora.xtec.cat\/iesmollet\/wp-content\/uploads\/usu655\/2025\/03\/2ac4d6f84228d5egd77b66faf6fa3919@2x-768x509.jpg 768w\" sizes=\"auto, (max-width: 301px) 100vw, 301px\" \/><\/a><\/p>\n","protected":false},"excerpt":{"rendered":"<p>El nostre institut participa cada any en el\u00a0programa d\u2019intercanvi amb la ciutat alemanya de Ravensburg, situada a l&#8217;estat federat de\u00a0Baden-W\u00fcrttemberg\u00a0i agermanada amb Mollet del Vall\u00e8s. Aquest projecte, que t\u00e9\u00a0m\u00e9s de deu anys d\u2019hist\u00f2ria, permet als estudiants de batxillerat millorar les seves compet\u00e8ncies ling\u00fc\u00edstiques mentre gaudeixen&hellip;  <a href=\"https:\/\/agora.xtec.cat\/iesmollet\/intercanvi-amb-ravensburg\/\" title=\"Read Intercanvi amb Ravensburg\">Llegeix m\u00e9s\u00bb<\/a><\/p>\n","protected":false},"author":1,"featured_media":0,"parent":0,"menu_order":0,"comment_status":"closed","ping_status":"closed","template":"","meta":{"_bbp_topic_count":0,"_bbp_reply_count":0,"_bbp_total_topic_count":0,"_bbp_total_reply_count":0,"_bbp_voice_count":0,"_bbp_anonymous_reply_count":0,"_bbp_topic_count_hidden":0,"_bbp_reply_count_hidden":0,"_bbp_forum_subforum_count":0,"footnotes":""},"class_list":["post-892","page","type-page","status-publish","hentry"],"post_mailing_queue_ids":[],"_links":{"self":[{"href":"https:\/\/agora.xtec.cat\/iesmollet\/wp-json\/wp\/v2\/pages\/892","targetHints":{"allow":["GET"]}}],"collection":[{"href":"https:\/\/agora.xtec.cat\/iesmollet\/wp-json\/wp\/v2\/pages"}],"about":[{"href":"https:\/\/agora.xtec.cat\/iesmollet\/wp-json\/wp\/v2\/types\/page"}],"author":[{"embeddable":true,"href":"https:\/\/agora.xtec.cat\/iesmollet\/wp-json\/wp\/v2\/users\/1"}],"replies":[{"embeddable":true,"href":"https:\/\/agora.xtec.cat\/iesmollet\/wp-json\/wp\/v2\/comments?post=892"}],"version-history":[{"count":5,"href":"https:\/\/agora.xtec.cat\/iesmollet\/wp-json\/wp\/v2\/pages\/892\/revisions"}],"predecessor-version":[{"id":3366,"href":"https:\/\/agora.xtec.cat\/iesmollet\/wp-json\/wp\/v2\/pages\/892\/revisions\/3366"}],"wp:attachment":[{"href":"https:\/\/agora.xtec.cat\/iesmollet\/wp-json\/wp\/v2\/media?parent=892"}],"curies":[{"name":"wp","href":"https:\/\/api.w.org\/{rel}","templated":true}]}}

<p>El nostre institut participa cada any en el <strong>programa d’intercanvi amb la ciutat alemanya de Ravensburg</strong>, situada a l&#8217;estat federat de <strong>Baden-Württemberg</strong> i agermanada amb Mollet del Vallès. Aquest projecte, que té <strong>més de deu anys d’història</strong>, permet als estudiants de batxillerat millorar les seves competències lingüístiques mentre gaudeixen d’una experiència internacional molt interessant per a la seva formació.</p>
<p style="font-family: 'Helvetica Neue', Helvetica, Helvetica, Arial, sans-serif; font-size: 16px;"><span style="color: #2795b6;"><a style="color: #2795b6;" href="https://agora.xtec.cat/iesmollet/wp-content/uploads/usu655/2025/03/Locator_map_RV_in_Germany.jpg"><img loading="lazy" decoding="async" class="wp-image-3364 aligncenter" src="https://agora.xtec.cat/iesmollet/wp-content/uploads/usu655/2025/03/Locator_map_RV_in_Germany-865x1024.jpg" alt="" width="176" height="208" srcset="https://agora.xtec.cat/iesmollet/wp-content/uploads/usu655/2025/03/Locator_map_RV_in_Germany-865x1024.jpg 865w, https://agora.xtec.cat/iesmollet/wp-content/uploads/usu655/2025/03/Locator_map_RV_in_Germany-253x300.jpg 253w, https://agora.xtec.cat/iesmollet/wp-content/uploads/usu655/2025/03/Locator_map_RV_in_Germany-768x909.jpg 768w, https://agora.xtec.cat/iesmollet/wp-content/uploads/usu655/2025/03/Locator_map_RV_in_Germany.jpg 1075w" sizes="auto, (max-width: 176px) 100vw, 176px" /></a><a href="https://agora.xtec.cat/iesmollet/wp-content/uploads/usu655/2025/03/Ravensburg_im_Landkreis_Ravensburg.png"><img loading="lazy" decoding="async" class="wp-image-3359 aligncenter" src="https://agora.xtec.cat/iesmollet/wp-content/uploads/usu655/2025/03/Ravensburg_im_Landkreis_Ravensburg.png" alt="" width="253" height="198" srcset="https://agora.xtec.cat/iesmollet/wp-content/uploads/usu655/2025/03/Ravensburg_im_Landkreis_Ravensburg.png 949w, https://agora.xtec.cat/iesmollet/wp-content/uploads/usu655/2025/03/Ravensburg_im_Landkreis_Ravensburg-300x235.png 300w, https://agora.xtec.cat/iesmollet/wp-content/uploads/usu655/2025/03/Ravensburg_im_Landkreis_Ravensburg-768x602.png 768w" sizes="auto, (max-width: 253px) 100vw, 253px" /></a></span></p>
<p>Durant una setmana, els nostres alumnes viatgen a Ravensburg i s’allotgen amb les famílies dels alumnes de l&#8217;institut de Ravensburg, immersos en el dia a dia alemany. Participen en activitats culturals i excursions que els ajuden a conèixer millor el país. Anteriorment, els estudiants alemanys han passat una setmana a Mollet, allotjats a casa dels nostres alumnes, seguint la mateixa dinàmica d’intercanvi i convivència.</p>
<p><a href="https://agora.xtec.cat/iesmollet/wp-content/uploads/usu655/2025/03/2f80f66e6030d5bf_14bd082a1deea3cc.jpg"><img loading="lazy" decoding="async" class="wp-image-3360 aligncenter" src="https://agora.xtec.cat/iesmollet/wp-content/uploads/usu655/2025/03/2f80f66e6030d5bf_14bd082a1deea3cc-1024x679.jpg" alt="" width="300" height="199" srcset="https://agora.xtec.cat/iesmollet/wp-content/uploads/usu655/2025/03/2f80f66e6030d5bf_14bd082a1deea3cc-1024x679.jpg 1024w, https://agora.xtec.cat/iesmollet/wp-content/uploads/usu655/2025/03/2f80f66e6030d5bf_14bd082a1deea3cc-300x199.jpg 300w, https://agora.xtec.cat/iesmollet/wp-content/uploads/usu655/2025/03/2f80f66e6030d5bf_14bd082a1deea3cc-768x509.jpg 768w, https://agora.xtec.cat/iesmollet/wp-content/uploads/usu655/2025/03/2f80f66e6030d5bf_14bd082a1deea3cc-1536x1018.jpg 1536w, https://agora.xtec.cat/iesmollet/wp-content/uploads/usu655/2025/03/2f80f66e6030d5bf_14bd082a1deea3cc.jpg 1575w" sizes="auto, (max-width: 300px) 100vw, 300px" /></a></p>
<p>L’objectiu principal d’aquest programa és fomentar l’<strong>aprenentatge i la millora de l’anglès</strong>, ja que és la llengua de comunicació principal entre els participants. A més, els estudiants desenvolupen habilitats socials, guanyen autonomia i estableixen amistats que sovint es mantenen més enllà de l’intercanvi.</p>
<p><a href="https://agora.xtec.cat/iesmollet/wp-content/uploads/usu655/2025/03/Burg-Ravensburg.jpg"><img loading="lazy" decoding="async" class="wp-image-3363 aligncenter" src="https://agora.xtec.cat/iesmollet/wp-content/uploads/usu655/2025/03/Burg-Ravensburg-1024x524.jpg" alt="" width="363" height="186" srcset="https://agora.xtec.cat/iesmollet/wp-content/uploads/usu655/2025/03/Burg-Ravensburg-1024x524.jpg 1024w, https://agora.xtec.cat/iesmollet/wp-content/uploads/usu655/2025/03/Burg-Ravensburg-300x154.jpg 300w, https://agora.xtec.cat/iesmollet/wp-content/uploads/usu655/2025/03/Burg-Ravensburg-768x393.jpg 768w, https://agora.xtec.cat/iesmollet/wp-content/uploads/usu655/2025/03/Burg-Ravensburg.jpg 1200w" sizes="auto, (max-width: 363px) 100vw, 363px" /></a></p>
<p>Aquest projecte, consolidat al nostre institut, representa una experiència educativa i personal molt valuosa per als alumnes, que any rere any en tornen amb grans records i nous coneixements. Per a més informació sobre l’intercanvi Ravensburg-Mollet, podeu contactar amb el professorat responsable del programa.</p>
<p><a href="https://agora.xtec.cat/iesmollet/wp-content/uploads/usu655/2025/03/2ac4d6f84228d5egd77b66faf6fa3919@2x.jpg"><img loading="lazy" decoding="async" class="wp-image-3358 aligncenter" src="https://agora.xtec.cat/iesmollet/wp-content/uploads/usu655/2025/03/2ac4d6f84228d5egd77b66faf6fa3919@2x.jpg" alt="" width="301" height="199" srcset="https://agora.xtec.cat/iesmollet/wp-content/uploads/usu655/2025/03/2ac4d6f84228d5egd77b66faf6fa3919@2x.jpg 1000w, https://agora.xtec.cat/iesmollet/wp-content/uploads/usu655/2025/03/2ac4d6f84228d5egd77b66faf6fa3919@2x-300x199.jpg 300w, https://agora.xtec.cat/iesmollet/wp-content/uploads/usu655/2025/03/2ac4d6f84228d5egd77b66faf6fa3919@2x-768x509.jpg 768w" sizes="auto, (max-width: 301px) 100vw, 301px" /></a></p>

<p>El nostre institut participa cada any en el programa d’intercanvi amb la ciutat alemanya de Ravensburg, situada a l&#8217;estat federat de Baden-Württemberg i agermanada amb Mollet del Vallès. Aquest projecte, que té més de deu anys d’història, permet als estudiants de batxillerat millorar les seves competències lingüístiques mentre gaudeixen&hellip;  <a href="https://agora.xtec.cat/iesmollet/intercanvi-amb-ravensburg/" title="Read Intercanvi amb Ravensburg">Llegeix més»</a></p>
