{"id":767,"date":"2020-07-22T11:54:30","date_gmt":"2020-07-22T09:54:30","guid":{"rendered":"https:\/\/agora.xtec.cat\/iesmollet\/?page_id=767"},"modified":"2026-04-29T15:59:08","modified_gmt":"2026-04-29T13:59:08","slug":"fp-dual","status":"publish","type":"page","link":"https:\/\/agora.xtec.cat\/iesmollet\/fp-dual\/","title":{"rendered":"DUAL Intensiva"},"content":{"rendered":"<p><span style=\"font-weight: 400;\">La Formaci\u00f3 Professional (FP) Dual Intensiva \u00e9s la modalitat de formaci\u00f3 professional en la qual l\u2019estudiant esdev\u00e9 aprenent i combina la formaci\u00f3 en el centre educatiu amb l\u2019activitat a l\u2019empresa.<\/span><\/p>\n<p><span style=\"font-weight: 400;\">Els seus principals\u00a0objectius\u00a0s\u00f3n:<\/span><\/p>\n<ul>\n<li><span style=\"font-weight: 400;\">Augmentar la col\u00b7laboraci\u00f3 entre els centres formatius d&#8217;FP i les empreses.<\/span><\/li>\n<li><span style=\"font-weight: 400;\">Ajudar-te a con\u00e8ixer m\u00e9s de prop el sector en el qual treballar\u00e0s.<\/span><\/li>\n<li><span style=\"font-weight: 400;\">Facilitar-te la futura incorporaci\u00f3 al mercat de treball.<\/span><\/li>\n<li><span style=\"font-weight: 400;\">Millorar la teva qualificaci\u00f3 professional.<\/span><\/li>\n<li><span style=\"font-weight: 400;\">Adequar la formaci\u00f3 professional a les necessitats de les empreses.\u00a0<\/span><\/li>\n<li><span style=\"font-weight: 400;\">Incrementar la vinculaci\u00f3 i la corresponsabilitat del teixit empresarial amb la Formaci\u00f3 Professional<\/span><span style=\"font-weight: 400;\">.\u00a0<\/span><\/li>\n<\/ul>\n<p>L\u00b4oferta curricular de FORMACI\u00d3 PROFESSIONAL en el centre inclou tots els t\u00edtols en DUAL Intensiva:<\/p>\n<p style=\"text-align: justify;\"><a href=\"https:\/\/agora.xtec.cat\/iesmollet\/wp-content\/uploads\/usu655\/2020\/07\/fpdual.jpg\"><img loading=\"lazy\" decoding=\"async\" class=\"alignnone size-large wp-image-832\" src=\"https:\/\/agora.xtec.cat\/iesmollet\/wp-content\/uploads\/usu655\/2020\/07\/fpdual-724x1024.jpg\" alt=\"\" width=\"724\" height=\"1024\" srcset=\"https:\/\/agora.xtec.cat\/iesmollet\/wp-content\/uploads\/usu655\/2020\/07\/fpdual-724x1024.jpg 724w, https:\/\/agora.xtec.cat\/iesmollet\/wp-content\/uploads\/usu655\/2020\/07\/fpdual-212x300.jpg 212w, https:\/\/agora.xtec.cat\/iesmollet\/wp-content\/uploads\/usu655\/2020\/07\/fpdual-768x1086.jpg 768w, https:\/\/agora.xtec.cat\/iesmollet\/wp-content\/uploads\/usu655\/2020\/07\/fpdual.jpg 1587w\" sizes=\"auto, (max-width: 724px) 100vw, 724px\" \/><\/a><\/p>\n<p>Per m\u00e9s informaci\u00f3 de la formaci\u00f3 dual al nostre centre visualitza el v\u00eddeo.<\/p>\n<div style=\"width: 1280px;\" class=\"wp-video\"><!--[if lt IE 9]><script>document.createElement('video');<\/script><![endif]-->\n<video class=\"wp-video-shortcode\" id=\"video-767-1\" width=\"1280\" height=\"720\" preload=\"metadata\" controls=\"controls\"><source type=\"video\/mp4\" src=\"https:\/\/agora.xtec.cat\/iesmollet\/wp-content\/uploads\/usu655\/2020\/07\/FP-DUAL-Institut-de-Mollet-del-Vall\u00e8s.mp4?_=1\" \/><a href=\"https:\/\/agora.xtec.cat\/iesmollet\/wp-content\/uploads\/usu655\/2020\/07\/FP-DUAL-Institut-de-Mollet-del-Vall\u00e8s.mp4\">https:\/\/agora.xtec.cat\/iesmollet\/wp-content\/uploads\/usu655\/2020\/07\/FP-DUAL-Institut-de-Mollet-del-Vall\u00e8s.mp4<\/a><\/video><\/div>\n","protected":false},"excerpt":{"rendered":"<p>La Formaci\u00f3 Professional (FP) Dual Intensiva \u00e9s la modalitat de formaci\u00f3 professional en la qual l\u2019estudiant esdev\u00e9 aprenent i combina la formaci\u00f3 en el centre educatiu amb l\u2019activitat a l\u2019empresa.<br \/>\nEls seus principals\u00a0objectius\u00a0s\u00f3n:<\/p>\n<ul>\n<li>Augmentar la col\u00b7laboraci\u00f3 entre els centres formatius d&#8217;FP i les empreses.<\/li>\n<li>Ajudar-te a con\u00e8ixer m\u00e9s&hellip;  <a href=\"https:\/\/agora.xtec.cat\/iesmollet\/fp-dual\/\" title=\"Read DUAL Intensiva\">Llegeix m\u00e9s\u00bb<\/a><br \/>\n","protected":false},"author":1,"featured_media":0,"parent":0,"menu_order":0,"comment_status":"closed","ping_status":"closed","template":"","meta":{"_bbp_topic_count":0,"_bbp_reply_count":0,"_bbp_total_topic_count":0,"_bbp_total_reply_count":0,"_bbp_voice_count":0,"_bbp_anonymous_reply_count":0,"_bbp_topic_count_hidden":0,"_bbp_reply_count_hidden":0,"_bbp_forum_subforum_count":0,"footnotes":""},"class_list":["post-767","page","type-page","status-publish","hentry"],"post_mailing_queue_ids":[],"_links":{"self":[{"href":"https:\/\/agora.xtec.cat\/iesmollet\/wp-json\/wp\/v2\/pages\/767","targetHints":{"allow":["GET"]}}],"collection":[{"href":"https:\/\/agora.xtec.cat\/iesmollet\/wp-json\/wp\/v2\/pages"}],"about":[{"href":"https:\/\/agora.xtec.cat\/iesmollet\/wp-json\/wp\/v2\/types\/page"}],"author":[{"embeddable":true,"href":"https:\/\/agora.xtec.cat\/iesmollet\/wp-json\/wp\/v2\/users\/1"}],"replies":[{"embeddable":true,"href":"https:\/\/agora.xtec.cat\/iesmollet\/wp-json\/wp\/v2\/comments?post=767"}],"version-history":[{"count":4,"href":"https:\/\/agora.xtec.cat\/iesmollet\/wp-json\/wp\/v2\/pages\/767\/revisions"}],"predecessor-version":[{"id":3900,"href":"https:\/\/agora.xtec.cat\/iesmollet\/wp-json\/wp\/v2\/pages\/767\/revisions\/3900"}],"wp:attachment":[{"href":"https:\/\/agora.xtec.cat\/iesmollet\/wp-json\/wp\/v2\/media?parent=767"}],"curies":[{"name":"wp","href":"https:\/\/api.w.org\/{rel}","templated":true}]}}

<p><span style="font-weight: 400;">La Formació Professional (FP) Dual Intensiva és la modalitat de formació professional en la qual l’estudiant esdevé aprenent i combina la formació en el centre educatiu amb l’activitat a l’empresa.</span></p>
<p><span style="font-weight: 400;">Els seus principals objectius són:</span></p>
<ul>
<li><span style="font-weight: 400;">Augmentar la col·laboració entre els centres formatius d&#8217;FP i les empreses.</span></li>
<li><span style="font-weight: 400;">Ajudar-te a conèixer més de prop el sector en el qual treballaràs.</span></li>
<li><span style="font-weight: 400;">Facilitar-te la futura incorporació al mercat de treball.</span></li>
<li><span style="font-weight: 400;">Millorar la teva qualificació professional.</span></li>
<li><span style="font-weight: 400;">Adequar la formació professional a les necessitats de les empreses. </span></li>
<li><span style="font-weight: 400;">Incrementar la vinculació i la corresponsabilitat del teixit empresarial amb la Formació Professional</span><span style="font-weight: 400;">. </span></li>
</ul>
<p>L´oferta curricular de FORMACIÓ PROFESSIONAL en el centre inclou tots els títols en DUAL Intensiva:</p>
<p style="text-align: justify;"><a href="https://agora.xtec.cat/iesmollet/wp-content/uploads/usu655/2020/07/fpdual.jpg"><img loading="lazy" decoding="async" class="alignnone size-large wp-image-832" src="https://agora.xtec.cat/iesmollet/wp-content/uploads/usu655/2020/07/fpdual-724x1024.jpg" alt="" width="724" height="1024" srcset="https://agora.xtec.cat/iesmollet/wp-content/uploads/usu655/2020/07/fpdual-724x1024.jpg 724w, https://agora.xtec.cat/iesmollet/wp-content/uploads/usu655/2020/07/fpdual-212x300.jpg 212w, https://agora.xtec.cat/iesmollet/wp-content/uploads/usu655/2020/07/fpdual-768x1086.jpg 768w, https://agora.xtec.cat/iesmollet/wp-content/uploads/usu655/2020/07/fpdual.jpg 1587w" sizes="auto, (max-width: 724px) 100vw, 724px" /></a></p>
<p>Per més informació de la formació dual al nostre centre visualitza el vídeo.</p>
<div style="width: 1280px;" class="wp-video"><!--[if lt IE 9]><script>document.createElement('video');</script><![endif]-->
<video class="wp-video-shortcode" id="video-767-1" width="1280" height="720" preload="metadata" controls="controls"><source type="video/mp4" src="https://agora.xtec.cat/iesmollet/wp-content/uploads/usu655/2020/07/FP-DUAL-Institut-de-Mollet-del-Vallès.mp4?_=1" /><a href="https://agora.xtec.cat/iesmollet/wp-content/uploads/usu655/2020/07/FP-DUAL-Institut-de-Mollet-del-Vallès.mp4">https://agora.xtec.cat/iesmollet/wp-content/uploads/usu655/2020/07/FP-DUAL-Institut-de-Mollet-del-Vallès.mp4</a></video></div>

<p>La Formació Professional (FP) Dual Intensiva és la modalitat de formació professional en la qual l’estudiant esdevé aprenent i combina la formació en el centre educatiu amb l’activitat a l’empresa.<br />
Els seus principals objectius són:</p>
<ul>
<li>Augmentar la col·laboració entre els centres formatius d&#8217;FP i les empreses.</li>
<li>Ajudar-te a conèixer més&hellip;  <a href="https://agora.xtec.cat/iesmollet/fp-dual/" title="Read DUAL Intensiva">Llegeix més»</a><br />
