{"id":671,"date":"2020-07-17T07:26:51","date_gmt":"2020-07-17T05:26:51","guid":{"rendered":"https:\/\/agora.xtec.cat\/iesmollet\/?page_id=671"},"modified":"2021-01-20T16:52:03","modified_gmt":"2021-01-20T15:52:03","slug":"llistats-dadmesos","status":"publish","type":"page","link":"https:\/\/agora.xtec.cat\/iesmollet\/llistats-dadmesos\/","title":{"rendered":"Llistats d&#8217;admesos"},"content":{"rendered":"<div class=\"text c3\" style=\"color: #444444; font-family: 'Roboto condensed', sans-serif;\">\n<p style=\"margin-bottom: 10px;\"><a href=\"https:\/\/agora.xtec.cat\/iesmollet\/wp-content\/uploads\/usu655\/2021\/01\/LLISTA-PROVISSIONAL-ASSESSORAMENT.pdf\"><span style=\"text-decoration-line: underline; font-size: medium;\"><span style=\"font-weight: bold;\">Llista provisional d&#8217;admesos<\/span><\/span><\/a> (entra per visualitzar)<\/p>\n<p style=\"margin-bottom: 10px;\">Els candidats admesos s\u00f3n aquells per els quals les 4 \u00faltimes xifres del DNI o NIE coincideixen amb les publicades a la llista.<\/p>\n<p style=\"margin-bottom: 10px;\">Passat el per\u00edode de reclamacions es publicar\u00e0 la llista definitiva i els admesos hauran de procedir a la inscripci\u00f3, pagament del preu p\u00fablic i a fer la tramitaci\u00f3 a secretaria<\/p>\n<p style=\"margin-bottom: 10px;\"><span style=\"font-weight: bold;\">CFPM MECANITZACI\u00d3 (FM20)<\/span><\/p>\n<p style=\"margin-bottom: 10px;\"><span style=\"font-weight: bold;\">CFPS PROGRAMACI\u00d3 DE LA PRODUCCI\u00d3 EN FABRICACI\u00d3 MEC\u00c0NICA<\/span><\/p>\n<p style=\"margin-bottom: 10px;\"><span style=\"font-weight: bold;\">CFPS DISSENY EN FABRICACI\u00d3 MEC\u00c0NICA<\/span><\/p>\n<p style=\"margin-bottom: 10px;\"><span style=\"font-weight: bold;\">CFPM OPERACIONS DE LABORATORI (QU20)<\/span><\/p>\n<p style=\"margin-bottom: 10px;\"><span style=\"font-weight: bold;\">CFPS QU\u00cdMICA INDUSTRIAL (QUA0)<br \/>\n<\/span><\/p>\n<p style=\"margin-bottom: 10px;\">En cas de desacord es pot formular reclamaci\u00f3 amb el formulari adjunt a la secretaria del matexi centre.<\/p>\n<p style=\"margin-bottom: 10px;\"><span style=\"text-decoration-line: underline; font-size: medium;\"><span style=\"font-weight: bold;\"><a href=\"https:\/\/agora.xtec.cat\/iesmollet\/wp-content\/uploads\/usu655\/2021\/01\/Llista-definitiva.pdf\">Llista definitiva (entra per visualitzar)<\/a><\/span><\/span><\/p>\n<p style=\"margin-bottom: 10px;\"><span style=\"text-decoration-line: underline; font-size: medium;\"><span style=\"font-weight: bold;\">Documentaci\u00f3 que han d\u2019aportar les persones matriculades<\/span><\/span><\/p>\n<p style=\"margin-bottom: 10px;\">A la primera sessi\u00f3 d\u2019assessorament cal aportar la documentaci\u00f3 seg\u00fcent:<\/p>\n<p style=\"margin-bottom: 10px;\"><span style=\"font-weight: bold;\">Documentaci\u00f3 obligat\u00f2ria<\/span>:<\/p>\n<p style=\"margin-bottom: 10px;\">\u25a1\u00a0\u00a0\u00a0\u00a0\u00a0 Curr\u00edculum vitae<\/p>\n<p style=\"margin-bottom: 10px;\">\u25a1\u00a0\u00a0\u00a0\u00a0\u00a0 Informe de Vida laboral (sol\u00b7licitar a la Tresoreria de la Seguretat Social)<\/p>\n<p style=\"margin-bottom: 10px;\"><span style=\"font-weight: bold;\">Documentaci\u00f3 opciona<\/span>l:<\/p>\n<p style=\"margin-bottom: 10px;\">\u25a1\u00a0\u00a0\u00a0\u00a0\u00a0 Certificat d\u2019empresa o carta d\u2019empresa on s\u2019indiqui les funcions i activitats realitzades<\/p>\n<p style=\"margin-bottom: 10px;\">\u25a1\u00a0\u00a0\u00a0\u00a0\u00a0 T\u00edtols o certificats justificatius de titulacions oficials obtingudes<\/p>\n<p style=\"margin-bottom: 10px;\">\u25a1\u00a0\u00a0\u00a0\u00a0\u00a0 T\u00edtols o certificats justificatius de cursos realitzats (amb el nombre d\u2019hores realitzades)<\/p>\n<p>&nbsp;<\/p>\n<p style=\"margin-bottom: 10px;\"><span style=\"text-decoration-line: underline; font-size: small;\"><span style=\"font-weight: bold;\">Formulari per reclamacions a les llistes provisionals<\/span><\/span><\/p>\n<\/div>\n<p><span style=\"font-weight: bold; color: #333333; font-family: 'Roboto condensed', sans-serif; font-size: 14px;\">Arxius:<\/span><\/p>\n<ul class=\"nolist\" style=\"margin-top: 10px; margin-bottom: 10px; margin-left: 0px; list-style: none; color: #333333; font-family: 'Roboto condensed', sans-serif; font-size: 14px;\">\n<li style=\"margin-bottom: 5px;\"><img decoding=\"async\" style=\"border: 0px; vertical-align: middle;\" src=\"http:\/\/www.insmollet.cat\/img\/file_icons\/pdf.png\" \/>\u00a0\u00a0<a href=\"https:\/\/agora.xtec.cat\/iesmollet\/wp-content\/uploads\/usu655\/2020\/07\/104_Formulari_Reclamacions_sollicitud_assessorament.pdf\">Formulari de reclamacions<\/a><\/li>\n<\/ul>\n","protected":false},"excerpt":{"rendered":"<p><a href=\"https:\/\/agora.xtec.cat\/iesmollet\/wp-content\/uploads\/usu655\/2021\/01\/LLISTA-PROVISSIONAL-ASSESSORAMENT.pdf\">Llista provisional d&#8217;admesos<\/a> (entra per visualitzar)<br \/>\nEls candidats admesos s\u00f3n aquells per els quals les 4 \u00faltimes xifres del DNI o NIE coincideixen amb les publicades a la llista.<br \/>\nPassat el per\u00edode de reclamacions es publicar\u00e0 la llista definitiva i els admesos hauran de procedir a&hellip;  <a href=\"https:\/\/agora.xtec.cat\/iesmollet\/llistats-dadmesos\/\" title=\"Read Llistats d&#8217;admesos\">Llegeix m\u00e9s\u00bb<\/a><\/p>\n","protected":false},"author":1,"featured_media":0,"parent":0,"menu_order":0,"comment_status":"closed","ping_status":"closed","template":"","meta":{"_bbp_topic_count":0,"_bbp_reply_count":0,"_bbp_total_topic_count":0,"_bbp_total_reply_count":0,"_bbp_voice_count":0,"_bbp_anonymous_reply_count":0,"_bbp_topic_count_hidden":0,"_bbp_reply_count_hidden":0,"_bbp_forum_subforum_count":0,"footnotes":""},"class_list":["post-671","page","type-page","status-publish","hentry"],"post_mailing_queue_ids":[],"_links":{"self":[{"href":"https:\/\/agora.xtec.cat\/iesmollet\/wp-json\/wp\/v2\/pages\/671","targetHints":{"allow":["GET"]}}],"collection":[{"href":"https:\/\/agora.xtec.cat\/iesmollet\/wp-json\/wp\/v2\/pages"}],"about":[{"href":"https:\/\/agora.xtec.cat\/iesmollet\/wp-json\/wp\/v2\/types\/page"}],"author":[{"embeddable":true,"href":"https:\/\/agora.xtec.cat\/iesmollet\/wp-json\/wp\/v2\/users\/1"}],"replies":[{"embeddable":true,"href":"https:\/\/agora.xtec.cat\/iesmollet\/wp-json\/wp\/v2\/comments?post=671"}],"version-history":[{"count":3,"href":"https:\/\/agora.xtec.cat\/iesmollet\/wp-json\/wp\/v2\/pages\/671\/revisions"}],"predecessor-version":[{"id":1112,"href":"https:\/\/agora.xtec.cat\/iesmollet\/wp-json\/wp\/v2\/pages\/671\/revisions\/1112"}],"wp:attachment":[{"href":"https:\/\/agora.xtec.cat\/iesmollet\/wp-json\/wp\/v2\/media?parent=671"}],"curies":[{"name":"wp","href":"https:\/\/api.w.org\/{rel}","templated":true}]}}

<div class="text c3" style="color: #444444; font-family: 'Roboto condensed', sans-serif;">
<p style="margin-bottom: 10px;"><a href="https://agora.xtec.cat/iesmollet/wp-content/uploads/usu655/2021/01/LLISTA-PROVISSIONAL-ASSESSORAMENT.pdf"><span style="text-decoration-line: underline; font-size: medium;"><span style="font-weight: bold;">Llista provisional d&#8217;admesos</span></span></a> (entra per visualitzar)</p>
<p style="margin-bottom: 10px;">Els candidats admesos són aquells per els quals les 4 últimes xifres del DNI o NIE coincideixen amb les publicades a la llista.</p>
<p style="margin-bottom: 10px;">Passat el període de reclamacions es publicarà la llista definitiva i els admesos hauran de procedir a la inscripció, pagament del preu públic i a fer la tramitació a secretaria</p>
<p style="margin-bottom: 10px;"><span style="font-weight: bold;">CFPM MECANITZACIÓ (FM20)</span></p>
<p style="margin-bottom: 10px;"><span style="font-weight: bold;">CFPS PROGRAMACIÓ DE LA PRODUCCIÓ EN FABRICACIÓ MECÀNICA</span></p>
<p style="margin-bottom: 10px;"><span style="font-weight: bold;">CFPS DISSENY EN FABRICACIÓ MECÀNICA</span></p>
<p style="margin-bottom: 10px;"><span style="font-weight: bold;">CFPM OPERACIONS DE LABORATORI (QU20)</span></p>
<p style="margin-bottom: 10px;"><span style="font-weight: bold;">CFPS QUÍMICA INDUSTRIAL (QUA0)<br />
</span></p>
<p style="margin-bottom: 10px;">En cas de desacord es pot formular reclamació amb el formulari adjunt a la secretaria del matexi centre.</p>
<p style="margin-bottom: 10px;"><span style="text-decoration-line: underline; font-size: medium;"><span style="font-weight: bold;"><a href="https://agora.xtec.cat/iesmollet/wp-content/uploads/usu655/2021/01/Llista-definitiva.pdf">Llista definitiva (entra per visualitzar)</a></span></span></p>
<p style="margin-bottom: 10px;"><span style="text-decoration-line: underline; font-size: medium;"><span style="font-weight: bold;">Documentació que han d’aportar les persones matriculades</span></span></p>
<p style="margin-bottom: 10px;">A la primera sessió d’assessorament cal aportar la documentació següent:</p>
<p style="margin-bottom: 10px;"><span style="font-weight: bold;">Documentació obligatòria</span>:</p>
<p style="margin-bottom: 10px;">□      Currículum vitae</p>
<p style="margin-bottom: 10px;">□      Informe de Vida laboral (sol·licitar a la Tresoreria de la Seguretat Social)</p>
<p style="margin-bottom: 10px;"><span style="font-weight: bold;">Documentació opciona</span>l:</p>
<p style="margin-bottom: 10px;">□      Certificat d’empresa o carta d’empresa on s’indiqui les funcions i activitats realitzades</p>
<p style="margin-bottom: 10px;">□      Títols o certificats justificatius de titulacions oficials obtingudes</p>
<p style="margin-bottom: 10px;">□      Títols o certificats justificatius de cursos realitzats (amb el nombre d’hores realitzades)</p>
<p>&nbsp;</p>
<p style="margin-bottom: 10px;"><span style="text-decoration-line: underline; font-size: small;"><span style="font-weight: bold;">Formulari per reclamacions a les llistes provisionals</span></span></p>
</div>
<p><span style="font-weight: bold; color: #333333; font-family: 'Roboto condensed', sans-serif; font-size: 14px;">Arxius:</span></p>
<ul class="nolist" style="margin-top: 10px; margin-bottom: 10px; margin-left: 0px; list-style: none; color: #333333; font-family: 'Roboto condensed', sans-serif; font-size: 14px;">
<li style="margin-bottom: 5px;"><img decoding="async" style="border: 0px; vertical-align: middle;" src="http://www.insmollet.cat/img/file_icons/pdf.png" />  <a href="https://agora.xtec.cat/iesmollet/wp-content/uploads/usu655/2020/07/104_Formulari_Reclamacions_sollicitud_assessorament.pdf">Formulari de reclamacions</a></li>
</ul>

<p><a href="https://agora.xtec.cat/iesmollet/wp-content/uploads/usu655/2021/01/LLISTA-PROVISSIONAL-ASSESSORAMENT.pdf">Llista provisional d&#8217;admesos</a> (entra per visualitzar)<br />
Els candidats admesos són aquells per els quals les 4 últimes xifres del DNI o NIE coincideixen amb les publicades a la llista.<br />
Passat el període de reclamacions es publicarà la llista definitiva i els admesos hauran de procedir a&hellip;  <a href="https://agora.xtec.cat/iesmollet/llistats-dadmesos/" title="Read Llistats d&#8217;admesos">Llegeix més»</a></p>
