{"id":668,"date":"2020-07-17T07:26:51","date_gmt":"2020-07-17T05:26:51","guid":{"rendered":"https:\/\/agora.xtec.cat\/iesmollet\/?page_id=668"},"modified":"2020-07-17T07:43:44","modified_gmt":"2020-07-17T05:43:44","slug":"carta-compromis","status":"publish","type":"page","link":"https:\/\/agora.xtec.cat\/iesmollet\/carta-compromis\/","title":{"rendered":"Carta comprom\u00eds"},"content":{"rendered":"<h6 class=\"col-md-12 tcenter\"><span style=\"font-family: inherit; font-size: 1em; font-weight: normal;\">El centre <\/span><strong style=\"font-family: inherit; font-size: 1em;\">Institut Mollet del Vall\u00e8s<\/strong><span style=\"font-family: inherit; font-size: 1em; font-weight: normal;\">\u00a0es compromet ha realitzar un servei d\u2019assessorament i reconeixement dels aprenentatges d\u2019acord amb l\u2019establert a les normes i instruccions del Departament d\u2019Ensenyament, la qual cosa inclou:<\/span><\/h6>\n<div class=\"col-md-12\">\n<div class=\"text c3\">\n<ol>\n<li>Realitzar i publicar al taulell d\u2019anuncis i a la web del centre:\n<ol type=\"a\">\n<li>Les fam\u00edlies professionals per a les quals s\u2019ofereix el servei i els cicles associats.<\/li>\n<li>El nombre de places que s\u2019ofereixen per a cada fam\u00edlia professional.<\/li>\n<li>Els criteris i el procediment d\u2019admissi\u00f3 de les sol\u00b7licituds.<\/li>\n<li>Les dates del per\u00edode de sol\u00b7licitud al servei d\u2019assessorament.<\/li>\n<li>La data de publicaci\u00f3 de la llista d\u2018admesos al servei i les places de reserva en cas que hi hagi una demanda superior a les places ofertades, aix\u00ed com el preu del servei.<\/li>\n<li>El termini per presentar la documentaci\u00f3 i fer el pagament del preu del servei.<\/li>\n<li>El calendari del servei d\u2019assessorament.<\/li>\n<\/ol>\n<\/li>\n<li>Desplegar, almenys, un proc\u00e9s anual d\u2019informaci\u00f3 d\u2019assessorament dels aprenentatges assolits mitjan\u00e7ant l\u2019experi\u00e8ncia laboral o en activitats socials.<\/li>\n<li>Prestar, almenys, un servei d\u2019assessorament anual, per a cadascuna de les fam\u00edlies de l\u2019oferta publicada.<\/li>\n<li>Publicar les llistes d\u2019admesos al servei d\u2019assessorament en un per\u00edode m\u00e0xim de 7 dies h\u00e0bils despr\u00e9s del termini de sol\u2022licitud.<\/li>\n<li>Assignar una persona assessora experta en orientaci\u00f3 professional de la fam\u00edlia professional corresponent.<\/li>\n<li>Assessorar a les persones usu\u00e0ries en l\u2019elaboraci\u00f3 del dossier de traject\u00f2ria professional.<\/li>\n<li>Lliurar a les persones usu\u00e0ries un informe d\u2019assessorament, on costar\u00e0 l\u2019itinerari formatiu per assolir l\u2019objectiu professional desitjat i les recomanacions per dur-lo a terme.<\/li>\n<li>Realitzar enquestes per poder recollir el grau de satisfacci\u00f3 de les persones usu\u00e0ries sobre el servei proporcionat.<\/li>\n<li>Posar a l\u2019abast de la persona usu\u00e0ria un servei de queixes i\/o suggeriments, les quals tindran resposta en un termini no superior a 7 dies.<\/li>\n<\/ol>\n<\/div>\n<\/div>\n","protected":false},"excerpt":{"rendered":"<p>El centre Institut Mollet del Vall\u00e8s\u00a0es compromet ha realitzar un servei d\u2019assessorament i reconeixement dels aprenentatges d\u2019acord amb l\u2019establert a les normes i instruccions del Departament d\u2019Ensenyament, la qual cosa inclou:<\/p>\n<ol>\n<li>Realitzar i publicar al taulell d\u2019anuncis i a la web del centre:\n<ol type=\"a\">\n<li>Les fam\u00edlies professionals&hellip;  <a href=\"https:\/\/agora.xtec.cat\/iesmollet\/carta-compromis\/\" title=\"Read Carta comprom\u00eds\">Llegeix m\u00e9s\u00bb<\/a><br \/>\n","protected":false},"author":1,"featured_media":0,"parent":0,"menu_order":0,"comment_status":"closed","ping_status":"closed","template":"","meta":{"_bbp_topic_count":0,"_bbp_reply_count":0,"_bbp_total_topic_count":0,"_bbp_total_reply_count":0,"_bbp_voice_count":0,"_bbp_anonymous_reply_count":0,"_bbp_topic_count_hidden":0,"_bbp_reply_count_hidden":0,"_bbp_forum_subforum_count":0,"footnotes":""},"class_list":["post-668","page","type-page","status-publish","hentry"],"post_mailing_queue_ids":[],"_links":{"self":[{"href":"https:\/\/agora.xtec.cat\/iesmollet\/wp-json\/wp\/v2\/pages\/668","targetHints":{"allow":["GET"]}}],"collection":[{"href":"https:\/\/agora.xtec.cat\/iesmollet\/wp-json\/wp\/v2\/pages"}],"about":[{"href":"https:\/\/agora.xtec.cat\/iesmollet\/wp-json\/wp\/v2\/types\/page"}],"author":[{"embeddable":true,"href":"https:\/\/agora.xtec.cat\/iesmollet\/wp-json\/wp\/v2\/users\/1"}],"replies":[{"embeddable":true,"href":"https:\/\/agora.xtec.cat\/iesmollet\/wp-json\/wp\/v2\/comments?post=668"}],"version-history":[{"count":3,"href":"https:\/\/agora.xtec.cat\/iesmollet\/wp-json\/wp\/v2\/pages\/668\/revisions"}],"predecessor-version":[{"id":698,"href":"https:\/\/agora.xtec.cat\/iesmollet\/wp-json\/wp\/v2\/pages\/668\/revisions\/698"}],"wp:attachment":[{"href":"https:\/\/agora.xtec.cat\/iesmollet\/wp-json\/wp\/v2\/media?parent=668"}],"curies":[{"name":"wp","href":"https:\/\/api.w.org\/{rel}","templated":true}]}}

Carta compromís

<h6 class="col-md-12 tcenter"><span style="font-family: inherit; font-size: 1em; font-weight: normal;">El centre </span><strong style="font-family: inherit; font-size: 1em;">Institut Mollet del Vallès</strong><span style="font-family: inherit; font-size: 1em; font-weight: normal;"> es compromet ha realitzar un servei d’assessorament i reconeixement dels aprenentatges d’acord amb l’establert a les normes i instruccions del Departament d’Ensenyament, la qual cosa inclou:</span></h6>
<div class="col-md-12">
<div class="text c3">
<ol>
<li>Realitzar i publicar al taulell d’anuncis i a la web del centre:
<ol type="a">
<li>Les famílies professionals per a les quals s’ofereix el servei i els cicles associats.</li>
<li>El nombre de places que s’ofereixen per a cada família professional.</li>
<li>Els criteris i el procediment d’admissió de les sol·licituds.</li>
<li>Les dates del període de sol·licitud al servei d’assessorament.</li>
<li>La data de publicació de la llista d‘admesos al servei i les places de reserva en cas que hi hagi una demanda superior a les places ofertades, així com el preu del servei.</li>
<li>El termini per presentar la documentació i fer el pagament del preu del servei.</li>
<li>El calendari del servei d’assessorament.</li>
</ol>
</li>
<li>Desplegar, almenys, un procés anual d’informació d’assessorament dels aprenentatges assolits mitjançant l’experiència laboral o en activitats socials.</li>
<li>Prestar, almenys, un servei d’assessorament anual, per a cadascuna de les famílies de l’oferta publicada.</li>
<li>Publicar les llistes d’admesos al servei d’assessorament en un període màxim de 7 dies hàbils després del termini de sol•licitud.</li>
<li>Assignar una persona assessora experta en orientació professional de la família professional corresponent.</li>
<li>Assessorar a les persones usuàries en l’elaboració del dossier de trajectòria professional.</li>
<li>Lliurar a les persones usuàries un informe d’assessorament, on costarà l’itinerari formatiu per assolir l’objectiu professional desitjat i les recomanacions per dur-lo a terme.</li>
<li>Realitzar enquestes per poder recollir el grau de satisfacció de les persones usuàries sobre el servei proporcionat.</li>
<li>Posar a l’abast de la persona usuària un servei de queixes i/o suggeriments, les quals tindran resposta en un termini no superior a 7 dies.</li>
</ol>
</div>
</div>

<p>El centre Institut Mollet del Vallès es compromet ha realitzar un servei d’assessorament i reconeixement dels aprenentatges d’acord amb l’establert a les normes i instruccions del Departament d’Ensenyament, la qual cosa inclou:</p>
<ol>
<li>Realitzar i publicar al taulell d’anuncis i a la web del centre:
<ol type="a">
<li>Les famílies professionals&hellip;  <a href="https://agora.xtec.cat/iesmollet/carta-compromis/" title="Read Carta compromís">Llegeix més»</a><br />
