{"id":658,"date":"2020-07-17T07:14:10","date_gmt":"2020-07-17T05:14:10","guid":{"rendered":"https:\/\/agora.xtec.cat\/iesmollet\/?page_id=658"},"modified":"2020-07-17T07:17:09","modified_gmt":"2020-07-17T05:17:09","slug":"reutilitzacio-de-llibres","status":"publish","type":"page","link":"https:\/\/agora.xtec.cat\/iesmollet\/reutilitzacio-de-llibres\/","title":{"rendered":"Reutilitzaci\u00f3 de llibres"},"content":{"rendered":"<p>Recollida dels llibres pendents al setembre: Es far\u00e0 els dies dels ex\u00e0mens de setembre; els llibres s\u2019han de deixar identificats i tancats a una bossa dins el carret que Iddink posar\u00e0 a la recepci\u00f3 de l\u2019Institut.\u201d<br \/>\n&#8211;\u00a0<a href=\"https:\/\/www.iddink.cat\/shop\/?subApp=webshopSubApp&amp;pagina=start\" target=\"_blank\" rel=\"nofollow noopener noreferrer\">Noves comandes de llibres a Iddink<\/a>.<a href=\"https:\/\/sites.google.com\/a\/iesmollet.net\/web\/reutilitzacio-i-compra-de-llibres\/iddink.bmp?attredirects=0\"><img decoding=\"async\" src=\"https:\/\/sites.google.com\/a\/iesmollet.net\/web\/_\/rsrc\/1374767953387\/reutilitzacio-i-compra-de-llibres\/iddink.bmp\" alt=\"\" border=\"0\" \/><\/a><\/p>\n<div><a href=\"https:\/\/sites.google.com\/a\/iesmollet.net\/web\/reutilitzacio-i-compra-de-llibres\/iddink2.bmp?attredirects=0\"><img decoding=\"async\" src=\"https:\/\/sites.google.com\/a\/iesmollet.net\/web\/_\/rsrc\/1374768083132\/reutilitzacio-i-compra-de-llibres\/iddink2.bmp\" alt=\"\" border=\"0\" \/><\/a><\/div>\n","protected":false},"excerpt":{"rendered":"<p>Recollida dels llibres pendents al setembre: Es far\u00e0 els dies dels ex\u00e0mens de setembre; els llibres s\u2019han de deixar identificats i tancats a una bossa dins el carret que Iddink posar\u00e0 a la recepci\u00f3 de l\u2019Institut.\u201d<br \/>\n&#8211;\u00a0<a href=\"https:\/\/www.iddink.cat\/shop\/?subApp=webshopSubApp&amp;pagina=start\" target=\"_blank\" rel=\"nofollow noopener noreferrer\">Noves comandes de llibres a&hellip;  <a href=\"https:\/\/agora.xtec.cat\/iesmollet\/reutilitzacio-de-llibres\/\" title=\"Read Reutilitzaci\u00f3 de llibres\">Llegeix m\u00e9s\u00bb<\/a><\/p>\n","protected":false},"author":1,"featured_media":0,"parent":0,"menu_order":0,"comment_status":"closed","ping_status":"closed","template":"","meta":{"_bbp_topic_count":0,"_bbp_reply_count":0,"_bbp_total_topic_count":0,"_bbp_total_reply_count":0,"_bbp_voice_count":0,"_bbp_anonymous_reply_count":0,"_bbp_topic_count_hidden":0,"_bbp_reply_count_hidden":0,"_bbp_forum_subforum_count":0,"footnotes":""},"class_list":["post-658","page","type-page","status-publish","hentry"],"post_mailing_queue_ids":[],"_links":{"self":[{"href":"https:\/\/agora.xtec.cat\/iesmollet\/wp-json\/wp\/v2\/pages\/658","targetHints":{"allow":["GET"]}}],"collection":[{"href":"https:\/\/agora.xtec.cat\/iesmollet\/wp-json\/wp\/v2\/pages"}],"about":[{"href":"https:\/\/agora.xtec.cat\/iesmollet\/wp-json\/wp\/v2\/types\/page"}],"author":[{"embeddable":true,"href":"https:\/\/agora.xtec.cat\/iesmollet\/wp-json\/wp\/v2\/users\/1"}],"replies":[{"embeddable":true,"href":"https:\/\/agora.xtec.cat\/iesmollet\/wp-json\/wp\/v2\/comments?post=658"}],"version-history":[{"count":2,"href":"https:\/\/agora.xtec.cat\/iesmollet\/wp-json\/wp\/v2\/pages\/658\/revisions"}],"predecessor-version":[{"id":663,"href":"https:\/\/agora.xtec.cat\/iesmollet\/wp-json\/wp\/v2\/pages\/658\/revisions\/663"}],"wp:attachment":[{"href":"https:\/\/agora.xtec.cat\/iesmollet\/wp-json\/wp\/v2\/media?parent=658"}],"curies":[{"name":"wp","href":"https:\/\/api.w.org\/{rel}","templated":true}]}}

Reutilització de llibres

<p>Recollida dels llibres pendents al setembre: Es farà els dies dels exàmens de setembre; els llibres s’han de deixar identificats i tancats a una bossa dins el carret que Iddink posarà a la recepció de l’Institut.”<br />
&#8211; <a href="https://www.iddink.cat/shop/?subApp=webshopSubApp&amp;pagina=start" target="_blank" rel="nofollow noopener noreferrer">Noves comandes de llibres a Iddink</a>.<a href="https://sites.google.com/a/iesmollet.net/web/reutilitzacio-i-compra-de-llibres/iddink.bmp?attredirects=0"><img decoding="async" src="https://sites.google.com/a/iesmollet.net/web/_/rsrc/1374767953387/reutilitzacio-i-compra-de-llibres/iddink.bmp" alt="" border="0" /></a></p>
<div><a href="https://sites.google.com/a/iesmollet.net/web/reutilitzacio-i-compra-de-llibres/iddink2.bmp?attredirects=0"><img decoding="async" src="https://sites.google.com/a/iesmollet.net/web/_/rsrc/1374768083132/reutilitzacio-i-compra-de-llibres/iddink2.bmp" alt="" border="0" /></a></div>

<p>Recollida dels llibres pendents al setembre: Es farà els dies dels exàmens de setembre; els llibres s’han de deixar identificats i tancats a una bossa dins el carret que Iddink posarà a la recepció de l’Institut.”<br />
&#8211; <a href="https://www.iddink.cat/shop/?subApp=webshopSubApp&amp;pagina=start" target="_blank" rel="nofollow noopener noreferrer">Noves comandes de llibres a&hellip;  <a href="https://agora.xtec.cat/iesmollet/reutilitzacio-de-llibres/" title="Read Reutilització de llibres">Llegeix més»</a></p>
