{"id":612,"date":"2020-07-16T23:20:36","date_gmt":"2020-07-16T21:20:36","guid":{"rendered":"https:\/\/agora.xtec.cat\/iesmollet\/?page_id=612"},"modified":"2025-03-20T08:51:45","modified_gmt":"2025-03-20T07:51:45","slug":"pla-de-lectura","status":"publish","type":"page","link":"https:\/\/agora.xtec.cat\/iesmollet\/pla-de-lectura\/","title":{"rendered":"Pla de lectura"},"content":{"rendered":"<p>A l\u2019Institut Mollet del Vall\u00e8s, creiem fermament que la lectura \u00e9s un eix vertebrador en el proc\u00e9s d\u2019aprenentatge i desenvolupament personal de l\u2019alumnat. Per aix\u00f2, hem implantat un Pla de Lectura que s\u2019aplica de manera transversal a tota l\u2019ESO, amb l\u2019objectiu de consolidar h\u00e0bits lectors i potenciar el gaudi de la lectura.<\/p>\n<p><a href=\"https:\/\/agora.xtec.cat\/iesmollet\/wp-content\/uploads\/usu655\/2025\/03\/Plan-Local-de-Lectura.jpg\"><img loading=\"lazy\" decoding=\"async\" class=\"wp-image-3368 aligncenter\" src=\"https:\/\/agora.xtec.cat\/iesmollet\/wp-content\/uploads\/usu655\/2025\/03\/Plan-Local-de-Lectura-1024x683.jpg\" alt=\"\" width=\"330\" height=\"220\" srcset=\"https:\/\/agora.xtec.cat\/iesmollet\/wp-content\/uploads\/usu655\/2025\/03\/Plan-Local-de-Lectura-1024x683.jpg 1024w, https:\/\/agora.xtec.cat\/iesmollet\/wp-content\/uploads\/usu655\/2025\/03\/Plan-Local-de-Lectura-300x200.jpg 300w, https:\/\/agora.xtec.cat\/iesmollet\/wp-content\/uploads\/usu655\/2025\/03\/Plan-Local-de-Lectura-768x512.jpg 768w, https:\/\/agora.xtec.cat\/iesmollet\/wp-content\/uploads\/usu655\/2025\/03\/Plan-Local-de-Lectura.jpg 1200w\" sizes=\"auto, (max-width: 330px) 100vw, 330px\" \/><\/a><\/p>\n<p>El nostre pla inclou lectura di\u00e0ria dins de l\u2019horari escolar, fomentant aix\u00ed la regularitat i la const\u00e0ncia en aquesta activitat fonamental. A m\u00e9s, el professorat s\u2019implica activament en la dinamitzaci\u00f3 de la lectura, proposant lectures adaptades als interessos i nivells de cada grup i utilitzant estrat\u00e8gies que converteixin aquest h\u00e0bit en quelcom motivador i enriquidor. La biblioteca del centre juga un paper clau en aquest projecte, esdevenint un espai de descoberta i aprenentatge on l\u2019alumnat pot accedir a una \u00e0mplia varietat de materials i activitats relacionades amb la lectura. A m\u00e9s, gr\u00e0cies a l\u2019ajuda inestimable de l\u2019AFA, el nostre centre ha impulsat un intercanvi de llibres gratu\u00eft i popular, fomentant aix\u00ed la reutilitzaci\u00f3 i l\u2019acc\u00e9s equitatiu als llibres. Aquesta iniciativa converteix la biblioteca en un espai on tothom pot col\u00b7laborar i contribuir al foment de la lectura.<\/p>\n<p>L\u2019objectiu final \u00e9s que cada alumne trobi el seu propi cam\u00ed lector, desenvolupant una relaci\u00f3 positiva amb els llibres i la lectura en general. Estem conven\u00e7uts que un alumne lector \u00e9s un alumne feli\u00e7, i, a m\u00e9s, obt\u00e9 millors resultats acad\u00e8mics. La lectura millora la comprensi\u00f3, l\u2019expressi\u00f3 i el pensament cr\u00edtic, aspectes essencials per a l\u2019\u00e8xit educatiu i personal.<\/p>\n<p>Amb aquest Pla de Lectura, volem que els nostres estudiants descobreixin que llegir no \u00e9s nom\u00e9s una activitat acad\u00e8mica, sin\u00f3 una porta oberta a nous mons, coneixements i emocions. Perqu\u00e8 llegir \u00e9s, en definitiva, cr\u00e9ixer.<\/p>\n","protected":false},"excerpt":{"rendered":"<p>A l\u2019Institut Mollet del Vall\u00e8s, creiem fermament que la lectura \u00e9s un eix vertebrador en el proc\u00e9s d\u2019aprenentatge i desenvolupament personal de l\u2019alumnat. Per aix\u00f2, hem implantat un Pla de Lectura que s\u2019aplica de manera transversal a tota l\u2019ESO, amb l\u2019objectiu de consolidar h\u00e0bits lectors&hellip;  <a href=\"https:\/\/agora.xtec.cat\/iesmollet\/pla-de-lectura\/\" title=\"Read Pla de lectura\">Llegeix m\u00e9s\u00bb<\/a><\/p>\n","protected":false},"author":1,"featured_media":0,"parent":0,"menu_order":0,"comment_status":"closed","ping_status":"closed","template":"","meta":{"_bbp_topic_count":0,"_bbp_reply_count":0,"_bbp_total_topic_count":0,"_bbp_total_reply_count":0,"_bbp_voice_count":0,"_bbp_anonymous_reply_count":0,"_bbp_topic_count_hidden":0,"_bbp_reply_count_hidden":0,"_bbp_forum_subforum_count":0,"footnotes":""},"class_list":["post-612","page","type-page","status-publish","hentry"],"post_mailing_queue_ids":[],"_links":{"self":[{"href":"https:\/\/agora.xtec.cat\/iesmollet\/wp-json\/wp\/v2\/pages\/612","targetHints":{"allow":["GET"]}}],"collection":[{"href":"https:\/\/agora.xtec.cat\/iesmollet\/wp-json\/wp\/v2\/pages"}],"about":[{"href":"https:\/\/agora.xtec.cat\/iesmollet\/wp-json\/wp\/v2\/types\/page"}],"author":[{"embeddable":true,"href":"https:\/\/agora.xtec.cat\/iesmollet\/wp-json\/wp\/v2\/users\/1"}],"replies":[{"embeddable":true,"href":"https:\/\/agora.xtec.cat\/iesmollet\/wp-json\/wp\/v2\/comments?post=612"}],"version-history":[{"count":4,"href":"https:\/\/agora.xtec.cat\/iesmollet\/wp-json\/wp\/v2\/pages\/612\/revisions"}],"predecessor-version":[{"id":3378,"href":"https:\/\/agora.xtec.cat\/iesmollet\/wp-json\/wp\/v2\/pages\/612\/revisions\/3378"}],"wp:attachment":[{"href":"https:\/\/agora.xtec.cat\/iesmollet\/wp-json\/wp\/v2\/media?parent=612"}],"curies":[{"name":"wp","href":"https:\/\/api.w.org\/{rel}","templated":true}]}}