{"id":580,"date":"2020-07-16T20:48:03","date_gmt":"2020-07-16T18:48:03","guid":{"rendered":"https:\/\/agora.xtec.cat\/iesmollet\/?page_id=580"},"modified":"2022-03-24T13:13:27","modified_gmt":"2022-03-24T12:13:27","slug":"artistic-3","status":"publish","type":"page","link":"https:\/\/agora.xtec.cat\/iesmollet\/artistic-3\/","title":{"rendered":"Batxillerat Art\u00edstic"},"content":{"rendered":"<p>PLA D&#8217;ESTUDIS:<\/p>\n<p><iframe loading=\"lazy\" title=\"BTX Art\" width=\"500\" height=\"281\" src=\"https:\/\/www.youtube.com\/embed\/KK7T3G6BZ-I?feature=oembed\" frameborder=\"0\" allow=\"accelerometer; autoplay; clipboard-write; encrypted-media; gyroscope; picture-in-picture; web-share\" referrerpolicy=\"strict-origin-when-cross-origin\" allowfullscreen><\/iframe><\/p>\n<p><em><strong>1r Curs<\/strong><\/em><\/p>\n<p><span style=\"text-decoration: underline;\">Mat\u00e8ries Comunes<\/span><\/p>\n<ul>\n<li><a href=\"https:\/\/agora.xtec.cat\/iesmollet\/ambit-de-llengues_-llengua-catalana-i-literatura-llengua-castellana-i-literatura-llengues-estrangeres\/\">Llengua Catalana i Literatura I<\/a><\/li>\n<li><a href=\"https:\/\/agora.xtec.cat\/iesmollet\/ambit-de-llengues_-llengua-catalana-i-literatura-llengua-castellana-i-literatura-llengues-estrangeres\/\">Llengua Castellana i Literatura I<\/a><\/li>\n<li><a href=\"https:\/\/agora.xtec.cat\/iesmollet\/ambit-de-llengues_-llengua-catalana-i-literatura-llengua-castellana-i-literatura-llengues-estrangeres\/\">Llengua Estrangera I<\/a><\/li>\n<li><a href=\"https:\/\/agora.xtec.cat\/iesmollet\/ciencies-per-al-mon-contemporani\/\">Ci\u00e8ncies per al M\u00f3n Contemporani<\/a><\/li>\n<li><a href=\"https:\/\/agora.xtec.cat\/iesmollet\/educacio-fisica\/\">Educaci\u00f3 F\u00edsica<\/a><\/li>\n<li><a href=\"https:\/\/agora.xtec.cat\/iesmollet\/filosofia\/\">Filosofia<\/a><\/li>\n<\/ul>\n<p><span style=\"text-decoration: underline;\">Mat\u00e8ries de Modalitat<\/span><\/p>\n<ul>\n<li><a href=\"https:\/\/agora.xtec.cat\/iesmollet\/fonaments-de-les-arts\/\">Fonaments de les Arts I<\/a><\/li>\n<li><a href=\"https:\/\/agora.xtec.cat\/iesmollet\/cultura-audiovisual\/\">Cultura Audiovisual I<\/a><\/li>\n<li><a href=\"https:\/\/agora.xtec.cat\/iesmollet\/dibuix-artistic\/\">Dibuix Art\u00edstic I<\/a><\/li>\n<li><a href=\"https:\/\/agora.xtec.cat\/iesmollet\/dibuix-tecnic\/\">Dibuix T\u00e8cnic I<\/a><\/li>\n<li><a href=\"https:\/\/agora.xtec.cat\/iesmollet\/tecniques-dexpressio-graficoplastica\/\">T\u00e8cniques d&#8217;Expressi\u00f3 Graficopl\u00e0stica<\/a><\/li>\n<\/ul>\n<p><strong>2n Curs<\/strong><\/p>\n<p><span style=\"text-decoration: underline;\">Mat\u00e8ries Comunes<\/span><\/p>\n<ul>\n<li><a href=\"https:\/\/agora.xtec.cat\/iesmollet\/ambit-de-llengues_-llengua-catalana-i-literatura-llengua-castellana-i-literatura-llengues-estrangeres\/\">Llengua Catalana i Literatura II<\/a><\/li>\n<li><a href=\"https:\/\/agora.xtec.cat\/iesmollet\/ambit-de-llengues_-llengua-catalana-i-literatura-llengua-castellana-i-literatura-llengues-estrangeres\/\">Llengua Castellana i Literatura II<\/a><\/li>\n<li><a href=\"https:\/\/agora.xtec.cat\/iesmollet\/ambit-de-llengues_-llengua-catalana-i-literatura-llengua-castellana-i-literatura-llengues-estrangeres\/\">Llengua Estrangera II<\/a><\/li>\n<li><a href=\"https:\/\/agora.xtec.cat\/iesmollet\/filosofia\/\">Hist\u00f2ria de la Filosofia<\/a><\/li>\n<li><a href=\"https:\/\/agora.xtec.cat\/iesmollet\/historia\/\">Hist\u00f2ria<\/a><\/li>\n<li><a href=\"https:\/\/agora.xtec.cat\/iesmollet\/treball-de-recerca\/\">Treball de recerca<\/a><\/li>\n<\/ul>\n<p><span style=\"text-decoration: underline;\">Mat\u00e8ries de Modalitat<\/span><\/p>\n<ul>\n<li><a href=\"https:\/\/agora.xtec.cat\/iesmollet\/fonaments-de-les-arts\/\">Fonaments de les Arts II<\/a><\/li>\n<li><a href=\"https:\/\/agora.xtec.cat\/iesmollet\/cultura-audiovisual\/\">Cultura Audiovisual II<\/a><\/li>\n<li><a href=\"https:\/\/agora.xtec.cat\/iesmollet\/dibuix-artistic\/\">Dibuix Art\u00edstic II<\/a><\/li>\n<li><a href=\"https:\/\/agora.xtec.cat\/iesmollet\/dibuix-tecnic\/\">Dibuix T\u00e8cnic II<\/a><\/li>\n<li><a href=\"https:\/\/agora.xtec.cat\/iesmollet\/disseny\/\">Disseny<\/a><\/li>\n<\/ul>\n<p><a href=\"https:\/\/agora.xtec.cat\/iesmollet\/acces-al-batxilleart-artistic\/\">Acc\u00e9s<\/a><\/p>\n<p><a href=\"https:\/\/agora.xtec.cat\/iesmollet\/continuitat-academica\/\">Continu\u00eftat acad\u00e8mica<\/a><\/p>\n<p>&nbsp;<\/p>\n","protected":false},"excerpt":{"rendered":"<p>PLA D&#8217;ESTUDIS:<\/p>\n<p>1r Curs<br \/>\nMat\u00e8ries Comunes<\/p>\n<ul>\n<li><a href=\"https:\/\/agora.xtec.cat\/iesmollet\/ambit-de-llengues_-llengua-catalana-i-literatura-llengua-castellana-i-literatura-llengues-estrangeres\/\">Llengua Catalana i Literatura I<\/a><\/li>\n<li><a href=\"https:\/\/agora.xtec.cat\/iesmollet\/ambit-de-llengues_-llengua-catalana-i-literatura-llengua-castellana-i-literatura-llengues-estrangeres\/\">Llengua Castellana i Literatura I<\/a><\/li>\n<li><a href=\"https:\/\/agora.xtec.cat\/iesmollet\/ambit-de-llengues_-llengua-catalana-i-literatura-llengua-castellana-i-literatura-llengues-estrangeres\/\">Llengua Estrangera I<\/a><\/li>\n<li><a href=\"https:\/\/agora.xtec.cat\/iesmollet\/ciencies-per-al-mon-contemporani\/\">Ci\u00e8ncies per al M\u00f3n Contemporani<\/a><\/li>\n<li><a href=\"https:\/\/agora.xtec.cat\/iesmollet\/educacio-fisica\/\">Educaci\u00f3 F\u00edsica<\/a><\/li>\n<li><a href=\"https:\/\/agora.xtec.cat\/iesmollet\/filosofia\/\">Filosofia<\/a><\/li>\n<\/ul>\n<p>Mat\u00e8ries de Modalitat<\/p>\n<ul>\n<li><a href=\"https:\/\/agora.xtec.cat\/iesmollet\/fonaments-de-les-arts\/\">Fonaments de les Arts I<\/a><\/li>\n<li><a href=\"https:\/\/agora.xtec.cat\/iesmollet\/cultura-audiovisual\/\">Cultura Audiovisual I<\/a><\/li>\n<li><a href=\"https:\/\/agora.xtec.cat\/iesmollet\/dibuix-artistic\/\">Dibuix Art\u00edstic I<\/a><\/li>\n<li><a href=\"https:\/\/agora.xtec.cat\/iesmollet\/dibuix-tecnic\/\">Dibuix T\u00e8cnic I<\/a><\/li>\n<li><a href=\"https:\/\/agora.xtec.cat\/iesmollet\/tecniques-dexpressio-graficoplastica\/\">T\u00e8cniques d&#8217;Expressi\u00f3 Graficopl\u00e0stica<\/a><\/li>\n<\/ul>\n<p>2n Curs<br \/>\nMat\u00e8ries&hellip;  <a href=\"https:\/\/agora.xtec.cat\/iesmollet\/artistic-3\/\" title=\"Read Batxillerat Art\u00edstic\">Llegeix m\u00e9s\u00bb<\/a><\/p>\n","protected":false},"author":1,"featured_media":0,"parent":0,"menu_order":0,"comment_status":"closed","ping_status":"closed","template":"","meta":{"_bbp_topic_count":0,"_bbp_reply_count":0,"_bbp_total_topic_count":0,"_bbp_total_reply_count":0,"_bbp_voice_count":0,"_bbp_anonymous_reply_count":0,"_bbp_topic_count_hidden":0,"_bbp_reply_count_hidden":0,"_bbp_forum_subforum_count":0,"footnotes":""},"class_list":["post-580","page","type-page","status-publish","hentry"],"post_mailing_queue_ids":[],"_links":{"self":[{"href":"https:\/\/agora.xtec.cat\/iesmollet\/wp-json\/wp\/v2\/pages\/580","targetHints":{"allow":["GET"]}}],"collection":[{"href":"https:\/\/agora.xtec.cat\/iesmollet\/wp-json\/wp\/v2\/pages"}],"about":[{"href":"https:\/\/agora.xtec.cat\/iesmollet\/wp-json\/wp\/v2\/types\/page"}],"author":[{"embeddable":true,"href":"https:\/\/agora.xtec.cat\/iesmollet\/wp-json\/wp\/v2\/users\/1"}],"replies":[{"embeddable":true,"href":"https:\/\/agora.xtec.cat\/iesmollet\/wp-json\/wp\/v2\/comments?post=580"}],"version-history":[{"count":4,"href":"https:\/\/agora.xtec.cat\/iesmollet\/wp-json\/wp\/v2\/pages\/580\/revisions"}],"predecessor-version":[{"id":2198,"href":"https:\/\/agora.xtec.cat\/iesmollet\/wp-json\/wp\/v2\/pages\/580\/revisions\/2198"}],"wp:attachment":[{"href":"https:\/\/agora.xtec.cat\/iesmollet\/wp-json\/wp\/v2\/media?parent=580"}],"curies":[{"name":"wp","href":"https:\/\/api.w.org\/{rel}","templated":true}]}}

Batxillerat Artístic

<p>PLA D&#8217;ESTUDIS:</p>
<p><iframe loading="lazy" title="BTX Art" width="500" height="281" src="https://www.youtube.com/embed/KK7T3G6BZ-I?feature=oembed" frameborder="0" allow="accelerometer; autoplay; clipboard-write; encrypted-media; gyroscope; picture-in-picture; web-share" referrerpolicy="strict-origin-when-cross-origin" allowfullscreen></iframe></p>
<p><em><strong>1r Curs</strong></em></p>
<p><span style="text-decoration: underline;">Matèries Comunes</span></p>
<ul>
<li><a href="https://agora.xtec.cat/iesmollet/ambit-de-llengues_-llengua-catalana-i-literatura-llengua-castellana-i-literatura-llengues-estrangeres/">Llengua Catalana i Literatura I</a></li>
<li><a href="https://agora.xtec.cat/iesmollet/ambit-de-llengues_-llengua-catalana-i-literatura-llengua-castellana-i-literatura-llengues-estrangeres/">Llengua Castellana i Literatura I</a></li>
<li><a href="https://agora.xtec.cat/iesmollet/ambit-de-llengues_-llengua-catalana-i-literatura-llengua-castellana-i-literatura-llengues-estrangeres/">Llengua Estrangera I</a></li>
<li><a href="https://agora.xtec.cat/iesmollet/ciencies-per-al-mon-contemporani/">Ciències per al Món Contemporani</a></li>
<li><a href="https://agora.xtec.cat/iesmollet/educacio-fisica/">Educació Física</a></li>
<li><a href="https://agora.xtec.cat/iesmollet/filosofia/">Filosofia</a></li>
</ul>
<p><span style="text-decoration: underline;">Matèries de Modalitat</span></p>
<ul>
<li><a href="https://agora.xtec.cat/iesmollet/fonaments-de-les-arts/">Fonaments de les Arts I</a></li>
<li><a href="https://agora.xtec.cat/iesmollet/cultura-audiovisual/">Cultura Audiovisual I</a></li>
<li><a href="https://agora.xtec.cat/iesmollet/dibuix-artistic/">Dibuix Artístic I</a></li>
<li><a href="https://agora.xtec.cat/iesmollet/dibuix-tecnic/">Dibuix Tècnic I</a></li>
<li><a href="https://agora.xtec.cat/iesmollet/tecniques-dexpressio-graficoplastica/">Tècniques d&#8217;Expressió Graficoplàstica</a></li>
</ul>
<p><strong>2n Curs</strong></p>
<p><span style="text-decoration: underline;">Matèries Comunes</span></p>
<ul>
<li><a href="https://agora.xtec.cat/iesmollet/ambit-de-llengues_-llengua-catalana-i-literatura-llengua-castellana-i-literatura-llengues-estrangeres/">Llengua Catalana i Literatura II</a></li>
<li><a href="https://agora.xtec.cat/iesmollet/ambit-de-llengues_-llengua-catalana-i-literatura-llengua-castellana-i-literatura-llengues-estrangeres/">Llengua Castellana i Literatura II</a></li>
<li><a href="https://agora.xtec.cat/iesmollet/ambit-de-llengues_-llengua-catalana-i-literatura-llengua-castellana-i-literatura-llengues-estrangeres/">Llengua Estrangera II</a></li>
<li><a href="https://agora.xtec.cat/iesmollet/filosofia/">Història de la Filosofia</a></li>
<li><a href="https://agora.xtec.cat/iesmollet/historia/">Història</a></li>
<li><a href="https://agora.xtec.cat/iesmollet/treball-de-recerca/">Treball de recerca</a></li>
</ul>
<p><span style="text-decoration: underline;">Matèries de Modalitat</span></p>
<ul>
<li><a href="https://agora.xtec.cat/iesmollet/fonaments-de-les-arts/">Fonaments de les Arts II</a></li>
<li><a href="https://agora.xtec.cat/iesmollet/cultura-audiovisual/">Cultura Audiovisual II</a></li>
<li><a href="https://agora.xtec.cat/iesmollet/dibuix-artistic/">Dibuix Artístic II</a></li>
<li><a href="https://agora.xtec.cat/iesmollet/dibuix-tecnic/">Dibuix Tècnic II</a></li>
<li><a href="https://agora.xtec.cat/iesmollet/disseny/">Disseny</a></li>
</ul>
<p><a href="https://agora.xtec.cat/iesmollet/acces-al-batxilleart-artistic/">Accés</a></p>
<p><a href="https://agora.xtec.cat/iesmollet/continuitat-academica/">Continuïtat acadèmica</a></p>
<p>&nbsp;</p>

<p>PLA D&#8217;ESTUDIS:</p>
<p>1r Curs<br />
Matèries Comunes</p>
<ul>
<li><a href="https://agora.xtec.cat/iesmollet/ambit-de-llengues_-llengua-catalana-i-literatura-llengua-castellana-i-literatura-llengues-estrangeres/">Llengua Catalana i Literatura I</a></li>
<li><a href="https://agora.xtec.cat/iesmollet/ambit-de-llengues_-llengua-catalana-i-literatura-llengua-castellana-i-literatura-llengues-estrangeres/">Llengua Castellana i Literatura I</a></li>
<li><a href="https://agora.xtec.cat/iesmollet/ambit-de-llengues_-llengua-catalana-i-literatura-llengua-castellana-i-literatura-llengues-estrangeres/">Llengua Estrangera I</a></li>
<li><a href="https://agora.xtec.cat/iesmollet/ciencies-per-al-mon-contemporani/">Ciències per al Món Contemporani</a></li>
<li><a href="https://agora.xtec.cat/iesmollet/educacio-fisica/">Educació Física</a></li>
<li><a href="https://agora.xtec.cat/iesmollet/filosofia/">Filosofia</a></li>
</ul>
<p>Matèries de Modalitat</p>
<ul>
<li><a href="https://agora.xtec.cat/iesmollet/fonaments-de-les-arts/">Fonaments de les Arts I</a></li>
<li><a href="https://agora.xtec.cat/iesmollet/cultura-audiovisual/">Cultura Audiovisual I</a></li>
<li><a href="https://agora.xtec.cat/iesmollet/dibuix-artistic/">Dibuix Artístic I</a></li>
<li><a href="https://agora.xtec.cat/iesmollet/dibuix-tecnic/">Dibuix Tècnic I</a></li>
<li><a href="https://agora.xtec.cat/iesmollet/tecniques-dexpressio-graficoplastica/">Tècniques d&#8217;Expressió Graficoplàstica</a></li>
</ul>
<p>2n Curs<br />
Matèries&hellip;  <a href="https://agora.xtec.cat/iesmollet/artistic-3/" title="Read Batxillerat Artístic">Llegeix més»</a></p>
