{"id":19,"date":"2014-09-17T14:56:56","date_gmt":"2014-09-17T14:56:56","guid":{"rendered":"http:\/\/agora.xtec.cat\/iesmollet\/?page_id=19"},"modified":"2026-03-17T11:04:42","modified_gmt":"2026-03-17T10:04:42","slug":"linstitut","status":"publish","type":"page","link":"https:\/\/agora.xtec.cat\/iesmollet\/linstitut\/","title":{"rendered":"L&#8217;institut"},"content":{"rendered":"<p dir=\"ltr\">El centre t\u00e9 un recorregut llarg. L\u2019any 1975 es va fundar com a una secci\u00f3 de Formaci\u00f3 Professional de Badalona en uns terrenys cedits per l\u2019ajuntament (l\u2019actual Parc de Can Mul\u00e0) i al curs 1979-1980 va comen\u00e7ar la seva activitat a les actuals instal\u00b7lacions. Durant molts anys va ser el centre de refer\u00e8ncia del Baix Vall\u00e8s dins de la FP.\u00a0 No podem deixar de citar el paper fonamental que va exercir el fundador i director durant 37 anys de l\u2019institut, en Joan Moral i Gago (1947-2020). Fem un record emocionat de la seva figura i la seva visi\u00f3 de l\u00edder creador d\u2019un servei que la comarca necessitava.<\/p>\n<p dir=\"ltr\">Posteriorment, amb la creaci\u00f3 de l\u2019Institut Gallecs i l\u2019entrada en vigor de la LOGSE s\u2019incorporen l\u2019ESO i els Batxillerats, i es traslladen els cicles d\u2019Administraci\u00f3 i Llar d\u2019infants al nou centre. Actualment, som un centre referent dels cicles formatius de car\u00e0cter industrial a la comarca. Recentment, s\u2019ha inaugurat un nou edifici que millora substancialment els nostres equipaments destinats a la formaci\u00f3 professional.<\/p>\n<p>Actualment al nostre centre tenim aquests estudis: ESO, Batxillerat, Formaci\u00f3 Professional B\u00e0sica, PFI, CCFF de grau mitj\u00e0 i superior. Tenim matriculats gaireb\u00e9 1.500 alumnes.<\/p>\n","protected":false},"excerpt":{"rendered":"<p>El centre t\u00e9 un recorregut llarg. L\u2019any 1975 es va fundar com a una secci\u00f3 de Formaci\u00f3 Professional de Badalona en uns terrenys cedits per l\u2019ajuntament (l\u2019actual Parc de Can Mul\u00e0) i al curs 1979-1980 va comen\u00e7ar la seva activitat a les actuals instal\u00b7lacions. Durant&hellip;  <a href=\"https:\/\/agora.xtec.cat\/iesmollet\/linstitut\/\" title=\"Read L&#8217;institut\">Llegeix m\u00e9s\u00bb<\/a><\/p>\n","protected":false},"author":1,"featured_media":0,"parent":0,"menu_order":0,"comment_status":"closed","ping_status":"closed","template":"page-templates\/side-menu.php","meta":{"_bbp_topic_count":0,"_bbp_reply_count":0,"_bbp_total_topic_count":0,"_bbp_total_reply_count":0,"_bbp_voice_count":0,"_bbp_anonymous_reply_count":0,"_bbp_topic_count_hidden":0,"_bbp_reply_count_hidden":0,"_bbp_forum_subforum_count":0,"footnotes":""},"class_list":["post-19","page","type-page","status-publish","hentry"],"post_mailing_queue_ids":[],"_links":{"self":[{"href":"https:\/\/agora.xtec.cat\/iesmollet\/wp-json\/wp\/v2\/pages\/19","targetHints":{"allow":["GET"]}}],"collection":[{"href":"https:\/\/agora.xtec.cat\/iesmollet\/wp-json\/wp\/v2\/pages"}],"about":[{"href":"https:\/\/agora.xtec.cat\/iesmollet\/wp-json\/wp\/v2\/types\/page"}],"author":[{"embeddable":true,"href":"https:\/\/agora.xtec.cat\/iesmollet\/wp-json\/wp\/v2\/users\/1"}],"replies":[{"embeddable":true,"href":"https:\/\/agora.xtec.cat\/iesmollet\/wp-json\/wp\/v2\/comments?post=19"}],"version-history":[{"count":2,"href":"https:\/\/agora.xtec.cat\/iesmollet\/wp-json\/wp\/v2\/pages\/19\/revisions"}],"predecessor-version":[{"id":3851,"href":"https:\/\/agora.xtec.cat\/iesmollet\/wp-json\/wp\/v2\/pages\/19\/revisions\/3851"}],"wp:attachment":[{"href":"https:\/\/agora.xtec.cat\/iesmollet\/wp-json\/wp\/v2\/media?parent=19"}],"curies":[{"name":"wp","href":"https:\/\/api.w.org\/{rel}","templated":true}]}}

<p dir="ltr">El centre té un recorregut llarg. L’any 1975 es va fundar com a una secció de Formació Professional de Badalona en uns terrenys cedits per l’ajuntament (l’actual Parc de Can Mulà) i al curs 1979-1980 va començar la seva activitat a les actuals instal·lacions. Durant molts anys va ser el centre de referència del Baix Vallès dins de la FP.  No podem deixar de citar el paper fonamental que va exercir el fundador i director durant 37 anys de l’institut, en Joan Moral i Gago (1947-2020). Fem un record emocionat de la seva figura i la seva visió de líder creador d’un servei que la comarca necessitava.</p>
<p dir="ltr">Posteriorment, amb la creació de l’Institut Gallecs i l’entrada en vigor de la LOGSE s’incorporen l’ESO i els Batxillerats, i es traslladen els cicles d’Administració i Llar d’infants al nou centre. Actualment, som un centre referent dels cicles formatius de caràcter industrial a la comarca. Recentment, s’ha inaugurat un nou edifici que millora substancialment els nostres equipaments destinats a la formació professional.</p>
<p>Actualment al nostre centre tenim aquests estudis: ESO, Batxillerat, Formació Professional Bàsica, PFI, CCFF de grau mitjà i superior. Tenim matriculats gairebé 1.500 alumnes.</p>

<p>El centre té un recorregut llarg. L’any 1975 es va fundar com a una secció de Formació Professional de Badalona en uns terrenys cedits per l’ajuntament (l’actual Parc de Can Mulà) i al curs 1979-1980 va començar la seva activitat a les actuals instal·lacions. Durant&hellip;  <a href="https://agora.xtec.cat/iesmollet/linstitut/" title="Read L&#8217;institut">Llegeix més»</a></p>
