{"id":1277,"date":"2021-03-01T11:35:58","date_gmt":"2021-03-01T10:35:58","guid":{"rendered":"https:\/\/agora.xtec.cat\/iesmollet\/?page_id=1277"},"modified":"2021-04-13T12:13:20","modified_gmt":"2021-04-13T10:13:20","slug":"proves-dacces-a-grau-mitja","status":"publish","type":"page","link":"https:\/\/agora.xtec.cat\/iesmollet\/secretaria\/proves-dacces-a-grau-mitja\/","title":{"rendered":"Proves d&#8217;acc\u00e9s a Grau Mitj\u00e0"},"content":{"rendered":"<p><span style=\"color: #ff6600;\">INSCRIPCI\u00d3 PROVES D\u2019ACC\u00c9S A GRAU MITJ\u00c0<\/span><\/p>\n<p>La inscripci\u00f3 a les proves d\u2019acc\u00e9s \u00e9s a partir de les 9 h del <strong>15 de mar\u00e7<\/strong> de 2021 fins al <strong>25 de mar\u00e7<\/strong> de 2021 a les 23:59 h.<\/p>\n<p>La sol\u00b7licitud es presenta en el registre telem\u00e0tic a trav\u00e9s de la web: http:\/\/educacio.gencat.cat\/ca\/serveis-tramits\/proves\/proves-acces\/gm-fp\/<\/p>\n<p>Les taxes d\u2019inscripci\u00f3 s\u00f3n: 23.85 \u20ac i cal fer-la efectiva a l\u2019entitat CaixaBank S.A. Tenen dret a bonificaci\u00f3 del 50% els aspirants que tenen un t\u00edtol vigent de fam\u00edlia nombrosa de categoria general o de fam\u00edlia monoparental, ja sigui de categoria general o especial. Esta exempts del pagament de la taxa:<\/p>\n<p>\u00b7\u00a0\u00a0\u00a0\u00a0\u00a0\u00a0\u00a0\u00a0 Les persones membres de fam\u00edlia nombrosa de categoria especial.<\/p>\n<p>\u00b7\u00a0\u00a0\u00a0\u00a0\u00a0\u00a0\u00a0\u00a0 Les persones que tinguin una discapacitat acreditada igual o superior al 33%<\/p>\n<p>\u00b7\u00a0\u00a0\u00a0\u00a0\u00a0\u00a0\u00a0\u00a0 Les persones subjectes a mesures privatives de llibertat.<\/p>\n<p>\u00b7\u00a0\u00a0\u00a0\u00a0\u00a0\u00a0\u00a0\u00a0 Les v\u00edctimes d\u2019actes terroristes, els seus c\u00f2njuges i els seus fills.<\/p>\n<p>\u00b7\u00a0\u00a0\u00a0\u00a0\u00a0\u00a0\u00a0\u00a0 Els membres d\u2019unitats familiars que perceben la renda garantida de ciutadania.<\/p>\n<p>\u00b7\u00a0\u00a0\u00a0\u00a0\u00a0\u00a0\u00a0\u00a0 Les persones menors tutelades o les persones extutelades menors de 21 anys d\u2019edat.<\/p>\n<p>\u00b7\u00a0\u00a0\u00a0\u00a0\u00a0\u00a0\u00a0\u00a0 Els infants i els adolescents en acolliment familiar.<\/p>\n<p>La inscripci\u00f3 es formalitza en el moment de fer efectiu el pagament, sempre que s\u2019hagi presentat la sol\u00b7licitud en la forma i el termini previstos.<\/p>\n<p>Publicaci\u00f3 llista provisional d\u2019admesos: 13 d\u2019abril de 2021<\/p>\n<p>Presentaci\u00f3 de la documentaci\u00f3 als instituts: del 14 al 27 d&#8217;abril de 2021<\/p>\n<p><strong>Publicaci\u00f3 llista definitiva d\u2019admesos: 30 d\u2019abril de 2021<\/strong><\/p>\n<p>La prova d\u2019acc\u00e9s als cicles formatius de grau mitj\u00e0 tindr\u00e0 lloc el <strong>5 de maig de 2021 a les 16:00<\/strong> (Caldr\u00e0 presentar-se 30 minuts abans de l\u2019inici). L\u2019adm\u00e8s\/a caldr\u00e0 que porti:<\/p>\n<p>\u00b7\u00a0\u00a0\u00a0\u00a0\u00a0\u00a0\u00a0\u00a0 DNI \/ NIE o PASSAPORT original en vigor.<\/p>\n<p>\u00b7\u00a0\u00a0\u00a0\u00a0\u00a0\u00a0\u00a0\u00a0 Si escau, notificaci\u00f3 dels recursos addicionals per a persones aspirants amb necessitats espec\u00edfiques derivades de discapacitats.<\/p>\n<p>La publicaci\u00f3 de resultats tindr\u00e0 lloc a la p\u00e0gina web del Departament d\u2019Educaci\u00f3 a partir del 21 de maig de 2021 i es pot consultar utilitzant el n\u00famero de document d\u2019identificaci\u00f3 personal (DNI, NIE o passaport) i el codi de sol\u00b7licitud que consta al resguard de la inscripci\u00f3<\/p>\n","protected":false},"excerpt":{"rendered":"<p>INSCRIPCI\u00d3 PROVES D\u2019ACC\u00c9S A GRAU MITJ\u00c0<br \/>\nLa inscripci\u00f3 a les proves d\u2019acc\u00e9s \u00e9s a partir de les 9 h del 15 de mar\u00e7 de 2021 fins al 25 de mar\u00e7 de 2021 a les 23:59 h.<br \/>\nLa sol\u00b7licitud es presenta en el registre telem\u00e0tic a trav\u00e9s de&hellip;  <a href=\"https:\/\/agora.xtec.cat\/iesmollet\/secretaria\/proves-dacces-a-grau-mitja\/\" title=\"Read Proves d&#8217;acc\u00e9s a Grau Mitj\u00e0\">Llegeix m\u00e9s\u00bb<\/a><\/p>\n","protected":false},"author":1,"featured_media":0,"parent":81,"menu_order":0,"comment_status":"closed","ping_status":"closed","template":"","meta":{"_bbp_topic_count":0,"_bbp_reply_count":0,"_bbp_total_topic_count":0,"_bbp_total_reply_count":0,"_bbp_voice_count":0,"_bbp_anonymous_reply_count":0,"_bbp_topic_count_hidden":0,"_bbp_reply_count_hidden":0,"_bbp_forum_subforum_count":0,"footnotes":""},"class_list":["post-1277","page","type-page","status-publish","hentry"],"post_mailing_queue_ids":[],"_links":{"self":[{"href":"https:\/\/agora.xtec.cat\/iesmollet\/wp-json\/wp\/v2\/pages\/1277","targetHints":{"allow":["GET"]}}],"collection":[{"href":"https:\/\/agora.xtec.cat\/iesmollet\/wp-json\/wp\/v2\/pages"}],"about":[{"href":"https:\/\/agora.xtec.cat\/iesmollet\/wp-json\/wp\/v2\/types\/page"}],"author":[{"embeddable":true,"href":"https:\/\/agora.xtec.cat\/iesmollet\/wp-json\/wp\/v2\/users\/1"}],"replies":[{"embeddable":true,"href":"https:\/\/agora.xtec.cat\/iesmollet\/wp-json\/wp\/v2\/comments?post=1277"}],"version-history":[{"count":3,"href":"https:\/\/agora.xtec.cat\/iesmollet\/wp-json\/wp\/v2\/pages\/1277\/revisions"}],"predecessor-version":[{"id":1534,"href":"https:\/\/agora.xtec.cat\/iesmollet\/wp-json\/wp\/v2\/pages\/1277\/revisions\/1534"}],"up":[{"embeddable":true,"href":"https:\/\/agora.xtec.cat\/iesmollet\/wp-json\/wp\/v2\/pages\/81"}],"wp:attachment":[{"href":"https:\/\/agora.xtec.cat\/iesmollet\/wp-json\/wp\/v2\/media?parent=1277"}],"curies":[{"name":"wp","href":"https:\/\/api.w.org\/{rel}","templated":true}]}}