{"id":77,"date":"2014-09-18T10:29:25","date_gmt":"2014-09-18T10:29:25","guid":{"rendered":"http:\/\/agora.xtec.cat\/iesmolidelavila\/?page_id=77"},"modified":"2021-07-15T10:21:56","modified_gmt":"2021-07-15T08:21:56","slug":"transport-escolar","status":"publish","type":"page","link":"https:\/\/agora.xtec.cat\/iesmolidelavila\/serveis\/transport-escolar\/","title":{"rendered":"Transport escolar"},"content":{"rendered":"<p>Per aquell alumnat que vulgui fer \u00fas del Servei de\u00a0Transport\u00a0Escolar\u00a0Obligatori (ESO) o\u00a0Servei de\u00a0Transport\u00a0Escolar\u00a0NO Obligatori (Batxillerat)<\/p>\n<p><strong>La gesti\u00f3 del Servei de\u00a0Transport\u00a0Escolar\u00a0la fa el Consell Comarcal. L&#8217;Institut no fa cap gesti\u00f3 en aquest apartat.<\/strong><\/p>\n<p>A partir del proper dia 17 de juny de 2021 i fins els 19 de juliol de 2021 estar\u00e0 obert el termini per presentar les sol\u00b7licituds de\u00a0Transport\u00a0Escolar\u00a0pel curs 2021-2022.<\/p>\n<p>Aquest any la tramitaci\u00f3 ser\u00e0\u00a0<strong>totalment telem\u00e0tica<\/strong>. A la p\u00e0gina web\u00a0<a href=\"http:\/\/www.anoia.cat\/\" data-saferedirecturl=\"https:\/\/www.google.com\/url?q=http:\/\/www.anoia.cat\/&amp;source=gmail&amp;ust=1626423021606000&amp;usg=AFQjCNHVUAdzLlbiXxFfcMtwmsEnoQ9yqg\">www.anoia.cat<\/a>\u00a0hi ha l\u2019enlla\u00e7 corresponent per fer-la. Aquesta tramitaci\u00f3\u00a0<strong>l\u2019ha de fer la fam\u00edlia directament<\/strong>\u00a0i per aix\u00f2 s&#8217;ha creat el manual d\u2019instruccions que us adjuntem. Tant es pot fer des d\u2019un m\u00f2bil com des de l\u2019ordinador.<\/p>\n<p>El tel\u00e8fon del Consell Comarcal per resoldre els dubtes o fer consultes \u00e9s el 93.805.15.85 extensi\u00f3 327 i el correu electr\u00f2nic\u00a0<a href=\"mailto:transport@anoia.cat\">transport@anoia.cat<\/a>\u00a0.<\/p>\n<p>La documentaci\u00f3\u00a0<strong>obligat\u00f2ria<\/strong>\u00a0a presentar \u00e9s:<\/p>\n<ul>\n<li>DNI\/NIE\/Passaport de la persona sol\u00b7licitant<\/li>\n<li>DNI\/NIE\/Passaport de tots els fills pels quals es sol\u00b7licita el\u00a0transport<\/li>\n<\/ul>\n<p>La documentaci\u00f3 en cas de\u00a0transport\u00a0no obligatori (batxillerat):<\/p>\n<ul>\n<li>DNI\/NIE\/Passaport del titular del compte corrent<\/li>\n<li>Certificat bancari<\/li>\n<\/ul>\n<p>Aquesta documentaci\u00f3 s\u2019haur\u00e0 d\u2019adjuntar al formulari. Per a cada apartat, nom\u00e9s es podr\u00e0 posar un arxiu. Per tant, hauran de posar tots els DNI\/NIE, en un sol document (Word o PDF).<\/p>\n<p>Es tracta d\u2019una \u00fanica sol\u00b7licitud per fam\u00edlia, encara que els germans vagin\u00a0 a diferents centres escolars.<\/p>\n","protected":false},"excerpt":{"rendered":"<p>Per aquell alumnat que vulgui fer \u00fas del Servei de\u00a0Transport\u00a0Escolar\u00a0Obligatori (ESO) o\u00a0Servei de\u00a0Transport\u00a0Escolar\u00a0NO Obligatori (Batxillerat)<br \/>\nLa gesti\u00f3 del Servei de\u00a0Transport\u00a0Escolar\u00a0la fa el Consell Comarcal. L&#8217;Institut no fa cap gesti\u00f3 en aquest apartat.<br \/>\nA partir del proper dia 17 de juny de 2021 i fins els 19 de&hellip;  <a href=\"https:\/\/agora.xtec.cat\/iesmolidelavila\/serveis\/transport-escolar\/\" title=\"Read Transport escolar\">Llegeix m\u00e9s\u00bb<\/a><\/p>\n","protected":false},"author":2,"featured_media":0,"parent":63,"menu_order":50,"comment_status":"closed","ping_status":"closed","template":"page-templates\/side-menu.php","meta":{"footnotes":""},"class_list":["post-77","page","type-page","status-publish","hentry"],"post_mailing_queue_ids":[],"_links":{"self":[{"href":"https:\/\/agora.xtec.cat\/iesmolidelavila\/wp-json\/wp\/v2\/pages\/77","targetHints":{"allow":["GET"]}}],"collection":[{"href":"https:\/\/agora.xtec.cat\/iesmolidelavila\/wp-json\/wp\/v2\/pages"}],"about":[{"href":"https:\/\/agora.xtec.cat\/iesmolidelavila\/wp-json\/wp\/v2\/types\/page"}],"author":[{"embeddable":true,"href":"https:\/\/agora.xtec.cat\/iesmolidelavila\/wp-json\/wp\/v2\/users\/2"}],"replies":[{"embeddable":true,"href":"https:\/\/agora.xtec.cat\/iesmolidelavila\/wp-json\/wp\/v2\/comments?post=77"}],"version-history":[{"count":3,"href":"https:\/\/agora.xtec.cat\/iesmolidelavila\/wp-json\/wp\/v2\/pages\/77\/revisions"}],"predecessor-version":[{"id":2624,"href":"https:\/\/agora.xtec.cat\/iesmolidelavila\/wp-json\/wp\/v2\/pages\/77\/revisions\/2624"}],"up":[{"embeddable":true,"href":"https:\/\/agora.xtec.cat\/iesmolidelavila\/wp-json\/wp\/v2\/pages\/63"}],"wp:attachment":[{"href":"https:\/\/agora.xtec.cat\/iesmolidelavila\/wp-json\/wp\/v2\/media?parent=77"}],"curies":[{"name":"wp","href":"https:\/\/api.w.org\/{rel}","templated":true}]}}