{"id":2979,"date":"2023-02-01T09:30:27","date_gmt":"2023-02-01T08:30:27","guid":{"rendered":"https:\/\/agora.xtec.cat\/iesmolidelavila\/?page_id=2979"},"modified":"2023-11-23T13:38:33","modified_gmt":"2023-11-23T12:38:33","slug":"avaluacio","status":"publish","type":"page","link":"https:\/\/agora.xtec.cat\/iesmolidelavila\/projecte-educatiu-2\/pedc\/estrategia\/avaluacio\/","title":{"rendered":"Avaluaci\u00f3"},"content":{"rendered":"<p><a href=\"https:\/\/agora.xtec.cat\/iesmolidelavila\/projecte-educatiu-2\/pedc\/estrategia\/avaluacio\/attachment\/avaluacio-2\/\" rel=\"attachment wp-att-3247\"><img loading=\"lazy\" decoding=\"async\" class=\"size-medium wp-image-3247 alignleft\" src=\"https:\/\/agora.xtec.cat\/iesmolidelavila\/wp-content\/uploads\/usu131\/2023\/11\/Avaluacio-300x169.png\" alt=\"\" width=\"300\" height=\"169\" srcset=\"https:\/\/agora.xtec.cat\/iesmolidelavila\/wp-content\/uploads\/usu131\/2023\/11\/Avaluacio-300x169.png 300w, https:\/\/agora.xtec.cat\/iesmolidelavila\/wp-content\/uploads\/usu131\/2023\/11\/Avaluacio.png 767w\" sizes=\"auto, (max-width: 300px) 100vw, 300px\" \/><\/a><span style=\"font-weight: 400;\">Un cop planificades les accions\/activitats amb les seves tasques associades, la comissi\u00f3 d\u2019estrat\u00e8gia digital ha planificat tamb\u00e9 l\u2019avaluaci\u00f3 de les activitats amb la finalitat de tenir un checking per donar-la com assolida i, per tant, anar passant les accions que ens donaran l\u2019\u00e8xit de l\u2019objectiu redactat i en conseq\u00fc\u00e8ncia l\u2019assoliment del punt feble i transformaci\u00f3 d\u2019aquest en punt fort. Les comissions han tingut en compte <\/span><b>l\u2019avaluaci\u00f3 cont\u00ednua <\/b><span style=\"font-weight: 400;\">de les activitats dintre de les fitxes de planificaci\u00f3 on es reserva \u201cAVALUACI\u00d3 (feedback &#8211; qualitat)\u201d per fer el seguiment concret de les activitats de cada objectiu i en finalitzar es far\u00e0 l\u2019avaluaci\u00f3 de l\u2019objectiu. Normalment, a final de cada curs es fa una <\/span><b>avaluaci\u00f3 anual.<\/b><\/p>\n<p><span style=\"font-weight: 400;\">Un cop avaluats tots els objectius planificats de l\u2019EDC, es far\u00e0 una <\/span><b>avaluaci\u00f3 final <\/b><span style=\"font-weight: 400;\">que implicar\u00e0 tornar a comen\u00e7ar tot el proc\u00e9s de l\u2019EDC. Tenint en compte que pels prop\u00f2sits que no han sigut aconseguits, caldr\u00e0 buscar noves activitats per millorar-los i seguiran en la nova planificaci\u00f3 del pla d\u2019EDC.\u00a0<\/span><\/p>\n","protected":false},"excerpt":{"rendered":"<p><a href=\"https:\/\/agora.xtec.cat\/iesmolidelavila\/projecte-educatiu-2\/pedc\/estrategia\/avaluacio\/attachment\/avaluacio-2\/\" rel=\"attachment wp-att-3247\"><\/a>Un cop planificades les accions\/activitats amb les seves tasques associades, la comissi\u00f3 d\u2019estrat\u00e8gia digital ha planificat tamb\u00e9 l\u2019avaluaci\u00f3 de les activitats amb la finalitat de tenir un checking per donar-la com assolida i, per tant, anar passant les accions que ens donaran&hellip;  <a href=\"https:\/\/agora.xtec.cat\/iesmolidelavila\/projecte-educatiu-2\/pedc\/estrategia\/avaluacio\/\" title=\"Read Avaluaci\u00f3\">Llegeix m\u00e9s\u00bb<\/a><\/p>\n","protected":false},"author":3,"featured_media":0,"parent":2969,"menu_order":3,"comment_status":"closed","ping_status":"closed","template":"page-templates\/side-menu.php","meta":{"footnotes":""},"class_list":["post-2979","page","type-page","status-publish","hentry"],"post_mailing_queue_ids":[],"_links":{"self":[{"href":"https:\/\/agora.xtec.cat\/iesmolidelavila\/wp-json\/wp\/v2\/pages\/2979","targetHints":{"allow":["GET"]}}],"collection":[{"href":"https:\/\/agora.xtec.cat\/iesmolidelavila\/wp-json\/wp\/v2\/pages"}],"about":[{"href":"https:\/\/agora.xtec.cat\/iesmolidelavila\/wp-json\/wp\/v2\/types\/page"}],"author":[{"embeddable":true,"href":"https:\/\/agora.xtec.cat\/iesmolidelavila\/wp-json\/wp\/v2\/users\/3"}],"replies":[{"embeddable":true,"href":"https:\/\/agora.xtec.cat\/iesmolidelavila\/wp-json\/wp\/v2\/comments?post=2979"}],"version-history":[{"count":3,"href":"https:\/\/agora.xtec.cat\/iesmolidelavila\/wp-json\/wp\/v2\/pages\/2979\/revisions"}],"predecessor-version":[{"id":3249,"href":"https:\/\/agora.xtec.cat\/iesmolidelavila\/wp-json\/wp\/v2\/pages\/2979\/revisions\/3249"}],"up":[{"embeddable":true,"href":"https:\/\/agora.xtec.cat\/iesmolidelavila\/wp-json\/wp\/v2\/pages\/2969"}],"wp:attachment":[{"href":"https:\/\/agora.xtec.cat\/iesmolidelavila\/wp-json\/wp\/v2\/media?parent=2979"}],"curies":[{"name":"wp","href":"https:\/\/api.w.org\/{rel}","templated":true}]}}