{"id":27,"date":"2014-09-17T16:24:03","date_gmt":"2014-09-17T16:24:03","guid":{"rendered":"http:\/\/agora.xtec.cat\/iesmolidelavila\/?page_id=27"},"modified":"2015-04-05T09:23:18","modified_gmt":"2015-04-05T08:23:18","slug":"historia","status":"publish","type":"page","link":"https:\/\/agora.xtec.cat\/iesmolidelavila\/linstitut\/historia\/","title":{"rendered":"Hist\u00f2ria"},"content":{"rendered":"<p>L&#8217;Institut Mol\u00ed de la Vila va iniciar el seu cam\u00ed el 1968 a partir de la iniciativa d&#8217;un grup de pares que van preocupar-se perqu\u00e8 a Capellades s&#8217;hi pogu\u00e9s estudiar el batxillerat. Al principi, la titularitat era municipal i depenia en alguns aspectes de l&#8217;institut Pere Vives Vic d&#8217;Igualada, per\u00f2 amb el temps va passar a ser un centre p\u00fablic (1990) i va funcionar amb total independ\u00e8ncia.<\/p>\n<p>Al comen\u00e7ament, el centre estava situat a l&#8217;antic mol\u00ed paperer ubicat al peu de la bassa (d&#8217;aqu\u00ed el nom de &#8220;Mol\u00ed de la Vila&#8221;), avui totalment ocupat pel Museu del Paper, per\u00f2 a mitjans dels anys 80 s&#8217;abandon\u00e0 l&#8217;indret original i es ced\u00ed totalment al Museu. El centre s&#8217;instal\u00b7l\u00e0 en un aulari situat al pati de l&#8217;institut d&#8217;avui. Al mateix temps es project\u00e0 la construcci\u00f3 d&#8217;un edifici nou destinat a allotjar els alumnes de secund\u00e0ria, que fou inaugurat oficialment el maig de 1996.<\/p>\n","protected":false},"excerpt":{"rendered":"<p>L&#8217;Institut Mol\u00ed de la Vila va iniciar el seu cam\u00ed el 1968 a partir de la iniciativa d&#8217;un grup de pares que van preocupar-se perqu\u00e8 a Capellades s&#8217;hi pogu\u00e9s estudiar el batxillerat. Al principi, la titularitat era municipal i depenia en alguns aspectes de l&#8217;institut&hellip;  <a href=\"https:\/\/agora.xtec.cat\/iesmolidelavila\/linstitut\/historia\/\" title=\"Read Hist\u00f2ria\">Llegeix m\u00e9s\u00bb<\/a><\/p>\n","protected":false},"author":1,"featured_media":0,"parent":19,"menu_order":20,"comment_status":"closed","ping_status":"closed","template":"page-templates\/side-menu.php","meta":{"footnotes":""},"class_list":["post-27","page","type-page","status-publish","hentry"],"post_mailing_queue_ids":[],"_links":{"self":[{"href":"https:\/\/agora.xtec.cat\/iesmolidelavila\/wp-json\/wp\/v2\/pages\/27","targetHints":{"allow":["GET"]}}],"collection":[{"href":"https:\/\/agora.xtec.cat\/iesmolidelavila\/wp-json\/wp\/v2\/pages"}],"about":[{"href":"https:\/\/agora.xtec.cat\/iesmolidelavila\/wp-json\/wp\/v2\/types\/page"}],"author":[{"embeddable":true,"href":"https:\/\/agora.xtec.cat\/iesmolidelavila\/wp-json\/wp\/v2\/users\/1"}],"replies":[{"embeddable":true,"href":"https:\/\/agora.xtec.cat\/iesmolidelavila\/wp-json\/wp\/v2\/comments?post=27"}],"version-history":[{"count":3,"href":"https:\/\/agora.xtec.cat\/iesmolidelavila\/wp-json\/wp\/v2\/pages\/27\/revisions"}],"predecessor-version":[{"id":353,"href":"https:\/\/agora.xtec.cat\/iesmolidelavila\/wp-json\/wp\/v2\/pages\/27\/revisions\/353"}],"up":[{"embeddable":true,"href":"https:\/\/agora.xtec.cat\/iesmolidelavila\/wp-json\/wp\/v2\/pages\/19"}],"wp:attachment":[{"href":"https:\/\/agora.xtec.cat\/iesmolidelavila\/wp-json\/wp\/v2\/media?parent=27"}],"curies":[{"name":"wp","href":"https:\/\/api.w.org\/{rel}","templated":true}]}}