{"id":7488,"date":"2026-04-15T12:53:29","date_gmt":"2026-04-15T10:53:29","guid":{"rendered":"https:\/\/agora.xtec.cat\/iesmoianes\/?page_id=7488"},"modified":"2026-04-15T13:09:31","modified_gmt":"2026-04-15T11:09:31","slug":"cicle-formatiu-basic","status":"publish","type":"page","link":"https:\/\/agora.xtec.cat\/iesmoianes\/estudis-2\/cicle-formatiu-basic\/","title":{"rendered":"Cicle Formatiu B\u00e0sic"},"content":{"rendered":"\n<figure class=\"wp-block-image\"><img loading=\"lazy\" decoding=\"async\" width=\"1563\" height=\"313\" src=\"https:\/\/agora.xtec.cat\/iesmoianes\/wp-content\/uploads\/usu258\/2026\/04\/header-web-CFGB-horitzontal-petit2-1.png\" alt=\"\" class=\"wp-image-7510\" srcset=\"https:\/\/agora.xtec.cat\/iesmoianes\/wp-content\/uploads\/usu258\/2026\/04\/header-web-CFGB-horitzontal-petit2-1.png 1563w, https:\/\/agora.xtec.cat\/iesmoianes\/wp-content\/uploads\/usu258\/2026\/04\/header-web-CFGB-horitzontal-petit2-1-300x60.png 300w, https:\/\/agora.xtec.cat\/iesmoianes\/wp-content\/uploads\/usu258\/2026\/04\/header-web-CFGB-horitzontal-petit2-1-1024x205.png 1024w, https:\/\/agora.xtec.cat\/iesmoianes\/wp-content\/uploads\/usu258\/2026\/04\/header-web-CFGB-horitzontal-petit2-1-768x154.png 768w, https:\/\/agora.xtec.cat\/iesmoianes\/wp-content\/uploads\/usu258\/2026\/04\/header-web-CFGB-horitzontal-petit2-1-1536x308.png 1536w\" sizes=\"auto, (max-width: 1563px) 100vw, 1563px\" \/><\/figure>\n\n\n\n<p>CFGB de PERRUQUERIA I EST\u00c8TICA&nbsp;(codi CFPB IP10)<\/p>\n\n\n\n<ul class=\"wp-block-list\">\n<li>Adre\u00e7at a&nbsp;<strong>alumnes entre 15 i 17 anys<\/strong>, sense t\u00edtol de graduat en ESO.<\/li>\n\n\n\n<li>Dura&nbsp;<strong>dos cursos<\/strong>, 1r i 2n, en l\u2019especialitat&nbsp;<strong>d\u2019Imatge Personal<\/strong>.<\/li>\n\n\n\n<li><strong>Requisit d\u2019acc\u00e9s:<\/strong><br>&#8211; Tenir 15 anys, o complir-los durant l\u2019any natural del curs.<br>&#8211; Haver cursat 3r ESO (excepcionalment, 2n ESO).<br>&#8211; L\u2019equip docent ha d\u2019haver proposat la incorporaci\u00f3 de l\u2019alumne\/a al grau b\u00e0sic mitjan\u00e7ant el consell orientador.<\/li>\n<\/ul>\n\n\n\n<h5 class=\"wp-block-heading\"><\/h5>\n\n\n\n<p>Cal presentar la sol\u00b7licitud presencialment i adjuntar-hi la documentaci\u00f3 d\u2019identificaci\u00f3 o de criteris que correspongui. Tota la informaci\u00f3 al web <a href=\"https:\/\/preinscripcio.gencat.cat\/ca\/estudis\/cursos-especialitzacio-fp\/preinscriute\/sollicitud\/\" target=\"_blank\" rel=\"noreferrer noopener\">gencat.cat<\/a>.<\/p>\n\n\n\n<p>La <strong>compet\u00e8ncia general<\/strong> d\u2019aquest t\u00edtol consisteix a realitzar t\u00e8cniques de neteja i higiene capil\u00b7lar, aix\u00ed com processos de canvi de forma i color del cabell, complementats amb serveis b\u00e0sics de maquillatge, depilaci\u00f3, manicura i pedicura. Aquestes tasques es duen a terme atenent de manera adequada el\/la client\/a i preparant els equips, materials i espais de treball amb responsabilitat i iniciativa pr\u00f2pia. Igualment, s\u2019actua seguint els est\u00e0ndards de qualitat establerts, respectant les normes de prevenci\u00f3 de riscos laborals i de protecci\u00f3 del medi ambient, i comunicant-se de forma efectiva tant oralment com per escrit en catal\u00e0 i castell\u00e0, aix\u00ed com amb un nivell b\u00e0sic d\u2019angl\u00e8s.<\/p>\n\n\n\n<ul class=\"wp-block-list\">\n<li>M\u00f2duls espec\u00edfics de perruqueria i d\u2019est\u00e8tica, i Itinerari personal per a l\u2019ocupabilitat (aprox 60% de les hores).<\/li>\n\n\n\n<li>M\u00f2duls associats als \u00e0mbits de la Comunicaci\u00f3 i ci\u00e8ncies Socials i Ci\u00e8ncies Aplicades (formaci\u00f3 instrumental b\u00e0sica).<\/li>\n\n\n\n<li>M\u00f2dul de pr\u00e0ctiques en empreses del sector: 416h.<\/li>\n<\/ul>\n\n\n\n<p>Els continguts professionalitzadors seran impartits en els tallers de perruqueria i d\u2019est\u00e8tica de l\u2019institut.<\/p>\n\n\n\n<p>Podeu consultar la informaci\u00f3 oficial sobre els continguts del cicle en el&nbsp;<a href=\"https:\/\/triaeducativa.gencat.cat\/ca\/estudis\/?perruqueria-estetica&amp;p_id=4770\">web del Departament d\u2019Educaci\u00f3<\/a>.<\/p>\n\n\n\n<p>La superaci\u00f3 dels estudis permet obtenir una doble titulaci\u00f3:<\/p>\n\n\n\n<ul class=\"wp-block-list\">\n<li><strong>Graduat en ESO.<\/strong><\/li>\n\n\n\n<li><strong>T\u00e8cnic\/a B\u00e0sic de Perruqueria i est\u00e8tica (nivell 1)<\/strong>.<\/li>\n<\/ul>\n\n\n\n<p>Amb aquesta titulaci\u00f3 permet accedir a CFGM (qualsevol fam\u00edlia professional) o al m\u00f3n laboral.<\/p>\n\n\n\n<figure class=\"wp-block-image\"><img loading=\"lazy\" decoding=\"async\" width=\"1749\" height=\"1237\" src=\"https:\/\/agora.xtec.cat\/iesmoianes\/wp-content\/uploads\/usu258\/2026\/04\/CFBasic_perruqueria2026-1.png\" alt=\"\" class=\"wp-image-7517\" srcset=\"https:\/\/agora.xtec.cat\/iesmoianes\/wp-content\/uploads\/usu258\/2026\/04\/CFBasic_perruqueria2026-1.png 1749w, https:\/\/agora.xtec.cat\/iesmoianes\/wp-content\/uploads\/usu258\/2026\/04\/CFBasic_perruqueria2026-1-300x212.png 300w, https:\/\/agora.xtec.cat\/iesmoianes\/wp-content\/uploads\/usu258\/2026\/04\/CFBasic_perruqueria2026-1-1024x724.png 1024w, https:\/\/agora.xtec.cat\/iesmoianes\/wp-content\/uploads\/usu258\/2026\/04\/CFBasic_perruqueria2026-1-768x543.png 768w, https:\/\/agora.xtec.cat\/iesmoianes\/wp-content\/uploads\/usu258\/2026\/04\/CFBasic_perruqueria2026-1-1536x1086.png 1536w\" sizes=\"auto, (max-width: 1749px) 100vw, 1749px\" \/><\/figure>\n\n\n\n<figure class=\"wp-block-image\"><img loading=\"lazy\" decoding=\"async\" width=\"2000\" height=\"1414\" src=\"https:\/\/agora.xtec.cat\/iesmoianes\/wp-content\/uploads\/usu258\/2026\/04\/CFBasic_perruqueria2026-2.png\" alt=\"Grau b\u00e0sic formaci\u00f3 professional perruqueria i est\u00e8tica\" class=\"wp-image-7516\" srcset=\"https:\/\/agora.xtec.cat\/iesmoianes\/wp-content\/uploads\/usu258\/2026\/04\/CFBasic_perruqueria2026-2.png 2000w, https:\/\/agora.xtec.cat\/iesmoianes\/wp-content\/uploads\/usu258\/2026\/04\/CFBasic_perruqueria2026-2-300x212.png 300w, https:\/\/agora.xtec.cat\/iesmoianes\/wp-content\/uploads\/usu258\/2026\/04\/CFBasic_perruqueria2026-2-1024x724.png 1024w, https:\/\/agora.xtec.cat\/iesmoianes\/wp-content\/uploads\/usu258\/2026\/04\/CFBasic_perruqueria2026-2-768x543.png 768w, https:\/\/agora.xtec.cat\/iesmoianes\/wp-content\/uploads\/usu258\/2026\/04\/CFBasic_perruqueria2026-2-1536x1086.png 1536w\" sizes=\"auto, (max-width: 2000px) 100vw, 2000px\" \/><\/figure>\n","protected":false},"excerpt":{"rendered":"<p>CFGB de PERRUQUERIA I EST\u00c8TICA&nbsp;(codi CFPB IP10) Cal presentar la sol\u00b7licitud presencialment i adjuntar-hi la documentaci\u00f3 d\u2019identificaci\u00f3 o de criteris que correspongui. Tota la informaci\u00f3 al web gencat.cat. La compet\u00e8ncia general d\u2019aquest t\u00edtol consisteix a realitzar t\u00e8cniques de neteja i higiene capil\u00b7lar, aix\u00ed com processos de canvi de forma i color del cabell, complementats amb [&hellip;]<\/p>\n","protected":false},"author":62,"featured_media":0,"parent":834,"menu_order":0,"comment_status":"closed","ping_status":"close","template":"","meta":{"_bbp_topic_count":0,"_bbp_reply_count":0,"_bbp_total_topic_count":0,"_bbp_total_reply_count":0,"_bbp_voice_count":0,"_bbp_anonymous_reply_count":0,"_bbp_topic_count_hidden":0,"_bbp_reply_count_hidden":0,"_bbp_forum_subforum_count":0,"site-sidebar-layout":"default","site-content-layout":"","ast-site-content-layout":"","site-content-style":"default","site-sidebar-style":"default","ast-global-header-display":"","ast-banner-title-visibility":"","ast-main-header-display":"","ast-hfb-above-header-display":"","ast-hfb-below-header-display":"","ast-hfb-mobile-header-display":"","site-post-title":"","ast-breadcrumbs-content":"","ast-featured-img":"","footer-sml-layout":"","theme-transparent-header-meta":"","adv-header-id-meta":"","stick-header-meta":"","header-above-stick-meta":"","header-main-stick-meta":"","header-below-stick-meta":"","astra-migrate-meta-layouts":"default","ast-page-background-enabled":"default","ast-page-background-meta":{"desktop":{"background-color":"var(--ast-global-color-4)","background-image":"","background-repeat":"repeat","background-position":"center center","background-size":"auto","background-attachment":"scroll","background-type":"","background-media":"","overlay-type":"","overlay-color":"","overlay-opacity":"","overlay-gradient":""},"tablet":{"background-color":"","background-image":"","background-repeat":"repeat","background-position":"center center","background-size":"auto","background-attachment":"scroll","background-type":"","background-media":"","overlay-type":"","overlay-color":"","overlay-opacity":"","overlay-gradient":""},"mobile":{"background-color":"","background-image":"","background-repeat":"repeat","background-position":"center center","background-size":"auto","background-attachment":"scroll","background-type":"","background-media":"","overlay-type":"","overlay-color":"","overlay-opacity":"","overlay-gradient":""}},"ast-content-background-meta":{"desktop":{"background-color":"var(--ast-global-color-5)","background-image":"","background-repeat":"repeat","background-position":"center center","background-size":"auto","background-attachment":"scroll","background-type":"","background-media":"","overlay-type":"","overlay-color":"","overlay-opacity":"","overlay-gradient":""},"tablet":{"background-color":"var(--ast-global-color-5)","background-image":"","background-repeat":"repeat","background-position":"center center","background-size":"auto","background-attachment":"scroll","background-type":"","background-media":"","overlay-type":"","overlay-color":"","overlay-opacity":"","overlay-gradient":""},"mobile":{"background-color":"var(--ast-global-color-5)","background-image":"","background-repeat":"repeat","background-position":"center center","background-size":"auto","background-attachment":"scroll","background-type":"","background-media":"","overlay-type":"","overlay-color":"","overlay-opacity":"","overlay-gradient":""}},"footnotes":""},"class_list":["post-7488","page","type-page","status-publish","hentry"],"post_mailing_queue_ids":[],"_links":{"self":[{"href":"https:\/\/agora.xtec.cat\/iesmoianes\/wp-json\/wp\/v2\/pages\/7488","targetHints":{"allow":["GET"]}}],"collection":[{"href":"https:\/\/agora.xtec.cat\/iesmoianes\/wp-json\/wp\/v2\/pages"}],"about":[{"href":"https:\/\/agora.xtec.cat\/iesmoianes\/wp-json\/wp\/v2\/types\/page"}],"author":[{"embeddable":true,"href":"https:\/\/agora.xtec.cat\/iesmoianes\/wp-json\/wp\/v2\/users\/62"}],"replies":[{"embeddable":true,"href":"https:\/\/agora.xtec.cat\/iesmoianes\/wp-json\/wp\/v2\/comments?post=7488"}],"version-history":[{"count":7,"href":"https:\/\/agora.xtec.cat\/iesmoianes\/wp-json\/wp\/v2\/pages\/7488\/revisions"}],"predecessor-version":[{"id":7520,"href":"https:\/\/agora.xtec.cat\/iesmoianes\/wp-json\/wp\/v2\/pages\/7488\/revisions\/7520"}],"up":[{"embeddable":true,"href":"https:\/\/agora.xtec.cat\/iesmoianes\/wp-json\/wp\/v2\/pages\/834"}],"wp:attachment":[{"href":"https:\/\/agora.xtec.cat\/iesmoianes\/wp-json\/wp\/v2\/media?parent=7488"}],"curies":[{"name":"wp","href":"https:\/\/api.w.org\/{rel}","templated":true}]}}