{"id":679,"date":"2016-06-11T07:06:16","date_gmt":"2016-06-11T06:06:16","guid":{"rendered":"http:\/\/agora.xtec.cat\/iesmoianes\/?page_id=679"},"modified":"2016-09-16T12:06:55","modified_gmt":"2016-09-16T11:06:55","slug":"enllacos-dinteres","status":"publish","type":"page","link":"https:\/\/agora.xtec.cat\/iesmoianes\/departament-de-matematiques-i-economia\/enllacos-dinteres\/","title":{"rendered":"Enlla\u00e7os d&#8217;inter\u00e8s"},"content":{"rendered":"<p>Aqu\u00ed teniu uns enlla\u00e7os a p\u00e0gines que poden resultar del vostre inter\u00e8s:<\/p>\n<ul>\n<li><a href=\"http:\/\/www.cangur.org\/\" target=\"_blank\">Proves cangur<\/a><\/li>\n<li><a href=\"http:\/\/blogs.iec.cat\/scm\/\" target=\"_blank\">Societat catalana de matem\u00e0tiques<\/a><\/li>\n<li><a href=\"http:\/\/selecat.cat\/\" target=\"_blank\">Selecat (ex\u00e0mens de selectivitat d&#8217;anys anteriors)<\/a><\/li>\n<li><a href=\"http:\/\/clic.xtec.cat\/repo\/index.html\">Biblioteca de projectes JClic<\/a><\/li>\n<\/ul>\n","protected":false},"excerpt":{"rendered":"<p>Aqu\u00ed teniu uns enlla\u00e7os a p\u00e0gines que poden resultar del vostre inter\u00e8s:<\/p>\n<ul>\n<li><a href=\"http:\/\/www.cangur.org\/\" target=\"_blank\">Proves cangur<\/a><\/li>\n<li><a href=\"http:\/\/blogs.iec.cat\/scm\/\" target=\"_blank\">Societat catalana de matem\u00e0tiques<\/a><\/li>\n<li><a href=\"http:\/\/selecat.cat\/\" target=\"_blank\">Selecat (ex\u00e0mens de selectivitat d&#8217;anys anteriors)<\/a><\/li>\n<li><a href=\"http:\/\/clic.xtec.cat\/repo\/index.html\">Biblioteca de projectes JClic<\/a><\/li>\n<\/ul>\n","protected":false},"author":1,"featured_media":0,"parent":658,"menu_order":35,"comment_status":"closed","ping_status":"closed","template":"page-templates\/side-menu.php","meta":{"_bbp_topic_count":0,"_bbp_reply_count":0,"_bbp_total_topic_count":0,"_bbp_total_reply_count":0,"_bbp_voice_count":0,"_bbp_anonymous_reply_count":0,"_bbp_topic_count_hidden":0,"_bbp_reply_count_hidden":0,"_bbp_forum_subforum_count":0,"footnotes":""},"class_list":["post-679","page","type-page","status-publish","hentry"],"post_mailing_queue_ids":[],"_links":{"self":[{"href":"https:\/\/agora.xtec.cat\/iesmoianes\/wp-json\/wp\/v2\/pages\/679","targetHints":{"allow":["GET"]}}],"collection":[{"href":"https:\/\/agora.xtec.cat\/iesmoianes\/wp-json\/wp\/v2\/pages"}],"about":[{"href":"https:\/\/agora.xtec.cat\/iesmoianes\/wp-json\/wp\/v2\/types\/page"}],"author":[{"embeddable":true,"href":"https:\/\/agora.xtec.cat\/iesmoianes\/wp-json\/wp\/v2\/users\/1"}],"replies":[{"embeddable":true,"href":"https:\/\/agora.xtec.cat\/iesmoianes\/wp-json\/wp\/v2\/comments?post=679"}],"version-history":[{"count":2,"href":"https:\/\/agora.xtec.cat\/iesmoianes\/wp-json\/wp\/v2\/pages\/679\/revisions"}],"predecessor-version":[{"id":1291,"href":"https:\/\/agora.xtec.cat\/iesmoianes\/wp-json\/wp\/v2\/pages\/679\/revisions\/1291"}],"up":[{"embeddable":true,"href":"https:\/\/agora.xtec.cat\/iesmoianes\/wp-json\/wp\/v2\/pages\/658"}],"wp:attachment":[{"href":"https:\/\/agora.xtec.cat\/iesmoianes\/wp-json\/wp\/v2\/media?parent=679"}],"curies":[{"name":"wp","href":"https:\/\/api.w.org\/{rel}","templated":true}]}}