{"id":658,"date":"2016-06-11T06:35:35","date_gmt":"2016-06-11T05:35:35","guid":{"rendered":"http:\/\/agora.xtec.cat\/iesmoianes\/?page_id=658"},"modified":"2020-02-20T08:34:41","modified_gmt":"2020-02-20T07:34:41","slug":"departament-de-matematiques-i-economia","status":"publish","type":"page","link":"https:\/\/agora.xtec.cat\/iesmoianes\/departament-de-matematiques-i-economia\/","title":{"rendered":"Matem\u00e0tiques i economia"},"content":{"rendered":"<p>Benvinguts al departament de matem\u00e0tiques i economia. En aquesta p\u00e0gina trobareu tot el que us calgui relacionat amb les assignatures de matem\u00e0tiques i economia impartides a l&#8217;Institut Moian\u00e8s.<\/p>\n<ul>\n<li><a href=\"http:\/\/agora.xtec.cat\/iesmoianes\/linstitut\/departaments\/departament-de-matematiques-i-economia\/qui-som\/\">Qui som?<\/a><\/li>\n<li>Programacions<\/li>\n<li><a href=\"http:\/\/agora.xtec.cat\/iesmoianes\/linstitut\/departaments\/departament-de-matematiques-i-economia\/criteris-davaluacio\/\">Criteris d&#8217;avaluaci\u00f3<\/a><\/li>\n<li><a href=\"http:\/\/agora.xtec.cat\/iesmoianes\/linstitut\/departaments\/departament-de-matematiques-i-economia\/enllacos-dinteres\/\">Enlla\u00e7os d&#8217;inter\u00e8s<\/a><\/li>\n<\/ul>\n<p>Podeu veure les not\u00edcies relacionades amb el deparatament a aquest <a href=\"http:\/\/agora.xtec.cat\/iesmoianes\/categoria\/departaments\/departament-mat\/\">enlla\u00e7<\/a>.<\/p>\n","protected":false},"excerpt":{"rendered":"<p>Benvinguts al departament de matem\u00e0tiques i economia. En aquesta p\u00e0gina trobareu tot el que us calgui relacionat amb les assignatures de matem\u00e0tiques i economia impartides a l&#8217;Institut Moian\u00e8s.<\/p>\n<ul>\n<li><a href=\"http:\/\/agora.xtec.cat\/iesmoianes\/linstitut\/departaments\/departament-de-matematiques-i-economia\/qui-som\/\">Qui som?<\/a><\/li>\n<li>Programacions<\/li>\n<li><a href=\"http:\/\/agora.xtec.cat\/iesmoianes\/linstitut\/departaments\/departament-de-matematiques-i-economia\/criteris-davaluacio\/\">Criteris d&#8217;avaluaci\u00f3<\/a><\/li>\n<li><a href=\"http:\/\/agora.xtec.cat\/iesmoianes\/linstitut\/departaments\/departament-de-matematiques-i-economia\/enllacos-dinteres\/\">Enlla\u00e7os d&#8217;inter\u00e8s<\/a><\/li>\n<\/ul>\n<p>Podeu veure les not\u00edcies relacionades amb el deparatament a aquest <a href=\"http:\/\/agora.xtec.cat\/iesmoianes\/categoria\/departaments\/departament-mat\/\">enlla\u00e7<\/a>.<\/p>\n","protected":false},"author":1,"featured_media":0,"parent":0,"menu_order":0,"comment_status":"closed","ping_status":"closed","template":"page-templates\/side-menu.php","meta":{"_bbp_topic_count":0,"_bbp_reply_count":0,"_bbp_total_topic_count":0,"_bbp_total_reply_count":0,"_bbp_voice_count":0,"_bbp_anonymous_reply_count":0,"_bbp_topic_count_hidden":0,"_bbp_reply_count_hidden":0,"_bbp_forum_subforum_count":0,"footnotes":""},"class_list":["post-658","page","type-page","status-publish","hentry"],"post_mailing_queue_ids":[],"_links":{"self":[{"href":"https:\/\/agora.xtec.cat\/iesmoianes\/wp-json\/wp\/v2\/pages\/658","targetHints":{"allow":["GET"]}}],"collection":[{"href":"https:\/\/agora.xtec.cat\/iesmoianes\/wp-json\/wp\/v2\/pages"}],"about":[{"href":"https:\/\/agora.xtec.cat\/iesmoianes\/wp-json\/wp\/v2\/types\/page"}],"author":[{"embeddable":true,"href":"https:\/\/agora.xtec.cat\/iesmoianes\/wp-json\/wp\/v2\/users\/1"}],"replies":[{"embeddable":true,"href":"https:\/\/agora.xtec.cat\/iesmoianes\/wp-json\/wp\/v2\/comments?post=658"}],"version-history":[{"count":3,"href":"https:\/\/agora.xtec.cat\/iesmoianes\/wp-json\/wp\/v2\/pages\/658\/revisions"}],"predecessor-version":[{"id":1063,"href":"https:\/\/agora.xtec.cat\/iesmoianes\/wp-json\/wp\/v2\/pages\/658\/revisions\/1063"}],"wp:attachment":[{"href":"https:\/\/agora.xtec.cat\/iesmoianes\/wp-json\/wp\/v2\/media?parent=658"}],"curies":[{"name":"wp","href":"https:\/\/api.w.org\/{rel}","templated":true}]}}