{"id":4970,"date":"2020-02-29T15:32:15","date_gmt":"2020-02-29T14:32:15","guid":{"rendered":"https:\/\/agora.xtec.cat\/iesmoianes\/?page_id=4970"},"modified":"2025-10-15T18:19:33","modified_gmt":"2025-10-15T16:19:33","slug":"programacio-general-anual-pga","status":"publish","type":"page","link":"https:\/\/agora.xtec.cat\/iesmoianes\/documents-de-gestio-de-centre\/programacio-general-anual-pga\/","title":{"rendered":"Programaci\u00f3 general anual (PGA)"},"content":{"rendered":"<p>Els centres han d&#8217;elaborar la programaci\u00f3 general anual d&#8217;acord amb el que estableix l&#8217; article 10 del Decret 102\/2010, d&#8217;autonomia dels centres educatius. En la programaci\u00f3 es recull la concreci\u00f3 de les prioritats, de les activitats i del funcionament del centre per al curs escolar corresponent, i dels diferents \u00e0mbits de l&#8217;autonomia del centre, d&#8217;acord amb el projecte educatiu i, en els centres p\u00fablics, d&#8217;acord amb el projecte de direcci\u00f3 vigent:<\/p>\n<ul>\n<li>Autonomia pedag\u00f2gica: concreci\u00f3 anual dels objectius del PEC i del curr\u00edculum, aix\u00ed com de tots els plans d&#8217;actuaci\u00f3 acordats i aprovats.<\/li>\n<li>Autonomia organitzativa: concreci\u00f3 anual de totes les prioritats dels projectes i normes, i la previsi\u00f3 de totes les activitats de l&#8217;horari escolar.<\/li>\n<li>Autonomia de gesti\u00f3 de recursos: la concreci\u00f3 de recursos destinats per a les diferents actuacions, els responsables i els mecanismes de seguiment, aix\u00ed com els indicadors i procediments per avaluar els processos i dels resultats, a partir dels indicadors definits en el projecte de direcci\u00f3 i dels indicadors de progr\u00e9s del projecte educatiu.<\/li>\n<\/ul>\n<p>El director o directora del centre p\u00fablic o el o la titular del centre concertat han d&#8217;aprovar, abans del 16 d&#8217;octubre, la programaci\u00f3 general anual, amb la consulta pr\u00e8via al consell escolar del centre.<\/p>\n<p>En els centres p\u00fablics, el claustre formula propostes i aprova la concreci\u00f3 del curr\u00edculum i dels aspectes educatius.<\/p>\n<p>Correspon al consell escolar del centre avaluar la programaci\u00f3 general anual. Els directors dels centres p\u00fablics i els titulars i els directors dels centres privats concertats, com a responsables de dirigir i coordinar l&#8217;aplicaci\u00f3 de la programaci\u00f3 general anual, han de garantir que la comunitat escolar \u00e9s informada del contingut de la programaci\u00f3 general anual i del resultat de la seva avaluaci\u00f3.<\/p>\n<p><a href=\"https:\/\/drive.google.com\/file\/d\/136q_A4S1UZGvVOgAVL8sAkVYIkO_iwYn\/view?usp=sharing\">Programaci\u00f3 general anual (PGA)<\/a><\/p>\n","protected":false},"excerpt":{"rendered":"<p>Els centres han d&#8217;elaborar la programaci\u00f3 general anual d&#8217;acord amb el que estableix l&#8217; article 10 del Decret 102\/2010, d&#8217;autonomia dels centres educatius. En la programaci\u00f3 es recull la concreci\u00f3 de les prioritats, de les activitats i del funcionament del centre per al curs escolar corresponent, i dels diferents \u00e0mbits de l&#8217;autonomia del centre, d&#8217;acord [&hellip;]<\/p>\n","protected":false},"author":1,"featured_media":0,"parent":549,"menu_order":45,"comment_status":"closed","ping_status":"closed","template":"page-templates\/side-menu.php","meta":{"_bbp_topic_count":0,"_bbp_reply_count":0,"_bbp_total_topic_count":0,"_bbp_total_reply_count":0,"_bbp_voice_count":0,"_bbp_anonymous_reply_count":0,"_bbp_topic_count_hidden":0,"_bbp_reply_count_hidden":0,"_bbp_forum_subforum_count":0,"site-sidebar-layout":"default","site-content-layout":"","ast-site-content-layout":"","site-content-style":"default","site-sidebar-style":"default","ast-global-header-display":"","ast-banner-title-visibility":"","ast-main-header-display":"","ast-hfb-above-header-display":"","ast-hfb-below-header-display":"","ast-hfb-mobile-header-display":"","site-post-title":"","ast-breadcrumbs-content":"","ast-featured-img":"","footer-sml-layout":"","theme-transparent-header-meta":"","adv-header-id-meta":"","stick-header-meta":"","header-above-stick-meta":"","header-main-stick-meta":"","header-below-stick-meta":"","astra-migrate-meta-layouts":"default","ast-page-background-enabled":"default","ast-page-background-meta":{"desktop":{"background-color":"var(--ast-global-color-4)","background-image":"","background-repeat":"repeat","background-position":"center center","background-size":"auto","background-attachment":"scroll","background-type":"","background-media":"","overlay-type":"","overlay-color":"","overlay-opacity":"","overlay-gradient":""},"tablet":{"background-color":"","background-image":"","background-repeat":"repeat","background-position":"center center","background-size":"auto","background-attachment":"scroll","background-type":"","background-media":"","overlay-type":"","overlay-color":"","overlay-opacity":"","overlay-gradient":""},"mobile":{"background-color":"","background-image":"","background-repeat":"repeat","background-position":"center center","background-size":"auto","background-attachment":"scroll","background-type":"","background-media":"","overlay-type":"","overlay-color":"","overlay-opacity":"","overlay-gradient":""}},"ast-content-background-meta":{"desktop":{"background-color":"var(--ast-global-color-5)","background-image":"","background-repeat":"repeat","background-position":"center center","background-size":"auto","background-attachment":"scroll","background-type":"","background-media":"","overlay-type":"","overlay-color":"","overlay-opacity":"","overlay-gradient":""},"tablet":{"background-color":"var(--ast-global-color-5)","background-image":"","background-repeat":"repeat","background-position":"center center","background-size":"auto","background-attachment":"scroll","background-type":"","background-media":"","overlay-type":"","overlay-color":"","overlay-opacity":"","overlay-gradient":""},"mobile":{"background-color":"var(--ast-global-color-5)","background-image":"","background-repeat":"repeat","background-position":"center center","background-size":"auto","background-attachment":"scroll","background-type":"","background-media":"","overlay-type":"","overlay-color":"","overlay-opacity":"","overlay-gradient":""}},"footnotes":""},"class_list":["post-4970","page","type-page","status-publish","hentry"],"post_mailing_queue_ids":[],"_links":{"self":[{"href":"https:\/\/agora.xtec.cat\/iesmoianes\/wp-json\/wp\/v2\/pages\/4970","targetHints":{"allow":["GET"]}}],"collection":[{"href":"https:\/\/agora.xtec.cat\/iesmoianes\/wp-json\/wp\/v2\/pages"}],"about":[{"href":"https:\/\/agora.xtec.cat\/iesmoianes\/wp-json\/wp\/v2\/types\/page"}],"author":[{"embeddable":true,"href":"https:\/\/agora.xtec.cat\/iesmoianes\/wp-json\/wp\/v2\/users\/1"}],"replies":[{"embeddable":true,"href":"https:\/\/agora.xtec.cat\/iesmoianes\/wp-json\/wp\/v2\/comments?post=4970"}],"version-history":[{"count":3,"href":"https:\/\/agora.xtec.cat\/iesmoianes\/wp-json\/wp\/v2\/pages\/4970\/revisions"}],"predecessor-version":[{"id":7401,"href":"https:\/\/agora.xtec.cat\/iesmoianes\/wp-json\/wp\/v2\/pages\/4970\/revisions\/7401"}],"up":[{"embeddable":true,"href":"https:\/\/agora.xtec.cat\/iesmoianes\/wp-json\/wp\/v2\/pages\/549"}],"wp:attachment":[{"href":"https:\/\/agora.xtec.cat\/iesmoianes\/wp-json\/wp\/v2\/media?parent=4970"}],"curies":[{"name":"wp","href":"https:\/\/api.w.org\/{rel}","templated":true}]}}