{"id":932,"date":"2016-09-19T18:53:20","date_gmt":"2016-09-19T17:53:20","guid":{"rendered":"http:\/\/agora.xtec.cat\/iesmiramar\/?page_id=932"},"modified":"2016-09-19T18:53:20","modified_gmt":"2016-09-19T17:53:20","slug":"firamat","status":"publish","type":"page","link":"https:\/\/agora.xtec.cat\/iesmiramar\/projecte-educatiu\/activitats-extraescolars\/firamat\/","title":{"rendered":"firamat"},"content":{"rendered":"<h3>FIRA EDUCATIVA A L&#8217;IES MIRAMAR<\/h3>\n<p><span style=\"font-family: Arial,Helvetica,sans-serif; font-size: large;\"><br \/>\nEl proper mes de mar\u00e7 es celebrar\u00e0 la Fira Educativa o Fira de les Ci\u00e8ncies, les Matem\u00e0tiques i la Tecnologia a l&#8217;IES Miramar dins de la Jornada de l&#8217;Ensenyament P\u00fablic que es celebra cada any al municipi de Viladecans.<br \/>\n<\/span> <span style=\"font-family: Arial,Helvetica,sans-serif; font-size: large;\">A les activitats de la Fira hi participen els alumnes de 1r curs d&#8217;ESO de l&#8217;IES Miramar i els alumnes de 6\u00e8 de Prim\u00e0ria de les escoles CEIP Montserratina i CEIP Garrofer.<br \/>\nEls objectius de la Fira s\u00f3n, d&#8217;una banda, reunir els alumnes de 6\u00e8 de Prim\u00e0ria i de 1r d&#8217;ESO, els quals han estat companys d&#8217;escola l&#8217;any anterior i, d&#8217;una altra, acostar els alumnes cap a una visi\u00f3 de les matem\u00e0tiques, les ci\u00e8ncies naturals i la tecnologia menys acad\u00e8mica i m\u00e9s l\u00fadica.<br \/>\nLes activitats de la Fira consisteixen en jocs, endevinalles, muntatges de figures geom\u00e8triques i moltes coses m\u00e9s per treballar conceptes d&#8217;aquestes mat\u00e8ries des d&#8217;una vessant l\u00fadica i divertida.<br \/>\nEl muntatge, programaci\u00f3 i preparaci\u00f3 de la Fira s&#8217;ha dut a terme gr\u00e0cies a l&#8217;esfor\u00e7 i la dedicaci\u00f3 dels professors de l&#8217;IES Miramar i dels professors de les escoles CEIP Montserratina i CEIP Garrofer, la il\u00b7lusi\u00f3 i professionalitat dels quals fan possible any rere any l&#8217;\u00e8xit de la Fira.<\/span><\/p>\n<div style=\"text-align: center; color: #c25c53;\"><a href=\"index.php?module=pagines&amp;func=display&amp;pageid=14\"><span style=\"font-family: Arial,Helvetica,sans-serif; font-size: large;\">FITXES<br \/>\nDID\u00c0CTIQUES<\/span><\/a><\/div>\n","protected":false},"excerpt":{"rendered":"<p>FIRA EDUCATIVA A L&#8217;IES MIRAMAR<\/p>\n<p>El proper mes de mar\u00e7 es celebrar\u00e0 la Fira Educativa o Fira de les Ci\u00e8ncies, les Matem\u00e0tiques i la Tecnologia a l&#8217;IES Miramar dins de la Jornada de l&#8217;Ensenyament P\u00fablic que es celebra cada any al municipi de Viladecans.<br \/>\n A les&hellip;  <a href=\"https:\/\/agora.xtec.cat\/iesmiramar\/projecte-educatiu\/activitats-extraescolars\/firamat\/\" title=\"Read firamat\">Llegeix m\u00e9s\u00bb<\/a><\/p>\n","protected":false},"author":1,"featured_media":0,"parent":75,"menu_order":0,"comment_status":"closed","ping_status":"closed","template":"","meta":{"_bbp_topic_count":0,"_bbp_reply_count":0,"_bbp_total_topic_count":0,"_bbp_total_reply_count":0,"_bbp_voice_count":0,"_bbp_anonymous_reply_count":0,"_bbp_topic_count_hidden":0,"_bbp_reply_count_hidden":0,"_bbp_forum_subforum_count":0,"footnotes":""},"class_list":["post-932","page","type-page","status-publish","hentry"],"post_mailing_queue_ids":[],"_links":{"self":[{"href":"https:\/\/agora.xtec.cat\/iesmiramar\/wp-json\/wp\/v2\/pages\/932","targetHints":{"allow":["GET"]}}],"collection":[{"href":"https:\/\/agora.xtec.cat\/iesmiramar\/wp-json\/wp\/v2\/pages"}],"about":[{"href":"https:\/\/agora.xtec.cat\/iesmiramar\/wp-json\/wp\/v2\/types\/page"}],"author":[{"embeddable":true,"href":"https:\/\/agora.xtec.cat\/iesmiramar\/wp-json\/wp\/v2\/users\/1"}],"replies":[{"embeddable":true,"href":"https:\/\/agora.xtec.cat\/iesmiramar\/wp-json\/wp\/v2\/comments?post=932"}],"version-history":[{"count":1,"href":"https:\/\/agora.xtec.cat\/iesmiramar\/wp-json\/wp\/v2\/pages\/932\/revisions"}],"predecessor-version":[{"id":933,"href":"https:\/\/agora.xtec.cat\/iesmiramar\/wp-json\/wp\/v2\/pages\/932\/revisions\/933"}],"up":[{"embeddable":true,"href":"https:\/\/agora.xtec.cat\/iesmiramar\/wp-json\/wp\/v2\/pages\/75"}],"wp:attachment":[{"href":"https:\/\/agora.xtec.cat\/iesmiramar\/wp-json\/wp\/v2\/media?parent=932"}],"curies":[{"name":"wp","href":"https:\/\/api.w.org\/{rel}","templated":true}]}}