{"id":766,"date":"2016-05-04T18:11:24","date_gmt":"2016-05-04T17:11:24","guid":{"rendered":"http:\/\/agora.xtec.cat\/iesmiramar\/?page_id=766"},"modified":"2021-01-08T13:06:09","modified_gmt":"2021-01-08T12:06:09","slug":"reserves","status":"publish","type":"page","link":"https:\/\/agora.xtec.cat\/iesmiramar\/serveis-professorat\/reserves\/","title":{"rendered":"Reserves"},"content":{"rendered":"<div style=\"float: left; margin-right: 5px;\"><\/div>\n<p>&nbsp;<\/p>\n<h2>Com es fa una reserva?<\/h2>\n<div style=\"clear: both;\">El m\u00f2dul de reserves ha quedat desactivat, a partir d&#8217;ara totes les reserves d&#8217;espais o recursos es far\u00e0 mitjan\u00e7ant la plataforma i-educa.<\/div>\n","protected":false},"excerpt":{"rendered":"<p>&nbsp;<br \/>\nCom es fa una reserva?<br \/>\nEl m\u00f2dul de reserves ha quedat desactivat, a partir d&#8217;ara totes les reserves d&#8217;espais o recursos es far\u00e0 mitjan\u00e7ant la plataforma i-educa.<\/p>\n","protected":false},"author":1,"featured_media":0,"parent":768,"menu_order":0,"comment_status":"closed","ping_status":"closed","template":"","meta":{"_bbp_topic_count":0,"_bbp_reply_count":0,"_bbp_total_topic_count":0,"_bbp_total_reply_count":0,"_bbp_voice_count":0,"_bbp_anonymous_reply_count":0,"_bbp_topic_count_hidden":0,"_bbp_reply_count_hidden":0,"_bbp_forum_subforum_count":0,"footnotes":""},"class_list":["post-766","page","type-page","status-publish","hentry"],"post_mailing_queue_ids":[],"_links":{"self":[{"href":"https:\/\/agora.xtec.cat\/iesmiramar\/wp-json\/wp\/v2\/pages\/766","targetHints":{"allow":["GET"]}}],"collection":[{"href":"https:\/\/agora.xtec.cat\/iesmiramar\/wp-json\/wp\/v2\/pages"}],"about":[{"href":"https:\/\/agora.xtec.cat\/iesmiramar\/wp-json\/wp\/v2\/types\/page"}],"author":[{"embeddable":true,"href":"https:\/\/agora.xtec.cat\/iesmiramar\/wp-json\/wp\/v2\/users\/1"}],"replies":[{"embeddable":true,"href":"https:\/\/agora.xtec.cat\/iesmiramar\/wp-json\/wp\/v2\/comments?post=766"}],"version-history":[{"count":4,"href":"https:\/\/agora.xtec.cat\/iesmiramar\/wp-json\/wp\/v2\/pages\/766\/revisions"}],"predecessor-version":[{"id":6052,"href":"https:\/\/agora.xtec.cat\/iesmiramar\/wp-json\/wp\/v2\/pages\/766\/revisions\/6052"}],"up":[{"embeddable":true,"href":"https:\/\/agora.xtec.cat\/iesmiramar\/wp-json\/wp\/v2\/pages\/768"}],"wp:attachment":[{"href":"https:\/\/agora.xtec.cat\/iesmiramar\/wp-json\/wp\/v2\/media?parent=766"}],"curies":[{"name":"wp","href":"https:\/\/api.w.org\/{rel}","templated":true}]}}