{"id":75,"date":"2014-09-18T10:21:02","date_gmt":"2014-09-18T09:21:02","guid":{"rendered":"http:\/\/agora.xtec.cat\/iesmiramar\/?page_id=75"},"modified":"2019-02-27T14:48:43","modified_gmt":"2019-02-27T13:48:43","slug":"activitats-extraescolars","status":"publish","type":"page","link":"https:\/\/agora.xtec.cat\/iesmiramar\/projecte-educatiu\/activitats-extraescolars\/","title":{"rendered":"Activitats extraescolars"},"content":{"rendered":"<h2>Activitats escolars complement\u00e0ries a l&#8217;institut<\/h2>\n<h3>Festa d&#8217;hivern (Festa solid\u00e0ria)<\/h3>\n<p>La festa d&#8217;hivern, que precedeix les vacances de Nadal, t\u00e9 com a objectiu treballar des de l&#8217;\u00e0mbit de les tutories el tema de la solidaritat i de la cooperaci\u00f3 amb el Tercer M\u00f3n.<\/p>\n<p>Les activitats impliquen tallers diversos a l&#8217;ESO (gimcana sobre el comer\u00e7 just, danses africanes, taller de percussi\u00f3, tatoos de henna, pentinats variats, trenes de llana, ludoteca i jocs d&#8217;escacs) i confer\u00e8ncies, en el cas del batxillerat (&#8220;Malalties respirat\u00f2ries cr\u00f2niques&#8221;, &#8220;Experi\u00e8ncies d&#8217;un viatge als campaments de refugiats de Tindouf&#8221;, &#8220;Amnistia Internacional. La situaci\u00f3 dels drets humans al m\u00f3n&#8221;, etc.). Transversalment, potenciem la participaci\u00f3 en les diverses campanyes d&#8217;ajut alimentari per als refugiats sahrau\u00eds, promoguda per l&#8217;Associaci\u00f3 ACAPS, de Viladecans. Els aliments recollits s&#8217;envien als campaments de refugiats de Tindouf (Alg\u00e8ria).<\/p>\n<h3>Fira Cient\u00edfica-Matem\u00e0tica-Tecnol\u00f2gica (Jornada de l&#8217;Ensenyament P\u00fablic de Viladecans)<\/h3>\n<table border=\"0\" width=\"100%\">\n<tbody>\n<tr>\n<td width=\"77%\">Aquesta activitat \u00e9s una m\u00e9s de les de coordinaci\u00f3 que habitualment es porten a terme, des de ja fa uns quants anys, entre el professorat dels centres p\u00fablics de prim\u00e0ria i els de secund\u00e0ria de Viladecans.<\/p>\n<p>La Fira t\u00e9 lloc de forma simult\u00e0nia a les instal\u00b7lacions dels quatres instituts p\u00fablics de la localitat i participen alumnes del cicle superior de prim\u00e0ria i del primer cicle de l&#8217;ESO. A cada centre els alumnes participants es troben amb unes parades matem\u00e0tiques, talment com si d&#8217;una fira es tract\u00e9s. A cada parada els nois i les noies, amb el suport d&#8217;alumnes m\u00e9s grans, s&#8217;enfronten a la resoluci\u00f3 de diferents problemes matem\u00e0tics preparats conjuntament pels mestres dels centres de prim\u00e0ria i pels professors dels de secund\u00e0ria. Les activitats estan pensades perqu\u00e8, d&#8217;una manera una mica diferents a la que \u00e9s habitual, els nois i les noies resolguin problemes fent servir capacitats que ja han treballat a la classe i altres de car\u00e0cter l\u00f2gic i de raonament. I, a m\u00e9s, es pret\u00e9n que en fer-ho s&#8217;ho passin b\u00e9, que gaudeixin fent matem\u00e0tiques perqu\u00e8 pensem que a les persones ens agrada superar reptes i v\u00e8ncer dificultats.<\/p>\n<p>La Fira \u00e9s tamb\u00e9 una bona ocasi\u00f3 per a la trobada entre alumnes de primer cicle d&#8217;ESO i Cicle Superior de Prim\u00e0ria que han estat companys els cursos anteriors a les escoles.<\/td>\n<\/tr>\n<\/tbody>\n<\/table>\n<h3>Festa de primavera (Jornada gastron\u00f2mica + competicions esportives)<\/h3>\n<p>El programa de la festa comen\u00e7a amb les competicions esportives en qu\u00e8 hi participen els diferents grups d&#8217;alumnes. Cada nivell juga a l&#8217;esport treballat pr\u00e8viament a classe: bitlles catalanes (1r d&#8217;ESO), ping pong (2n d&#8217;ESO), beisbol (3r d&#8217;ESO), voleibol (4t ESO), i futbol sala en el batxillerat.<\/p>\n<p>La festa de primavera inclou tamb\u00e9 una &#8220;plantada&#8221; d&#8217;arbres i una jornada gastron\u00f2mica (el curs passat, la sisena). Els alumnes, en grups redu\u00efts i per cursos, elaboren i exposen diversos plats (entrepans,<br \/>\ncanap\u00e8s, truites, creps, coktails de sucs&#8230;) inspirats en temes d&#8217;actualitato ecol\u00f2gics. Es valora la presentaci\u00f3 del plat, l&#8217;originalitat, el gust i els ingredients utilitzats. Acabada la part competitiva \u00e9s<br \/>\nl&#8217;hora dels premis.<\/p>\n<h3>Festa de Sant Jordi (Concursos: dracs, literari i art\u00edstic)<\/h3>\n<p>El centre organitza, tamb\u00e9, activitats l\u00fadico-culturals com per exemple la Diada de Sant Jordi, centrada principalment en temes literaris i art\u00edstics.<\/p>\n<p>A l&#8217;ESO, s&#8217;organitzen diferents concursos (de dracs, d&#8217;il\u00b7lustraci\u00f3 de poemes, d&#8217;edici\u00f3 de punts de llibre) i confer\u00e8ncies (l&#8217;escriptor Pau Joan Hern\u00e1ndez o el president de l&#8217;Amical de Mauthausen -el curs<br \/>\npassat-). A m\u00e9s a m\u00e9s, diferents departaments programen tallers per als alumnes de batxillerat, lligats a temes literaris (recitals de poemes) o art\u00edstics d&#8217;actualitat. La festa acaba amb el lliurament de premis<br \/>\ndel concurs literari i art\u00edstic.<\/p>\n<p>Tenim dos grups de teatre. Un en Angl\u00e8s ( de nova creaci\u00f3 ) i un altre en Alemany. El grup de teatre en alemany est\u00e0 dirigit pel Goethe Institute i tots els cursos marxen a Alemanya a representar les seves obres. Aquest any han anat a Munich.<\/p>\n<p>La resta de les activitats extraescolars estan gestionades per l&#8217;AMPA. Podeu accedir mitjan\u00e7ant la seva p\u00e0gina de facebook. AMPA<\/p>\n","protected":false},"excerpt":{"rendered":"<p>Activitats escolars complement\u00e0ries a l&#8217;institut<br \/>\nFesta d&#8217;hivern (Festa solid\u00e0ria)<br \/>\nLa festa d&#8217;hivern, que precedeix les vacances de Nadal, t\u00e9 com a objectiu treballar des de l&#8217;\u00e0mbit de les tutories el tema de la solidaritat i de la cooperaci\u00f3 amb el Tercer M\u00f3n.<br \/>\nLes activitats impliquen tallers diversos a&hellip;  <a href=\"https:\/\/agora.xtec.cat\/iesmiramar\/projecte-educatiu\/activitats-extraescolars\/\" title=\"Read Activitats extraescolars\">Llegeix m\u00e9s\u00bb<\/a><\/p>\n","protected":false},"author":1,"featured_media":0,"parent":57,"menu_order":40,"comment_status":"closed","ping_status":"closed","template":"page-templates\/side-menu.php","meta":{"_bbp_topic_count":0,"_bbp_reply_count":0,"_bbp_total_topic_count":0,"_bbp_total_reply_count":0,"_bbp_voice_count":0,"_bbp_anonymous_reply_count":0,"_bbp_topic_count_hidden":0,"_bbp_reply_count_hidden":0,"_bbp_forum_subforum_count":0,"footnotes":""},"class_list":["post-75","page","type-page","status-publish","hentry"],"post_mailing_queue_ids":[],"_links":{"self":[{"href":"https:\/\/agora.xtec.cat\/iesmiramar\/wp-json\/wp\/v2\/pages\/75","targetHints":{"allow":["GET"]}}],"collection":[{"href":"https:\/\/agora.xtec.cat\/iesmiramar\/wp-json\/wp\/v2\/pages"}],"about":[{"href":"https:\/\/agora.xtec.cat\/iesmiramar\/wp-json\/wp\/v2\/types\/page"}],"author":[{"embeddable":true,"href":"https:\/\/agora.xtec.cat\/iesmiramar\/wp-json\/wp\/v2\/users\/1"}],"replies":[{"embeddable":true,"href":"https:\/\/agora.xtec.cat\/iesmiramar\/wp-json\/wp\/v2\/comments?post=75"}],"version-history":[{"count":3,"href":"https:\/\/agora.xtec.cat\/iesmiramar\/wp-json\/wp\/v2\/pages\/75\/revisions"}],"predecessor-version":[{"id":929,"href":"https:\/\/agora.xtec.cat\/iesmiramar\/wp-json\/wp\/v2\/pages\/75\/revisions\/929"}],"up":[{"embeddable":true,"href":"https:\/\/agora.xtec.cat\/iesmiramar\/wp-json\/wp\/v2\/pages\/57"}],"wp:attachment":[{"href":"https:\/\/agora.xtec.cat\/iesmiramar\/wp-json\/wp\/v2\/media?parent=75"}],"curies":[{"name":"wp","href":"https:\/\/api.w.org\/{rel}","templated":true}]}}