{"id":917,"date":"2018-05-13T19:08:46","date_gmt":"2018-05-13T17:08:46","guid":{"rendered":"http:\/\/agora.xtec.cat\/iesmiquelcrusafont\/?page_id=917"},"modified":"2018-05-13T19:08:46","modified_gmt":"2018-05-13T17:08:46","slug":"tis-integradora-social","status":"publish","type":"page","link":"https:\/\/agora.xtec.cat\/iesmiquelcrusafont\/serveis\/tis-integradora-social\/","title":{"rendered":"TIS (Integradora Social)"},"content":{"rendered":"<p>Els\/les integradores socials col\u00b7labora amb el desenvolupament d&#8217;habilitats socials i autonomia personal en alumnes que es troben en situaci\u00f3 de risc, i interv\u00e9 directament amb els joves o infants, les seves fam\u00edlies i els agents socials de l&#8217;entorn.<\/p>\n","protected":false},"excerpt":{"rendered":"<p>Els\/les integradores socials col\u00b7labora amb el desenvolupament d&#8217;habilitats socials i autonomia personal en alumnes que es troben en situaci\u00f3 de risc, i interv\u00e9 directament amb els joves o infants, les seves fam\u00edlies i els agents socials de l&#8217;entorn.<\/p>\n","protected":false},"author":1,"featured_media":0,"parent":63,"menu_order":50,"comment_status":"closed","ping_status":"closed","template":"","meta":{"_bbp_topic_count":0,"_bbp_reply_count":0,"_bbp_total_topic_count":0,"_bbp_total_reply_count":0,"_bbp_voice_count":0,"_bbp_anonymous_reply_count":0,"_bbp_topic_count_hidden":0,"_bbp_reply_count_hidden":0,"_bbp_forum_subforum_count":0,"footnotes":""},"class_list":["post-917","page","type-page","status-publish","hentry"],"post_mailing_queue_ids":[],"_links":{"self":[{"href":"https:\/\/agora.xtec.cat\/iesmiquelcrusafont\/wp-json\/wp\/v2\/pages\/917","targetHints":{"allow":["GET"]}}],"collection":[{"href":"https:\/\/agora.xtec.cat\/iesmiquelcrusafont\/wp-json\/wp\/v2\/pages"}],"about":[{"href":"https:\/\/agora.xtec.cat\/iesmiquelcrusafont\/wp-json\/wp\/v2\/types\/page"}],"author":[{"embeddable":true,"href":"https:\/\/agora.xtec.cat\/iesmiquelcrusafont\/wp-json\/wp\/v2\/users\/1"}],"replies":[{"embeddable":true,"href":"https:\/\/agora.xtec.cat\/iesmiquelcrusafont\/wp-json\/wp\/v2\/comments?post=917"}],"version-history":[{"count":1,"href":"https:\/\/agora.xtec.cat\/iesmiquelcrusafont\/wp-json\/wp\/v2\/pages\/917\/revisions"}],"predecessor-version":[{"id":918,"href":"https:\/\/agora.xtec.cat\/iesmiquelcrusafont\/wp-json\/wp\/v2\/pages\/917\/revisions\/918"}],"up":[{"embeddable":true,"href":"https:\/\/agora.xtec.cat\/iesmiquelcrusafont\/wp-json\/wp\/v2\/pages\/63"}],"wp:attachment":[{"href":"https:\/\/agora.xtec.cat\/iesmiquelcrusafont\/wp-json\/wp\/v2\/media?parent=917"}],"curies":[{"name":"wp","href":"https:\/\/api.w.org\/{rel}","templated":true}]}}

<p>Els/les integradores socials col·labora amb el desenvolupament d&#8217;habilitats socials i autonomia personal en alumnes que es troben en situació de risc, i intervé directament amb els joves o infants, les seves famílies i els agents socials de l&#8217;entorn.</p>
