{"id":69,"date":"2014-09-18T10:15:07","date_gmt":"2014-09-18T09:15:07","guid":{"rendered":"http:\/\/agora.xtec.cat\/iesmiquelcrusafont\/?page_id=69"},"modified":"2020-10-01T18:22:16","modified_gmt":"2020-10-01T16:22:16","slug":"cantina","status":"publish","type":"page","link":"https:\/\/agora.xtec.cat\/iesmiquelcrusafont\/serveis\/cantina\/","title":{"rendered":"Cantina"},"content":{"rendered":"<p style=\"color: #000000;\">L&#8217;institut disposa d&#8217;una cantina on els alumnes guiats per un professorat elaboren diferents menjar. Cal destacar la possibilitat de que si l&#8217;alumne ho vol pagant un preu, aquest podr\u00e0 tria entre una varietat d&#8217;entrepans a part de pizzes i suc de taronja.<\/p>\n<p style=\"color: #000000;\">Les reserves es fan abans de l&#8217;hora del pat\u00ed quan la persona entra per la porta, just on hi ha consergeria, all\u00e0 trobareu el llistat, i la pertinent informaci\u00f3.<\/p>\n<p><strong>En aquests moments i per culpa de la situaci\u00f3 actual la cantina estar\u00e0 fora de servei.<\/strong><\/p>\n<p style=\"text-align: right;\"><strong>Esperem tornar aviat.<\/strong><\/p>\n","protected":false},"excerpt":{"rendered":"<p>L&#8217;institut disposa d&#8217;una cantina on els alumnes guiats per un professorat elaboren diferents menjar. Cal destacar la possibilitat de que si l&#8217;alumne ho vol pagant un preu, aquest podr\u00e0 tria entre una varietat d&#8217;entrepans a part de pizzes i suc de taronja.<br \/>\nLes reserves es fan&hellip;  <a href=\"https:\/\/agora.xtec.cat\/iesmiquelcrusafont\/serveis\/cantina\/\" title=\"Read Cantina\">Llegeix m\u00e9s\u00bb<\/a><\/p>\n","protected":false},"author":1,"featured_media":0,"parent":63,"menu_order":20,"comment_status":"closed","ping_status":"closed","template":"page-templates\/side-menu.php","meta":{"_bbp_topic_count":0,"_bbp_reply_count":0,"_bbp_total_topic_count":0,"_bbp_total_reply_count":0,"_bbp_voice_count":0,"_bbp_anonymous_reply_count":0,"_bbp_topic_count_hidden":0,"_bbp_reply_count_hidden":0,"_bbp_forum_subforum_count":0,"footnotes":""},"class_list":["post-69","page","type-page","status-publish","hentry"],"post_mailing_queue_ids":[],"_links":{"self":[{"href":"https:\/\/agora.xtec.cat\/iesmiquelcrusafont\/wp-json\/wp\/v2\/pages\/69","targetHints":{"allow":["GET"]}}],"collection":[{"href":"https:\/\/agora.xtec.cat\/iesmiquelcrusafont\/wp-json\/wp\/v2\/pages"}],"about":[{"href":"https:\/\/agora.xtec.cat\/iesmiquelcrusafont\/wp-json\/wp\/v2\/types\/page"}],"author":[{"embeddable":true,"href":"https:\/\/agora.xtec.cat\/iesmiquelcrusafont\/wp-json\/wp\/v2\/users\/1"}],"replies":[{"embeddable":true,"href":"https:\/\/agora.xtec.cat\/iesmiquelcrusafont\/wp-json\/wp\/v2\/comments?post=69"}],"version-history":[{"count":3,"href":"https:\/\/agora.xtec.cat\/iesmiquelcrusafont\/wp-json\/wp\/v2\/pages\/69\/revisions"}],"predecessor-version":[{"id":2255,"href":"https:\/\/agora.xtec.cat\/iesmiquelcrusafont\/wp-json\/wp\/v2\/pages\/69\/revisions\/2255"}],"up":[{"embeddable":true,"href":"https:\/\/agora.xtec.cat\/iesmiquelcrusafont\/wp-json\/wp\/v2\/pages\/63"}],"wp:attachment":[{"href":"https:\/\/agora.xtec.cat\/iesmiquelcrusafont\/wp-json\/wp\/v2\/media?parent=69"}],"curies":[{"name":"wp","href":"https:\/\/api.w.org\/{rel}","templated":true}]}}

<p style="color: #000000;">L&#8217;institut disposa d&#8217;una cantina on els alumnes guiats per un professorat elaboren diferents menjar. Cal destacar la possibilitat de que si l&#8217;alumne ho vol pagant un preu, aquest podrà tria entre una varietat d&#8217;entrepans a part de pizzes i suc de taronja.</p>
<p style="color: #000000;">Les reserves es fan abans de l&#8217;hora del patí quan la persona entra per la porta, just on hi ha consergeria, allà trobareu el llistat, i la pertinent informació.</p>
<p><strong>En aquests moments i per culpa de la situació actual la cantina estarà fora de servei.</strong></p>
<p style="text-align: right;"><strong>Esperem tornar aviat.</strong></p>

<p>L&#8217;institut disposa d&#8217;una cantina on els alumnes guiats per un professorat elaboren diferents menjar. Cal destacar la possibilitat de que si l&#8217;alumne ho vol pagant un preu, aquest podrà tria entre una varietat d&#8217;entrepans a part de pizzes i suc de taronja.<br />
Les reserves es fan&hellip;  <a href="https://agora.xtec.cat/iesmiquelcrusafont/serveis/cantina/" title="Read Cantina">Llegeix més»</a></p>
