{"id":67,"date":"2014-09-18T10:14:18","date_gmt":"2014-09-18T09:14:18","guid":{"rendered":"http:\/\/agora.xtec.cat\/iesmiquelcrusafont\/?page_id=67"},"modified":"2017-12-17T19:10:09","modified_gmt":"2017-12-17T18:10:09","slug":"acollida","status":"publish","type":"page","link":"https:\/\/agora.xtec.cat\/iesmiquelcrusafont\/serveis\/acollida\/","title":{"rendered":"Reprografia"},"content":{"rendered":"<p style=\"color: #444444;\"><span style=\"color: #444444;\">Aquells estudiants que pr\u00e8viament hagin pagat la quota de l&#8217;AMPA, podran disposar d&#8217;un targeta recarregable, que els permetr\u00e0 fer les fotocopies necess\u00e0ries que ells desitgin.<br \/>\n<\/span><\/p>\n<p style=\"color: #444444;\"><a href=\"http:\/\/agora.xtec.cat\/iesmiquelcrusafont\/wp-content\/uploads\/usu1686\/2014\/09\/18814.jpg\"><img loading=\"lazy\" decoding=\"async\" class=\"alignnone size-full wp-image-522\" src=\"http:\/\/agora.xtec.cat\/iesmiquelcrusafont\/wp-content\/uploads\/usu1686\/2014\/09\/18814.jpg\" alt=\"\" width=\"357\" height=\"400\" srcset=\"https:\/\/agora.xtec.cat\/iesmiquelcrusafont\/wp-content\/uploads\/usu1686\/2014\/09\/18814.jpg 357w, https:\/\/agora.xtec.cat\/iesmiquelcrusafont\/wp-content\/uploads\/usu1686\/2014\/09\/18814-268x300.jpg 268w\" sizes=\"auto, (max-width: 357px) 100vw, 357px\" \/><\/a><\/p>\n","protected":false},"excerpt":{"rendered":"<p>Aquells estudiants que pr\u00e8viament hagin pagat la quota de l&#8217;AMPA, podran disposar d&#8217;un targeta recarregable, que els permetr\u00e0 fer les fotocopies necess\u00e0ries que ells desitgin.<\/p>\n<p><a href=\"http:\/\/agora.xtec.cat\/iesmiquelcrusafont\/wp-content\/uploads\/usu1686\/2014\/09\/18814.jpg\"><\/a><\/p>\n","protected":false},"author":1,"featured_media":0,"parent":63,"menu_order":20,"comment_status":"closed","ping_status":"closed","template":"page-templates\/side-menu.php","meta":{"_bbp_topic_count":0,"_bbp_reply_count":0,"_bbp_total_topic_count":0,"_bbp_total_reply_count":0,"_bbp_voice_count":0,"_bbp_anonymous_reply_count":0,"_bbp_topic_count_hidden":0,"_bbp_reply_count_hidden":0,"_bbp_forum_subforum_count":0,"footnotes":""},"class_list":["post-67","page","type-page","status-publish","hentry"],"post_mailing_queue_ids":[],"_links":{"self":[{"href":"https:\/\/agora.xtec.cat\/iesmiquelcrusafont\/wp-json\/wp\/v2\/pages\/67","targetHints":{"allow":["GET"]}}],"collection":[{"href":"https:\/\/agora.xtec.cat\/iesmiquelcrusafont\/wp-json\/wp\/v2\/pages"}],"about":[{"href":"https:\/\/agora.xtec.cat\/iesmiquelcrusafont\/wp-json\/wp\/v2\/types\/page"}],"author":[{"embeddable":true,"href":"https:\/\/agora.xtec.cat\/iesmiquelcrusafont\/wp-json\/wp\/v2\/users\/1"}],"replies":[{"embeddable":true,"href":"https:\/\/agora.xtec.cat\/iesmiquelcrusafont\/wp-json\/wp\/v2\/comments?post=67"}],"version-history":[{"count":1,"href":"https:\/\/agora.xtec.cat\/iesmiquelcrusafont\/wp-json\/wp\/v2\/pages\/67\/revisions"}],"predecessor-version":[{"id":523,"href":"https:\/\/agora.xtec.cat\/iesmiquelcrusafont\/wp-json\/wp\/v2\/pages\/67\/revisions\/523"}],"up":[{"embeddable":true,"href":"https:\/\/agora.xtec.cat\/iesmiquelcrusafont\/wp-json\/wp\/v2\/pages\/63"}],"wp:attachment":[{"href":"https:\/\/agora.xtec.cat\/iesmiquelcrusafont\/wp-json\/wp\/v2\/media?parent=67"}],"curies":[{"name":"wp","href":"https:\/\/api.w.org\/{rel}","templated":true}]}}

<p style="color: #444444;"><span style="color: #444444;">Aquells estudiants que prèviament hagin pagat la quota de l&#8217;AMPA, podran disposar d&#8217;un targeta recarregable, que els permetrà fer les fotocopies necessàries que ells desitgin.<br />
</span></p>
<p style="color: #444444;"><a href="http://agora.xtec.cat/iesmiquelcrusafont/wp-content/uploads/usu1686/2014/09/18814.jpg"><img loading="lazy" decoding="async" class="alignnone size-full wp-image-522" src="http://agora.xtec.cat/iesmiquelcrusafont/wp-content/uploads/usu1686/2014/09/18814.jpg" alt="" width="357" height="400" srcset="https://agora.xtec.cat/iesmiquelcrusafont/wp-content/uploads/usu1686/2014/09/18814.jpg 357w, https://agora.xtec.cat/iesmiquelcrusafont/wp-content/uploads/usu1686/2014/09/18814-268x300.jpg 268w" sizes="auto, (max-width: 357px) 100vw, 357px" /></a></p>

<p>Aquells estudiants que prèviament hagin pagat la quota de l&#8217;AMPA, podran disposar d&#8217;un targeta recarregable, que els permetrà fer les fotocopies necessàries que ells desitgin.</p>
<p><a href="http://agora.xtec.cat/iesmiquelcrusafont/wp-content/uploads/usu1686/2014/09/18814.jpg"></a></p>
