{"id":65,"date":"2014-09-18T10:12:22","date_gmt":"2014-09-18T10:12:22","guid":{"rendered":"http:\/\/agora.xtec.cat\/iesmiquelcrusafont\/?page_id=65"},"modified":"2020-10-01T18:23:50","modified_gmt":"2020-10-01T16:23:50","slug":"biblioteca","status":"publish","type":"page","link":"https:\/\/agora.xtec.cat\/iesmiquelcrusafont\/serveis\/biblioteca\/","title":{"rendered":"Biblioteca"},"content":{"rendered":"<p style=\"color: #444444;\"><strong>Tots aquells alumnes que aix\u00ed ho desitgin poden anar a estudiar a la Biblioteca o b\u00e9 fer els deures durant l&#8217;hora d&#8217;esbarjo. Aquesta est\u00e0 vigilada per un professor del nostre centre.<\/strong><\/p>\n<p style=\"color: #444444;\"><a href=\"http:\/\/agora.xtec.cat\/iesmiquelcrusafont\/wp-content\/uploads\/usu1686\/2014\/09\/CEA_Biblioteca.jpg\"><img loading=\"lazy\" decoding=\"async\" class=\" wp-image-519 aligncenter\" src=\"http:\/\/agora.xtec.cat\/iesmiquelcrusafont\/wp-content\/uploads\/usu1686\/2014\/09\/CEA_Biblioteca.jpg\" alt=\"\" width=\"168\" height=\"149\" srcset=\"https:\/\/agora.xtec.cat\/iesmiquelcrusafont\/wp-content\/uploads\/usu1686\/2014\/09\/CEA_Biblioteca.jpg 380w, https:\/\/agora.xtec.cat\/iesmiquelcrusafont\/wp-content\/uploads\/usu1686\/2014\/09\/CEA_Biblioteca-300x267.jpg 300w\" sizes=\"auto, (max-width: 168px) 100vw, 168px\" \/><\/a><\/p>\n<h4><strong>En aquests moments i per culpa de la situaci\u00f3 actual la cantina estar\u00e0 fora de servei.<\/strong><\/h4>\n<h4 style=\"text-align: right;\"><strong>Esperem tornar aviat<\/strong><\/h4>\n","protected":false},"excerpt":{"rendered":"<p>Tots aquells alumnes que aix\u00ed ho desitgin poden anar a estudiar a la Biblioteca o b\u00e9 fer els deures durant l&#8217;hora d&#8217;esbarjo. Aquesta est\u00e0 vigilada per un professor del nostre centre.<br \/>\n<a href=\"http:\/\/agora.xtec.cat\/iesmiquelcrusafont\/wp-content\/uploads\/usu1686\/2014\/09\/CEA_Biblioteca.jpg\"><\/a><br \/>\nEn aquests moments i per culpa de la situaci\u00f3 actual la cantina estar\u00e0 fora&hellip;  <a href=\"https:\/\/agora.xtec.cat\/iesmiquelcrusafont\/serveis\/biblioteca\/\" title=\"Read Biblioteca\">Llegeix m\u00e9s\u00bb<\/a><\/p>\n","protected":false},"author":1,"featured_media":0,"parent":63,"menu_order":10,"comment_status":"closed","ping_status":"closed","template":"page-templates\/side-menu.php","meta":{"_bbp_topic_count":0,"_bbp_reply_count":0,"_bbp_total_topic_count":0,"_bbp_total_reply_count":0,"_bbp_voice_count":0,"_bbp_anonymous_reply_count":0,"_bbp_topic_count_hidden":0,"_bbp_reply_count_hidden":0,"_bbp_forum_subforum_count":0,"footnotes":""},"class_list":["post-65","page","type-page","status-publish","hentry"],"post_mailing_queue_ids":[],"_links":{"self":[{"href":"https:\/\/agora.xtec.cat\/iesmiquelcrusafont\/wp-json\/wp\/v2\/pages\/65","targetHints":{"allow":["GET"]}}],"collection":[{"href":"https:\/\/agora.xtec.cat\/iesmiquelcrusafont\/wp-json\/wp\/v2\/pages"}],"about":[{"href":"https:\/\/agora.xtec.cat\/iesmiquelcrusafont\/wp-json\/wp\/v2\/types\/page"}],"author":[{"embeddable":true,"href":"https:\/\/agora.xtec.cat\/iesmiquelcrusafont\/wp-json\/wp\/v2\/users\/1"}],"replies":[{"embeddable":true,"href":"https:\/\/agora.xtec.cat\/iesmiquelcrusafont\/wp-json\/wp\/v2\/comments?post=65"}],"version-history":[{"count":3,"href":"https:\/\/agora.xtec.cat\/iesmiquelcrusafont\/wp-json\/wp\/v2\/pages\/65\/revisions"}],"predecessor-version":[{"id":2256,"href":"https:\/\/agora.xtec.cat\/iesmiquelcrusafont\/wp-json\/wp\/v2\/pages\/65\/revisions\/2256"}],"up":[{"embeddable":true,"href":"https:\/\/agora.xtec.cat\/iesmiquelcrusafont\/wp-json\/wp\/v2\/pages\/63"}],"wp:attachment":[{"href":"https:\/\/agora.xtec.cat\/iesmiquelcrusafont\/wp-json\/wp\/v2\/media?parent=65"}],"curies":[{"name":"wp","href":"https:\/\/api.w.org\/{rel}","templated":true}]}}

<p style="color: #444444;"><strong>Tots aquells alumnes que així ho desitgin poden anar a estudiar a la Biblioteca o bé fer els deures durant l&#8217;hora d&#8217;esbarjo. Aquesta està vigilada per un professor del nostre centre.</strong></p>
<p style="color: #444444;"><a href="http://agora.xtec.cat/iesmiquelcrusafont/wp-content/uploads/usu1686/2014/09/CEA_Biblioteca.jpg"><img loading="lazy" decoding="async" class=" wp-image-519 aligncenter" src="http://agora.xtec.cat/iesmiquelcrusafont/wp-content/uploads/usu1686/2014/09/CEA_Biblioteca.jpg" alt="" width="168" height="149" srcset="https://agora.xtec.cat/iesmiquelcrusafont/wp-content/uploads/usu1686/2014/09/CEA_Biblioteca.jpg 380w, https://agora.xtec.cat/iesmiquelcrusafont/wp-content/uploads/usu1686/2014/09/CEA_Biblioteca-300x267.jpg 300w" sizes="auto, (max-width: 168px) 100vw, 168px" /></a></p>
<h4><strong>En aquests moments i per culpa de la situació actual la cantina estarà fora de servei.</strong></h4>
<h4 style="text-align: right;"><strong>Esperem tornar aviat</strong></h4>

<p>Tots aquells alumnes que així ho desitgin poden anar a estudiar a la Biblioteca o bé fer els deures durant l&#8217;hora d&#8217;esbarjo. Aquesta està vigilada per un professor del nostre centre.<br />
<a href="http://agora.xtec.cat/iesmiquelcrusafont/wp-content/uploads/usu1686/2014/09/CEA_Biblioteca.jpg"></a><br />
En aquests moments i per culpa de la situació actual la cantina estarà fora&hellip;  <a href="https://agora.xtec.cat/iesmiquelcrusafont/serveis/biblioteca/" title="Read Biblioteca">Llegeix més»</a></p>
