{"id":55,"date":"2014-09-17T16:59:49","date_gmt":"2014-09-17T16:59:49","guid":{"rendered":"http:\/\/agora.xtec.cat\/iesmiquelcrusafont\/?page_id=55"},"modified":"2020-10-01T18:14:04","modified_gmt":"2020-10-01T16:14:04","slug":"horaris","status":"publish","type":"page","link":"https:\/\/agora.xtec.cat\/iesmiquelcrusafont\/linstitut\/horaris\/","title":{"rendered":"Horaris"},"content":{"rendered":"<ul>\n<li>Les classes de dilluns a divendres tant a l&#8217;ESO com a batxillerat comencen a les 08:00h, i finalitzen a les 14:30h. L&#8217;horari es distribueix en dues franges de tres hores cadascuna, separades per una pausa per a l&#8217;esbarjo de 30 minuts.<\/li>\n<li>Els alumnes que arribin m\u00e9s tard de les 08:00 del mat\u00ed i no portin justificant s&#8217;hauran d&#8217;esperar a entrar al centre fins la seg\u00fcent hora.<\/li>\n<li>A causa de a la situaci\u00f3 excepcional del curs 20-21, s&#8217;aconsella mirar el <strong>pla d&#8217;organitzaci\u00f3 del centre<\/strong>, que trobareu a la p\u00e0gina d&#8217;inici.<\/li>\n<\/ul>\n","protected":false},"excerpt":{"rendered":"<ul>\n<li>Les classes de dilluns a divendres tant a l&#8217;ESO com a batxillerat comencen a les 08:00h, i finalitzen a les 14:30h. L&#8217;horari es distribueix en dues franges de tres hores cadascuna, separades per una pausa per a l&#8217;esbarjo de 30 minuts.<\/li>\n<li>Els alumnes que arribin m\u00e9s&hellip;  <a href=\"https:\/\/agora.xtec.cat\/iesmiquelcrusafont\/linstitut\/horaris\/\" title=\"Read Horaris\">Llegeix m\u00e9s\u00bb<\/a><br \/>\n","protected":false},"author":1,"featured_media":0,"parent":19,"menu_order":80,"comment_status":"closed","ping_status":"closed","template":"page-templates\/side-menu.php","meta":{"_bbp_topic_count":0,"_bbp_reply_count":0,"_bbp_total_topic_count":0,"_bbp_total_reply_count":0,"_bbp_voice_count":0,"_bbp_anonymous_reply_count":0,"_bbp_topic_count_hidden":0,"_bbp_reply_count_hidden":0,"_bbp_forum_subforum_count":0,"footnotes":""},"class_list":["post-55","page","type-page","status-publish","hentry"],"post_mailing_queue_ids":[],"_links":{"self":[{"href":"https:\/\/agora.xtec.cat\/iesmiquelcrusafont\/wp-json\/wp\/v2\/pages\/55","targetHints":{"allow":["GET"]}}],"collection":[{"href":"https:\/\/agora.xtec.cat\/iesmiquelcrusafont\/wp-json\/wp\/v2\/pages"}],"about":[{"href":"https:\/\/agora.xtec.cat\/iesmiquelcrusafont\/wp-json\/wp\/v2\/types\/page"}],"author":[{"embeddable":true,"href":"https:\/\/agora.xtec.cat\/iesmiquelcrusafont\/wp-json\/wp\/v2\/users\/1"}],"replies":[{"embeddable":true,"href":"https:\/\/agora.xtec.cat\/iesmiquelcrusafont\/wp-json\/wp\/v2\/comments?post=55"}],"version-history":[{"count":3,"href":"https:\/\/agora.xtec.cat\/iesmiquelcrusafont\/wp-json\/wp\/v2\/pages\/55\/revisions"}],"predecessor-version":[{"id":2253,"href":"https:\/\/agora.xtec.cat\/iesmiquelcrusafont\/wp-json\/wp\/v2\/pages\/55\/revisions\/2253"}],"up":[{"embeddable":true,"href":"https:\/\/agora.xtec.cat\/iesmiquelcrusafont\/wp-json\/wp\/v2\/pages\/19"}],"wp:attachment":[{"href":"https:\/\/agora.xtec.cat\/iesmiquelcrusafont\/wp-json\/wp\/v2\/media?parent=55"}],"curies":[{"name":"wp","href":"https:\/\/api.w.org\/{rel}","templated":true}]}}

<ul>
<li>Les classes de dilluns a divendres tant a l&#8217;ESO com a batxillerat comencen a les 08:00h, i finalitzen a les 14:30h. L&#8217;horari es distribueix en dues franges de tres hores cadascuna, separades per una pausa per a l&#8217;esbarjo de 30 minuts.</li>
<li>Els alumnes que arribin més tard de les 08:00 del matí i no portin justificant s&#8217;hauran d&#8217;esperar a entrar al centre fins la següent hora.</li>
<li>A causa de a la situació excepcional del curs 20-21, s&#8217;aconsella mirar el <strong>pla d&#8217;organització del centre</strong>, que trobareu a la pàgina d&#8217;inici.</li>
</ul>

<ul>
<li>Les classes de dilluns a divendres tant a l&#8217;ESO com a batxillerat comencen a les 08:00h, i finalitzen a les 14:30h. L&#8217;horari es distribueix en dues franges de tres hores cadascuna, separades per una pausa per a l&#8217;esbarjo de 30 minuts.</li>
<li>Els alumnes que arribin més&hellip;  <a href="https://agora.xtec.cat/iesmiquelcrusafont/linstitut/horaris/" title="Read Horaris">Llegeix més»</a><br />
