{"id":5116,"date":"2019-11-11T20:47:16","date_gmt":"2019-11-11T19:47:16","guid":{"rendered":"http:\/\/agora.xtec.cat\/iesmiquelbosch\/?page_id=5116"},"modified":"2021-08-29T20:07:53","modified_gmt":"2021-08-29T18:07:53","slug":"pla-de-llengues-estrangeres","status":"publish","type":"page","link":"https:\/\/agora.xtec.cat\/iesmiquelbosch\/projectes-de-centre\/pla-de-llengues-estrangeres\/","title":{"rendered":"Pla de lleng\u00fces estrangeres"},"content":{"rendered":"<p style=\"text-align: justify;\">El Pla de Lleng\u00fces Estrangeres neix per donar un nou impuls de qualitat a l\u2019ensenyament i aprenentatge de les lleng\u00fces estrangeres en el nostre centre.<\/p>\n<p style=\"text-align: justify;\">S\u2019inicia el curs 2008-09 amb la participaci\u00f3 d\u2019alumnes de 1r de Batxillerat i l\u2019any seg\u00fcent amb alumnes de 3r d\u2019ESO en un projecte d\u2019intercanvi anomenat eTwinning amb l\u2019institut alemany Wilhelm-Olbers-Schule de Bremen. Entre els anys 2011-12 i 2013-14 alguns alumnes de 3r i 4t van participar en dos projectes consecutius del programa Comenius de la Uni\u00f3 Europea, consistents en trobades multilaterals d\u2019alumnes de diferents nacionalitats en cadascun dels pa\u00efsos participants. A m\u00e9s, dues alumnes del nostre centre van poder estudiar un trimestre en una escola secund\u00e0ria de Gafanha da Nazar\u00e9, a Portugal.<\/p>\n<p style=\"text-align: justify;\">Des del curs 2015-16 organitzem dos intercanvis amb instituts d\u2019Alemanya \u2013 un amb l\u2019escola Bugenhagenschule Alsterdorf d\u2019Hamburg per a alumnes de 3r o 4t d\u2019ESO que cursen alemany i un altre amb l\u2019institut Mariengymnasium de Bocholt per a alumnes d\u2019angl\u00e8s de 1r de Batxillerat.<\/p>\n<p style=\"text-align: justify;\">Els alumnes de l\u2019optativa de franc\u00e8s tenen la possibilitat de participar en una sortida de dos dies al sud de Fran\u00e7a, durant la qual fan visites i porten a terme activitats relacionades amb la llengua francesa. Tamb\u00e9 poden presentar-se als ex\u00e0mens DELF.<\/p>\n<p style=\"text-align: justify;\">La finalitat de tots aquests projectes \u00e9s promoure la cohesi\u00f3 i cooperaci\u00f3 europea, fomentar l\u2019intercanvi cultural entre joves i estimular l\u2019habilitat comunicativa en l\u2019adquisici\u00f3 d\u2019una llengua estrangera.<\/p>\n","protected":false},"excerpt":{"rendered":"<p>El Pla de Lleng\u00fces Estrangeres neix per donar un nou impuls de qualitat a l\u2019ensenyament i aprenentatge de les lleng\u00fces estrangeres en el nostre centre.<br \/>\nS\u2019inicia el curs 2008-09 amb la participaci\u00f3 d\u2019alumnes de 1r de Batxillerat i l\u2019any seg\u00fcent amb alumnes de 3r d\u2019ESO en&hellip;  <a href=\"https:\/\/agora.xtec.cat\/iesmiquelbosch\/projectes-de-centre\/pla-de-llengues-estrangeres\/\" title=\"Read Pla de lleng\u00fces estrangeres\">Llegeix m\u00e9s\u00bb<\/a><\/p>\n","protected":false},"author":1,"featured_media":0,"parent":7187,"menu_order":30,"comment_status":"closed","ping_status":"closed","template":"page-templates\/side-menu.php","meta":{"_bbp_topic_count":0,"_bbp_reply_count":0,"_bbp_total_topic_count":0,"_bbp_total_reply_count":0,"_bbp_voice_count":0,"_bbp_anonymous_reply_count":0,"_bbp_topic_count_hidden":0,"_bbp_reply_count_hidden":0,"_bbp_forum_subforum_count":0,"footnotes":""},"class_list":["post-5116","page","type-page","status-publish","hentry"],"post_mailing_queue_ids":[],"_links":{"self":[{"href":"https:\/\/agora.xtec.cat\/iesmiquelbosch\/wp-json\/wp\/v2\/pages\/5116","targetHints":{"allow":["GET"]}}],"collection":[{"href":"https:\/\/agora.xtec.cat\/iesmiquelbosch\/wp-json\/wp\/v2\/pages"}],"about":[{"href":"https:\/\/agora.xtec.cat\/iesmiquelbosch\/wp-json\/wp\/v2\/types\/page"}],"author":[{"embeddable":true,"href":"https:\/\/agora.xtec.cat\/iesmiquelbosch\/wp-json\/wp\/v2\/users\/1"}],"replies":[{"embeddable":true,"href":"https:\/\/agora.xtec.cat\/iesmiquelbosch\/wp-json\/wp\/v2\/comments?post=5116"}],"version-history":[{"count":1,"href":"https:\/\/agora.xtec.cat\/iesmiquelbosch\/wp-json\/wp\/v2\/pages\/5116\/revisions"}],"predecessor-version":[{"id":5117,"href":"https:\/\/agora.xtec.cat\/iesmiquelbosch\/wp-json\/wp\/v2\/pages\/5116\/revisions\/5117"}],"up":[{"embeddable":true,"href":"https:\/\/agora.xtec.cat\/iesmiquelbosch\/wp-json\/wp\/v2\/pages\/7187"}],"wp:attachment":[{"href":"https:\/\/agora.xtec.cat\/iesmiquelbosch\/wp-json\/wp\/v2\/media?parent=5116"}],"curies":[{"name":"wp","href":"https:\/\/api.w.org\/{rel}","templated":true}]}}