{"id":4197,"date":"2018-12-19T12:30:01","date_gmt":"2018-12-19T11:30:01","guid":{"rendered":"http:\/\/agora.xtec.cat\/iesmiquelbosch\/?page_id=4197"},"modified":"2022-09-19T10:42:51","modified_gmt":"2022-09-19T08:42:51","slug":"programa-salut-i-escola","status":"publish","type":"page","link":"https:\/\/agora.xtec.cat\/iesmiquelbosch\/projectes-de-centre\/programa-salut-i-escola\/","title":{"rendered":"Programa Salut i Escola"},"content":{"rendered":"<p style=\"text-align: justify;\">El programa Salut i Escola \u00e9s un programa de la Generalitat de Catalunya que t\u00e9 l&#8217;objectiu de millorar la salut dels adolescents. Un dels seus \u00e0mbits d&#8217;actuaci\u00f3 \u00e9s facilitat que un infermer o infermera es desplaci als centres docents per garantir que l&#8217;alumnat tingui un acc\u00e9s m\u00e9s proper a aquests professionals.<\/p>\n<p style=\"text-align: justify;\">En el marc d&#8217;aquest programa, l&#8217;Albert Careta, un dels infermers del CAP d&#8217;Art\u00e9s, ve al nostre centre durant una hora cada 15 dies, tots els divendres, d&#8217;11:00 a 12:30h.<\/p>\n<p style=\"text-align: justify;\">Podeu trobar m\u00e9s informaci\u00f3 sobre aquest programa si cliqueu <a href=\"http:\/\/salutpublica.gencat.cat\/ca\/ambits\/promocio_salut\/Infancia-i-adolescencia\/Adolescencia\/salut-i-escola\/\" target=\"_blank\" rel=\"noopener noreferrer\">aqu\u00ed<\/a>.<\/p>\n<p style=\"text-align: justify;\">\n","protected":false},"excerpt":{"rendered":"<p>El programa Salut i Escola \u00e9s un programa de la Generalitat de Catalunya que t\u00e9 l&#8217;objectiu de millorar la salut dels adolescents. Un dels seus \u00e0mbits d&#8217;actuaci\u00f3 \u00e9s facilitat que un infermer o infermera es desplaci als centres docents per garantir que l&#8217;alumnat tingui un&hellip;  <a href=\"https:\/\/agora.xtec.cat\/iesmiquelbosch\/projectes-de-centre\/programa-salut-i-escola\/\" title=\"Read Programa Salut i Escola\">Llegeix m\u00e9s\u00bb<\/a><\/p>\n","protected":false},"author":1,"featured_media":0,"parent":7187,"menu_order":40,"comment_status":"closed","ping_status":"closed","template":"page-templates\/side-menu.php","meta":{"_bbp_topic_count":0,"_bbp_reply_count":0,"_bbp_total_topic_count":0,"_bbp_total_reply_count":0,"_bbp_voice_count":0,"_bbp_anonymous_reply_count":0,"_bbp_topic_count_hidden":0,"_bbp_reply_count_hidden":0,"_bbp_forum_subforum_count":0,"footnotes":""},"class_list":["post-4197","page","type-page","status-publish","hentry"],"post_mailing_queue_ids":[],"_links":{"self":[{"href":"https:\/\/agora.xtec.cat\/iesmiquelbosch\/wp-json\/wp\/v2\/pages\/4197","targetHints":{"allow":["GET"]}}],"collection":[{"href":"https:\/\/agora.xtec.cat\/iesmiquelbosch\/wp-json\/wp\/v2\/pages"}],"about":[{"href":"https:\/\/agora.xtec.cat\/iesmiquelbosch\/wp-json\/wp\/v2\/types\/page"}],"author":[{"embeddable":true,"href":"https:\/\/agora.xtec.cat\/iesmiquelbosch\/wp-json\/wp\/v2\/users\/1"}],"replies":[{"embeddable":true,"href":"https:\/\/agora.xtec.cat\/iesmiquelbosch\/wp-json\/wp\/v2\/comments?post=4197"}],"version-history":[{"count":3,"href":"https:\/\/agora.xtec.cat\/iesmiquelbosch\/wp-json\/wp\/v2\/pages\/4197\/revisions"}],"predecessor-version":[{"id":9426,"href":"https:\/\/agora.xtec.cat\/iesmiquelbosch\/wp-json\/wp\/v2\/pages\/4197\/revisions\/9426"}],"up":[{"embeddable":true,"href":"https:\/\/agora.xtec.cat\/iesmiquelbosch\/wp-json\/wp\/v2\/pages\/7187"}],"wp:attachment":[{"href":"https:\/\/agora.xtec.cat\/iesmiquelbosch\/wp-json\/wp\/v2\/media?parent=4197"}],"curies":[{"name":"wp","href":"https:\/\/api.w.org\/{rel}","templated":true}]}}