{"id":1150,"date":"2016-06-16T08:05:19","date_gmt":"2016-06-16T07:05:19","guid":{"rendered":"http:\/\/agora.xtec.cat\/iesmiquelbosch\/intraweb\/caracteristiques\/"},"modified":"2026-07-26T22:26:57","modified_gmt":"2026-07-26T20:26:57","slug":"la-comunitat-educativa","status":"publish","type":"page","link":"https:\/\/agora.xtec.cat\/iesmiquelbosch\/qui-som\/la-comunitat-educativa\/","title":{"rendered":"LA COMUNITAT EDUCATIVA"},"content":{"rendered":"\n<h2 class=\"wp-block-heading has-text-align-center has-white-color has-ast-global-color-1-background-color has-text-color has-background has-link-color wp-elements-70ed20af7cc69ef606f1be3ba45ad9fb\">La comunitat educativa<\/h2>\n\n\n\n<p>Uns 400 alumnes dels municipis d&#8217;Art\u00e9s, Calders, Monistrol de Calders, Santa Maria d&#8217;Ol\u00f3 i Aviny\u00f3 estudien cada any l&#8217;ESO o el Batxillerat a l&#8217;institut. Habitualment comptem amb tres l\u00ednies a l&#8217;ESO i dues a cadascun dels cursos de Batxillerat.<\/p>\n\n\n\n<p>Uns 40 professors formen l&#8217;Equip Pedag\u00f2gic del centre. Tamb\u00e9 disposem de dues persones a administraci\u00f3, dos conserges i dos membres del personal de neteja. A m\u00e9s, peri\u00f2dicament rebem la visita d&#8217;un membre de l&#8217;EAP (Equip d&#8217;atenci\u00f3 psicopedag\u00f2gica).<\/p>\n\n\n\n<h4 class=\"wp-block-heading has-text-align-center has-white-color has-ast-global-color-0-background-color has-text-color has-background has-link-color wp-elements-3e2c4cb7dab00f3efa9e50a7cd1e4162\">Equip directiu<\/h4>\n\n\n\n<p>Director: Jordi Call<\/p>\n\n\n\n<p>Cap d&#8217;estudis: Ainhoa Nocete<\/p>\n\n\n\n<p>Secret\u00e0ria: Carme Pinto<\/p>\n\n\n\n<p>Coordinador pedag\u00f2gic: Ferran Barald\u00e9s<\/p>\n\n\n\n<h4 class=\"wp-block-heading has-text-align-center has-white-color has-ast-global-color-0-background-color has-text-color has-background has-link-color wp-elements-5603c30b3358760bccb1985df1ff524c\">Equip pedag\u00f2gic<\/h4>\n\n\n\n<div style=\"height:13px\" aria-hidden=\"true\" class=\"wp-block-spacer\"><\/div>\n\n\n\n<div class=\"wp-block-getwid-table\">\u00a0<\/div>\n\n\n\n\n\n<figure class=\"wp-block-table\"><table class=\"has-fixed-layout\"><tbody><tr><td><strong>Departament<\/strong><\/td><td><strong>Professor\/a<\/strong>                                       <\/td><td><strong>Mat\u00e8ria<\/strong><\/td><td><strong>C\u00e0rrec<\/strong><\/td><\/tr><tr><td rowspan=\"5\">Llengua catalana i literatura<\/td><td>S\u00edlvia Sol\u00e9<\/td><td>Llengua catalana<\/td><td>Cap de departament i tutora 3r ESO B<\/td><\/tr><tr><td>Luc\u00eda Navarro<\/td><td>Llengua catalana<\/td><td>Coordinadora ling\u00fc\u00edstica (LIC), coordinadora 2n ESO i tutora 2n ESO A<\/td><\/tr><tr><td>Cl\u00e0udia Figuerola<\/td><td>Llengua catalana<\/td><td><\/td><\/tr><tr><td>N\u00faria Cervera<\/td><td>Llengua catalana<\/td><td>Tutora 1r ESO C<\/td><\/tr><tr><td>Isabel Monegal<\/td><td>Aula acollida<\/td><td>Tutora aula d&#8217;acollida<\/td><\/tr><tr><td rowspan=\"5\">Llengua castellana i literatura<\/td><td>Jos\u00e9 Jim\u00e9nez<\/td><td>Llengua castellana<\/td><td>Cap de departament i doordinador de riscos laborals<\/td><\/tr><tr><td>Agn\u00e8s Santos<\/td><td>Llengua castellana<\/td><td>Coordinadora de coeducaci\u00f3, conviv\u00e8ncia i benestar (CoCoBe) i tutora 1r ESO B<\/td><\/tr><tr><td>Radu Olari<\/td><td>Llengua castellana<\/td><td>Coordinador biblioteca i cotutor 3r ESO<\/td><\/tr><tr><td>Paco G\u00f3mez<\/td><td>Llengua castellana<\/td><td><\/td><\/tr><tr><td>Cristina Vilanova<\/td><td>Llat\u00ed i grec<\/td><td>Cotutora 4t ESO<\/td><\/tr><tr><td rowspan=\"6\">Lleng\u00fces estrangeres<\/td><td>Montse Jord\u00e0<\/td><td>Llengua anglesa<\/td><td>Cap de departament, coordinadora EOI i cotutora 1r BTX<\/td><\/tr><tr><td>Ainhoa Nocete<\/td><td>Llengua anglesa<\/td><td>Cap d&#8217;estudis<\/td><\/tr><tr><td>S\u00edlvia Mart\u00ednez<\/td><td>Llengua anglesa<\/td><td>Cotutora 2n ESO<\/td><\/tr><tr><td>Rosa Galiano<\/td><td>Llengua anglesa<\/td><td>Cotutora 1r ESO<\/td><\/tr><tr><td>N\u00faria Cervera<\/td><td>Llengua anglesa<\/td><td>Tutora 1r ESO C<\/td><\/tr><tr><td>L\u00eddia Gim\u00e9nez<\/td><td>Llengua francesa<\/td><td>Tutora 2n BTX A<\/td><\/tr><tr><td rowspan=\"6\">Matem\u00e0tiques<\/td><td>M\u00f2nica Mart\u00ednez<\/td><td>Matem\u00e0tiques<\/td><td>Cap de departament i cotutora 1r BTX<\/td><\/tr><tr><td>Jordi Call<\/td><td>Matem\u00e0tiques<\/td><td>Director<\/td><\/tr><tr><td>Ferm\u00ed Rojo<\/td><td>Matem\u00e0tiques<\/td><td>Coordinador digital<\/td><\/tr><tr><td>Ferran Rosado<\/td><td>Matem\u00e0tiques<\/td><td>Cotutor 3r ESO<\/td><\/tr><tr><td>Carme Pinto<\/td><td>Matem\u00e0tiques<\/td><td>Secret\u00e0ria<\/td><\/tr><tr><td>Eva Navarro<\/td><td>Economia<\/td><td>Coordinadora xarxes, web i Iddink, coordinadora Batxillerat, tutora 2n BTX B i cotutora 1r BTX<\/td><\/tr><tr><td rowspan=\"6\">Ci\u00e8ncies experimentals<\/td><td>Gemma Ribera<\/td><td>F\u00edsica i qu\u00edmica<\/td><td>Cap de departament i tutora 1r BTX A<\/td><\/tr><tr><td>Eva Giralt<\/td><td>F\u00edsica i qu\u00edmica<\/td><td>Coordinadora 3r ESO i tutora 3r ESO A<\/td><\/tr><tr><td>Laia Escol\u00e0<\/td><td>Biologia i geologia<\/td><td>Tutora 3r ESO C<\/td><\/tr><tr><td>Laia Canal<\/td><td>F\u00edsica i qu\u00edmica<\/td><td>Cotutora 2n ESO<\/td><\/tr><tr><td>Aura Domingo<\/td><td>Biologia i geologia<\/td><td>Cotutora 1r BTX<\/td><\/tr><tr><td><\/td><td>Biologia i geologia<\/td><td>Cotutor 4t ESO<\/td><\/tr><tr><td rowspan=\"7\">Ci\u00e8ncies socials, geografia i hist\u00f2ria<\/td><td>C\u00e9sar L\u00f3pez<\/td><td>Geografia i hist\u00f2ria<\/td><td>Cap de departament i tutor 1r BTX B<\/td><\/tr><tr><td>Ferran Barald\u00e9s<\/td><td>Geografia i hist\u00f2ria<\/td><td>Coordinador pedag\u00f2gic<\/td><\/tr><tr><td>Marina Cun\u00ed<\/td><td>Geografia i hist\u00f2ria<\/td><td>Tutora 2n ESO B<\/td><\/tr><tr><td>Sergi Ch\u00e0fer<\/td><td>Geografia i hist\u00f2ria<\/td><td>Coordinador 4t ESO i tutor 4t ESO A<\/td><\/tr><tr><td>Xavier Ribau<\/td><td>Geografia i hist\u00f2ria<\/td><td><\/td><\/tr><tr><td>Pep Chaves<\/td><td>Filosofia<\/td><td>Tutor 4t ESO C<\/td><\/tr><tr><td>Ignasi Casas<\/td><td>Religi\u00f3<\/td><td><\/td><\/tr><tr><td rowspan=\"8\">Tecnologia i expressi\u00f3 art\u00edstica<\/td><td>Roser Muntadas<\/td><td>Tecnologia<\/td><td>Cap de departament<\/td><\/tr><tr><td>Joan Carles Garcia<\/td><td>Tecnologia<\/td><td><\/td><\/tr><tr><td>Cristina Casasayas<\/td><td>Tecnologia<\/td><td><\/td><\/tr><tr><td>Iu Padrisa<\/td><td>Tecnologia<\/td><td>Cotutor 3r ESO<\/td><\/tr><tr><td>Marga Serra<\/td><td>Dibuix<\/td><td><\/td><\/tr><tr><td>Cristina Soto<\/td><td>Dibuix<\/td><td>Cotutora 1r ESO<\/td><\/tr><tr><td>Alba Codina<\/td><td>M\u00fasica<\/td><td>Tutora 3r ESO D<\/td><\/tr><tr><td>N\u00faria Rotllan<\/td><td>M\u00fasica<\/td><td>Coordinadora 1r ESO i tutora 1r ESO A<\/td><\/tr><tr><td rowspan=\"3\">Educaci\u00f3 f\u00edsica<\/td><td>Dolors Vila<\/td><td>Educaci\u00f3 f\u00edsica<\/td><td>Tutora 2n ESO C<\/td><\/tr><tr><td>Judit Soldevila<\/td><td>Educaci\u00f3 f\u00edsica<\/td><td>Coordinadora patis i tutora 4t ESO B<\/td><\/tr><tr><td><\/td><td><\/td><td>Cotutor 3r ESO<\/td><\/tr><tr><td rowspan=\"4\">Orientaci\u00f3 psicopedag\u00f2gica<\/td><td>Cristina Lara<\/td><td>Orientadora<\/td><td>Cap de departament, orientadora 3r ESO i cotutora 3r ESO<\/td><\/tr><tr><td>Judit Cardona<\/td><td>Orientadora<\/td><td>Orientadora 2n ESO i cotutora 2n ESO<\/td><\/tr><tr><td>Uriel Montesinos<\/td><td>Orientadora<\/td><td>Orientador 4t ESO i BTX i cotutor 4t ESO<\/td><\/tr><tr><td>Anna Sanmart\u00ed<\/td><td>Orientadora<\/td><td>Orientadora 1r ESO i cotutora 1r ESO<\/td><\/tr><\/tbody><\/table><\/figure>\n\n\n\n<h4 class=\"wp-block-heading has-text-align-center has-white-color has-ast-global-color-0-background-color has-text-color has-background has-link-color wp-elements-a80f5fece062c33a49112d247e10cc69\">Administraci\u00f3<\/h4>\n\n\n\n<p>Elisabet Ruiz<\/p>\n\n\n\n<p>Maria Arjona<\/p>\n\n\n\n<h4 class=\"wp-block-heading has-text-align-center has-white-color has-ast-global-color-0-background-color has-text-color has-background has-link-color wp-elements-a3041a3606820109099285a85423dfb2\">Consergeria<\/h4>\n\n\n\n<p>Eva Campos<\/p>\n\n\n\n<p>Julian Vega<\/p>\n\n\n\n<h4 class=\"wp-block-heading has-text-align-center has-white-color has-ast-global-color-0-background-color has-text-color has-background has-link-color wp-elements-0019a9ade4b77ae6d6aa5a0a11c82f22\">Neteja<\/h4>\n\n\n\n<p>Gaby Ursache<\/p>\n","protected":false},"excerpt":{"rendered":"<p>La comunitat educativa Uns 400 alumnes dels municipis d&#8217;Art\u00e9s, Calders, Monistrol de Calders, Santa Maria d&#8217;Ol\u00f3 i Aviny\u00f3 estudien cada any l&#8217;ESO o el Batxillerat a l&#8217;institut. Habitualment comptem amb tres l\u00ednies a l&#8217;ESO i dues a cadascun dels cursos de Batxillerat. Uns 40 professors formen l&#8217;Equip Pedag\u00f2gic del centre. Tamb\u00e9 disposem de dues persones [&hellip;]<\/p>\n","protected":false},"author":4,"featured_media":0,"parent":7153,"menu_order":10,"comment_status":"closed","ping_status":"closed","template":"","meta":{"_bbp_topic_count":0,"_bbp_reply_count":0,"_bbp_total_topic_count":0,"_bbp_total_reply_count":0,"_bbp_voice_count":0,"_bbp_anonymous_reply_count":0,"_bbp_topic_count_hidden":0,"_bbp_reply_count_hidden":0,"_bbp_forum_subforum_count":0,"site-sidebar-layout":"default","site-content-layout":"","ast-site-content-layout":"default","site-content-style":"default","site-sidebar-style":"default","ast-global-header-display":"","ast-banner-title-visibility":"","ast-main-header-display":"","ast-hfb-above-header-display":"","ast-hfb-below-header-display":"","ast-hfb-mobile-header-display":"","site-post-title":"disabled","ast-breadcrumbs-content":"","ast-featured-img":"","footer-sml-layout":"","theme-transparent-header-meta":"","adv-header-id-meta":"","stick-header-meta":"","header-above-stick-meta":"","header-main-stick-meta":"","header-below-stick-meta":"","astra-migrate-meta-layouts":"set","ast-page-background-enabled":"default","ast-page-background-meta":{"desktop":{"background-color":"var(--ast-global-color-4)","background-image":"","background-repeat":"repeat","background-position":"center center","background-size":"auto","background-attachment":"scroll","background-type":"","background-media":"","overlay-type":"","overlay-color":"","overlay-opacity":"","overlay-gradient":""},"tablet":{"background-color":"","background-image":"","background-repeat":"repeat","background-position":"center center","background-size":"auto","background-attachment":"scroll","background-type":"","background-media":"","overlay-type":"","overlay-color":"","overlay-opacity":"","overlay-gradient":""},"mobile":{"background-color":"","background-image":"","background-repeat":"repeat","background-position":"center center","background-size":"auto","background-attachment":"scroll","background-type":"","background-media":"","overlay-type":"","overlay-color":"","overlay-opacity":"","overlay-gradient":""}},"ast-content-background-meta":{"desktop":{"background-color":"var(--ast-global-color-5)","background-image":"","background-repeat":"repeat","background-position":"center center","background-size":"auto","background-attachment":"scroll","background-type":"","background-media":"","overlay-type":"","overlay-color":"","overlay-opacity":"","overlay-gradient":""},"tablet":{"background-color":"var(--ast-global-color-5)","background-image":"","background-repeat":"repeat","background-position":"center center","background-size":"auto","background-attachment":"scroll","background-type":"","background-media":"","overlay-type":"","overlay-color":"","overlay-opacity":"","overlay-gradient":""},"mobile":{"background-color":"var(--ast-global-color-5)","background-image":"","background-repeat":"repeat","background-position":"center center","background-size":"auto","background-attachment":"scroll","background-type":"","background-media":"","overlay-type":"","overlay-color":"","overlay-opacity":"","overlay-gradient":""}},"footnotes":""},"class_list":["post-1150","page","type-page","status-publish","hentry"],"post_mailing_queue_ids":[],"_links":{"self":[{"href":"https:\/\/agora.xtec.cat\/iesmiquelbosch\/wp-json\/wp\/v2\/pages\/1150","targetHints":{"allow":["GET"]}}],"collection":[{"href":"https:\/\/agora.xtec.cat\/iesmiquelbosch\/wp-json\/wp\/v2\/pages"}],"about":[{"href":"https:\/\/agora.xtec.cat\/iesmiquelbosch\/wp-json\/wp\/v2\/types\/page"}],"author":[{"embeddable":true,"href":"https:\/\/agora.xtec.cat\/iesmiquelbosch\/wp-json\/wp\/v2\/users\/4"}],"replies":[{"embeddable":true,"href":"https:\/\/agora.xtec.cat\/iesmiquelbosch\/wp-json\/wp\/v2\/comments?post=1150"}],"version-history":[{"count":6,"href":"https:\/\/agora.xtec.cat\/iesmiquelbosch\/wp-json\/wp\/v2\/pages\/1150\/revisions"}],"predecessor-version":[{"id":15974,"href":"https:\/\/agora.xtec.cat\/iesmiquelbosch\/wp-json\/wp\/v2\/pages\/1150\/revisions\/15974"}],"up":[{"embeddable":true,"href":"https:\/\/agora.xtec.cat\/iesmiquelbosch\/wp-json\/wp\/v2\/pages\/7153"}],"wp:attachment":[{"href":"https:\/\/agora.xtec.cat\/iesmiquelbosch\/wp-json\/wp\/v2\/media?parent=1150"}],"curies":[{"name":"wp","href":"https:\/\/api.w.org\/{rel}","templated":true}]}}

<h2 class="wp-block-heading has-text-align-center has-white-color has-ast-global-color-1-background-color has-text-color has-background has-link-color wp-elements-70ed20af7cc69ef606f1be3ba45ad9fb">La comunitat educativa</h2>



<p>Uns 400 alumnes dels municipis d&#8217;Artés, Calders, Monistrol de Calders, Santa Maria d&#8217;Oló i Avinyó estudien cada any l&#8217;ESO o el Batxillerat a l&#8217;institut. Habitualment comptem amb tres línies a l&#8217;ESO i dues a cadascun dels cursos de Batxillerat.</p>



<p>Uns 40 professors formen l&#8217;Equip Pedagògic del centre. També disposem de dues persones a administració, dos conserges i dos membres del personal de neteja. A més, periòdicament rebem la visita d&#8217;un membre de l&#8217;EAP (Equip d&#8217;atenció psicopedagògica).</p>



<h4 class="wp-block-heading has-text-align-center has-white-color has-ast-global-color-0-background-color has-text-color has-background has-link-color wp-elements-3e2c4cb7dab00f3efa9e50a7cd1e4162">Equip directiu</h4>



<p>Director: Jordi Call</p>



<p>Cap d&#8217;estudis: Ainhoa Nocete</p>



<p>Secretària: Carme Pinto</p>



<p>Coordinador pedagògic: Ferran Baraldés</p>



<h4 class="wp-block-heading has-text-align-center has-white-color has-ast-global-color-0-background-color has-text-color has-background has-link-color wp-elements-5603c30b3358760bccb1985df1ff524c">Equip pedagògic</h4>



<div style="height:13px" aria-hidden="true" class="wp-block-spacer"></div>



<div class="wp-block-getwid-table"> </div>





<figure class="wp-block-table"><table class="has-fixed-layout"><tbody><tr><td><strong>Departament</strong></td><td><strong>Professor/a</strong>                                       </td><td><strong>Matèria</strong></td><td><strong>Càrrec</strong></td></tr><tr><td rowspan="5">Llengua catalana i literatura</td><td>Sílvia Solé</td><td>Llengua catalana</td><td>Cap de departament i tutora 3r ESO B</td></tr><tr><td>Lucía Navarro</td><td>Llengua catalana</td><td>Coordinadora lingüística (LIC), coordinadora 2n ESO i tutora 2n ESO A</td></tr><tr><td>Clàudia Figuerola</td><td>Llengua catalana</td><td></td></tr><tr><td>Núria Cervera</td><td>Llengua catalana</td><td>Tutora 1r ESO C</td></tr><tr><td>Isabel Monegal</td><td>Aula acollida</td><td>Tutora aula d&#8217;acollida</td></tr><tr><td rowspan="5">Llengua castellana i literatura</td><td>José Jiménez</td><td>Llengua castellana</td><td>Cap de departament i doordinador de riscos laborals</td></tr><tr><td>Agnès Santos</td><td>Llengua castellana</td><td>Coordinadora de coeducació, convivència i benestar (CoCoBe) i tutora 1r ESO B</td></tr><tr><td>Radu Olari</td><td>Llengua castellana</td><td>Coordinador biblioteca i cotutor 3r ESO</td></tr><tr><td>Paco Gómez</td><td>Llengua castellana</td><td></td></tr><tr><td>Cristina Vilanova</td><td>Llatí i grec</td><td>Cotutora 4t ESO</td></tr><tr><td rowspan="6">Llengües estrangeres</td><td>Montse Jordà</td><td>Llengua anglesa</td><td>Cap de departament, coordinadora EOI i cotutora 1r BTX</td></tr><tr><td>Ainhoa Nocete</td><td>Llengua anglesa</td><td>Cap d&#8217;estudis</td></tr><tr><td>Sílvia Martínez</td><td>Llengua anglesa</td><td>Cotutora 2n ESO</td></tr><tr><td>Rosa Galiano</td><td>Llengua anglesa</td><td>Cotutora 1r ESO</td></tr><tr><td>Núria Cervera</td><td>Llengua anglesa</td><td>Tutora 1r ESO C</td></tr><tr><td>Lídia Giménez</td><td>Llengua francesa</td><td>Tutora 2n BTX A</td></tr><tr><td rowspan="6">Matemàtiques</td><td>Mònica Martínez</td><td>Matemàtiques</td><td>Cap de departament i cotutora 1r BTX</td></tr><tr><td>Jordi Call</td><td>Matemàtiques</td><td>Director</td></tr><tr><td>Fermí Rojo</td><td>Matemàtiques</td><td>Coordinador digital</td></tr><tr><td>Ferran Rosado</td><td>Matemàtiques</td><td>Cotutor 3r ESO</td></tr><tr><td>Carme Pinto</td><td>Matemàtiques</td><td>Secretària</td></tr><tr><td>Eva Navarro</td><td>Economia</td><td>Coordinadora xarxes, web i Iddink, coordinadora Batxillerat, tutora 2n BTX B i cotutora 1r BTX</td></tr><tr><td rowspan="6">Ciències experimentals</td><td>Gemma Ribera</td><td>Física i química</td><td>Cap de departament i tutora 1r BTX A</td></tr><tr><td>Eva Giralt</td><td>Física i química</td><td>Coordinadora 3r ESO i tutora 3r ESO A</td></tr><tr><td>Laia Escolà</td><td>Biologia i geologia</td><td>Tutora 3r ESO C</td></tr><tr><td>Laia Canal</td><td>Física i química</td><td>Cotutora 2n ESO</td></tr><tr><td>Aura Domingo</td><td>Biologia i geologia</td><td>Cotutora 1r BTX</td></tr><tr><td></td><td>Biologia i geologia</td><td>Cotutor 4t ESO</td></tr><tr><td rowspan="7">Ciències socials, geografia i història</td><td>César López</td><td>Geografia i història</td><td>Cap de departament i tutor 1r BTX B</td></tr><tr><td>Ferran Baraldés</td><td>Geografia i història</td><td>Coordinador pedagògic</td></tr><tr><td>Marina Cuní</td><td>Geografia i història</td><td>Tutora 2n ESO B</td></tr><tr><td>Sergi Chàfer</td><td>Geografia i història</td><td>Coordinador 4t ESO i tutor 4t ESO A</td></tr><tr><td>Xavier Ribau</td><td>Geografia i història</td><td></td></tr><tr><td>Pep Chaves</td><td>Filosofia</td><td>Tutor 4t ESO C</td></tr><tr><td>Ignasi Casas</td><td>Religió</td><td></td></tr><tr><td rowspan="8">Tecnologia i expressió artística</td><td>Roser Muntadas</td><td>Tecnologia</td><td>Cap de departament</td></tr><tr><td>Joan Carles Garcia</td><td>Tecnologia</td><td></td></tr><tr><td>Cristina Casasayas</td><td>Tecnologia</td><td></td></tr><tr><td>Iu Padrisa</td><td>Tecnologia</td><td>Cotutor 3r ESO</td></tr><tr><td>Marga Serra</td><td>Dibuix</td><td></td></tr><tr><td>Cristina Soto</td><td>Dibuix</td><td>Cotutora 1r ESO</td></tr><tr><td>Alba Codina</td><td>Música</td><td>Tutora 3r ESO D</td></tr><tr><td>Núria Rotllan</td><td>Música</td><td>Coordinadora 1r ESO i tutora 1r ESO A</td></tr><tr><td rowspan="3">Educació física</td><td>Dolors Vila</td><td>Educació física</td><td>Tutora 2n ESO C</td></tr><tr><td>Judit Soldevila</td><td>Educació física</td><td>Coordinadora patis i tutora 4t ESO B</td></tr><tr><td></td><td></td><td>Cotutor 3r ESO</td></tr><tr><td rowspan="4">Orientació psicopedagògica</td><td>Cristina Lara</td><td>Orientadora</td><td>Cap de departament, orientadora 3r ESO i cotutora 3r ESO</td></tr><tr><td>Judit Cardona</td><td>Orientadora</td><td>Orientadora 2n ESO i cotutora 2n ESO</td></tr><tr><td>Uriel Montesinos</td><td>Orientadora</td><td>Orientador 4t ESO i BTX i cotutor 4t ESO</td></tr><tr><td>Anna Sanmartí</td><td>Orientadora</td><td>Orientadora 1r ESO i cotutora 1r ESO</td></tr></tbody></table></figure>



<h4 class="wp-block-heading has-text-align-center has-white-color has-ast-global-color-0-background-color has-text-color has-background has-link-color wp-elements-a80f5fece062c33a49112d247e10cc69">Administració</h4>



<p>Elisabet Ruiz</p>



<p>Maria Arjona</p>



<h4 class="wp-block-heading has-text-align-center has-white-color has-ast-global-color-0-background-color has-text-color has-background has-link-color wp-elements-a3041a3606820109099285a85423dfb2">Consergeria</h4>



<p>Eva Campos</p>



<p>Julian Vega</p>



<h4 class="wp-block-heading has-text-align-center has-white-color has-ast-global-color-0-background-color has-text-color has-background has-link-color wp-elements-0019a9ade4b77ae6d6aa5a0a11c82f22">Neteja</h4>



<p>Gaby Ursache</p>

<p>La comunitat educativa Uns 400 alumnes dels municipis d&#8217;Artés, Calders, Monistrol de Calders, Santa Maria d&#8217;Oló i Avinyó estudien cada any l&#8217;ESO o el Batxillerat a l&#8217;institut. Habitualment comptem amb tres línies a l&#8217;ESO i dues a cadascun dels cursos de Batxillerat. Uns 40 professors formen l&#8217;Equip Pedagògic del centre. També disposem de dues persones [&hellip;]</p>
