{"id":11078,"date":"2023-06-11T17:53:24","date_gmt":"2023-06-11T15:53:24","guid":{"rendered":"https:\/\/agora.xtec.cat\/iesmiquelbosch\/?page_id=11078"},"modified":"2023-06-29T09:15:07","modified_gmt":"2023-06-29T07:15:07","slug":"objectius","status":"publish","type":"page","link":"https:\/\/agora.xtec.cat\/iesmiquelbosch\/linstitut\/documents-de-centre\/estrategia-digital-de-centre\/estrategia\/objectius\/","title":{"rendered":"Objectius"},"content":{"rendered":"<table style=\"border-collapse: collapse; width: 100%; height: 272px;\">\n<tbody>\n<tr style=\"height: 32px;\">\n<td style=\"height: 32px; background-color: #087eb6; width: 86.6379%;\" colspan=\"3\">\n<h3 style=\"text-align: center;\"><span style=\"color: #ffffff;\">OBJECTIUS<\/span><\/h3>\n<\/td>\n<\/tr>\n<tr style=\"height: 32px;\">\n<td style=\"height: 32px; width: 86.6379%; background-color: #ffffff;\" colspan=\"3\">\n<h5><strong>En funci\u00f3 dels resultats obtinguts a la diagnosi i amb la finalitat de millorar els punts d\u00e8bils detectats, s\u2019han definit i temporitzat els seg\u00fcents objectius:<\/strong><\/h5>\n<\/td>\n<\/tr>\n<tr style=\"height: 32px;\">\n<td style=\"width: 73.2759%; height: 32px; background-color: #0eb1ff;\">\n<h4 style=\"text-align: center;\"><span style=\"color: #ffffff;\">Objectius i activitats<\/span><\/h4>\n<\/td>\n<td style=\"width: 13.362%; height: 32px; text-align: center; background-color: #0eb1ff;\">\n<h4><span style=\"color: #ffffff;\">Data inici<\/span><\/h4>\n<\/td>\n<td style=\"width: 100%; text-align: center; height: 32px; background-color: #0eb1ff;\">\n<h4><span style=\"color: #ffffff;\">Data fi<\/span><\/h4>\n<\/td>\n<\/tr>\n<tr style=\"height: 32px;\">\n<td style=\"width: 73.2759%; height: 32px; background-color: #ffffff;\">1. Realitzaci\u00f3 de tasques avaluatives amb feedback d\u2019\u00e0udio en el Classroom de cada assignatura per enriquir l&#8217;aprenentatge.<\/td>\n<td style=\"width: 13.362%; height: 32px; text-align: center; background-color: #ffffff;\">01-09-23<\/td>\n<td style=\"width: 100%; text-align: center; height: 32px; background-color: #ffffff;\">20-06-24<\/td>\n<\/tr>\n<tr style=\"height: 32px;\">\n<td style=\"width: 73.2759%; height: 32px; background-color: #ffffff;\">2. Potenciar el treball digital amb els alumnes per millorar la col\u00b7laboraci\u00f3 i incentivar la creativitat.<\/td>\n<td style=\"width: 13.362%; height: 32px; text-align: center; background-color: #ffffff;\">01-09-23<\/td>\n<td style=\"width: 100%; text-align: center; height: 32px; background-color: #ffffff;\">20-06-24<\/td>\n<\/tr>\n<tr style=\"height: 32px;\">\n<td style=\"width: 73.2759%; height: 32px; background-color: #ffffff;\">3. Promoure el treball en equip del professorat per desplegar estrat\u00e8gies compartides d\u2019\u00fas dels recursos digitals.<\/td>\n<td style=\"width: 13.362%; height: 32px; text-align: center; background-color: #ffffff;\">01-09-23<\/td>\n<td style=\"width: 100%; text-align: center; height: 32px; background-color: #ffffff;\">30-06-24<\/td>\n<\/tr>\n<tr style=\"height: 32px;\">\n<td style=\"width: 73.2759%; height: 32px; background-color: #ffffff;\">4. Definir els documents de cultura digital necessaris per a l\u2019acollida (docents i alumnes) i de comunicaci\u00f3 digital.<\/td>\n<td style=\"width: 13.362%; text-align: center; height: 32px; background-color: #ffffff;\">30-06-23<\/td>\n<td style=\"width: 100%; text-align: center; height: 32px; background-color: #ffffff;\">30-06-24<\/td>\n<\/tr>\n<tr style=\"height: 48px;\">\n<td style=\"width: 73.2759%; height: 48px; background-color: #ffffff;\">5. Rob\u00f2tica. Implementar el desplegament de la dotaci\u00f3 de rob\u00f2tica al llarg de l&#8217;etapa per tal de millorar el pensament computacional de l&#8217;alumnat.<\/td>\n<td style=\"width: 13.362%; text-align: center; height: 48px; background-color: #ffffff;\">27-06-23<\/td>\n<td style=\"width: 100%; text-align: center; height: 48px; background-color: #ffffff;\">30-06-25<\/td>\n<\/tr>\n<\/tbody>\n<\/table>\n<p>&nbsp;<\/p>\n","protected":false},"excerpt":{"rendered":"<p>OBJECTIUS<\/p>\n<p>En funci\u00f3 dels resultats obtinguts a la diagnosi i amb la finalitat de millorar els punts d\u00e8bils detectats, s\u2019han definit i temporitzat els seg\u00fcents objectius:<\/p>\n<p>Objectius i activitats<\/p>\n<p>Data inici<\/p>\n<p>Data fi<\/p>\n<p>1. Realitzaci\u00f3 de tasques avaluatives amb feedback d\u2019\u00e0udio en el Classroom de cada assignatura per enriquir l&#8217;aprenentatge.<br \/>\n01-09-23<br \/>\n20-06-24<\/p>\n<p>2.&hellip;  <a href=\"https:\/\/agora.xtec.cat\/iesmiquelbosch\/linstitut\/documents-de-centre\/estrategia-digital-de-centre\/estrategia\/objectius\/\" title=\"Read Objectius\">Llegeix m\u00e9s\u00bb<\/a><\/p>\n","protected":false},"author":1,"featured_media":0,"parent":11023,"menu_order":0,"comment_status":"closed","ping_status":"closed","template":"page-templates\/side-menu.php","meta":{"_bbp_topic_count":0,"_bbp_reply_count":0,"_bbp_total_topic_count":0,"_bbp_total_reply_count":0,"_bbp_voice_count":0,"_bbp_anonymous_reply_count":0,"_bbp_topic_count_hidden":0,"_bbp_reply_count_hidden":0,"_bbp_forum_subforum_count":0,"footnotes":""},"class_list":["post-11078","page","type-page","status-publish","hentry"],"post_mailing_queue_ids":[],"_links":{"self":[{"href":"https:\/\/agora.xtec.cat\/iesmiquelbosch\/wp-json\/wp\/v2\/pages\/11078","targetHints":{"allow":["GET"]}}],"collection":[{"href":"https:\/\/agora.xtec.cat\/iesmiquelbosch\/wp-json\/wp\/v2\/pages"}],"about":[{"href":"https:\/\/agora.xtec.cat\/iesmiquelbosch\/wp-json\/wp\/v2\/types\/page"}],"author":[{"embeddable":true,"href":"https:\/\/agora.xtec.cat\/iesmiquelbosch\/wp-json\/wp\/v2\/users\/1"}],"replies":[{"embeddable":true,"href":"https:\/\/agora.xtec.cat\/iesmiquelbosch\/wp-json\/wp\/v2\/comments?post=11078"}],"version-history":[{"count":3,"href":"https:\/\/agora.xtec.cat\/iesmiquelbosch\/wp-json\/wp\/v2\/pages\/11078\/revisions"}],"predecessor-version":[{"id":11227,"href":"https:\/\/agora.xtec.cat\/iesmiquelbosch\/wp-json\/wp\/v2\/pages\/11078\/revisions\/11227"}],"up":[{"embeddable":true,"href":"https:\/\/agora.xtec.cat\/iesmiquelbosch\/wp-json\/wp\/v2\/pages\/11023"}],"wp:attachment":[{"href":"https:\/\/agora.xtec.cat\/iesmiquelbosch\/wp-json\/wp\/v2\/media?parent=11078"}],"curies":[{"name":"wp","href":"https:\/\/api.w.org\/{rel}","templated":true}]}}