{"id":428,"date":"2016-01-28T09:29:50","date_gmt":"2016-01-28T08:29:50","guid":{"rendered":"http:\/\/agora.xtec.cat\/iesmila\/?page_id=428"},"modified":"2026-03-03T08:34:35","modified_gmt":"2026-03-03T07:34:35","slug":"convenis-en-practiques-fct","status":"publish","type":"page","link":"https:\/\/agora.xtec.cat\/iesmila\/convenis-en-practiques-fct\/","title":{"rendered":"Convenis en pr\u00e0ctiques FCT"},"content":{"rendered":"<p align=\"justify\"><strong>La formaci\u00f3 en centres de treball<\/strong><\/p>\n<p align=\"justify\"><span class=\"cos\">En el marc de la nova Formaci\u00f3 Professional, la finalitat del cr\u00e8dit de Formaci\u00f3 en Centres de Treball \u00e9s el desenvolupament d\u2019estrat\u00e8gies que facin convergir les estructures laboral i acad\u00e8mica.<br \/>\n<\/span><\/p>\n<p align=\"justify\"><span class=\"cos\">Paral\u00b7lelament, es pret\u00e9n incloure en el curr\u00edculum de l\u2019alumne\/a els coneixements necessaris per fer realitat la seva transici\u00f3 cap al m\u00f3n del treball i, alhora, facilitar al m\u00f3n empresarial el contacte amb llurs futurs empleats. Els objectius que ens proposem d\u2019acomplir van en la direcci\u00f3 que els alumnes siguin protagonistes d\u2019un aprenentatge significatiu dels coneixements i tecnologies actuals en un \u00e0mbit real de treball, on puguin desenvolupar el coneixement assolits a l\u2019escola.<br \/>\n<\/span><\/p>\n<p align=\"justify\"><span class=\"cos\">El tipus d\u2019acord ser\u00e0 de conveni (NO LABORAL) entre l&#8217;empresa i l\u2019escola, els quals signaran i del qual disposaran c\u00f2pia el Departament d\u2019Educaci\u00f3, l\u2019empresa, i l\u2019escola. <\/span><\/p>\n<p align=\"justify\"><span class=\"cos\">El seguiment de les pr\u00e0ctiques el realitzar\u00e0 el Tutor\/a de pr\u00e0ctiques de l\u2019alumne\/a a trav\u00e9s del Quadern de Seguiment, tot mantenint contactes peri\u00f2dics amb el responsable de la formaci\u00f3 en el centre de treball. L\u2019avaluaci\u00f3 del cr\u00e8dit de l&#8217;FCT ser\u00e0 continua durant l\u2019estada de l\u2019alumne\/a a l\u2019empresa. El Tutor\/a dur\u00e0 a terme, conjuntament amb l\u2019estudiant, la valoraci\u00f3 de les caracter\u00edstiques de la formaci\u00f3 pr\u00e0ctica a fi de vetllar per la seva idone\u00eftat i corregir, si cal, les possibles defici\u00e8ncies. En acabar el per\u00edode de pr\u00e0ctiques el Tutor\/a demanar\u00e0 l\u2019avaluaci\u00f3 de l\u2019alumne\/a al responsable de l&#8217;FCT de l\u2019empresa, per tal de poder \u00e9sser contemplada en l\u2019avaluaci\u00f3 final. <\/span><\/p>\n<p align=\"justify\">Per a dubtes i consultes, no dubteu en posar-vos en contacte amb els coordinadors de FCT del centre.<\/p>\n<p align=\"justify\"><a href=\"https:\/\/agora.xtec.cat\/iesmila\/wp-content\/uploads\/usu844\/2019\/07\/logo-MEC-UE.jpg\"><img loading=\"lazy\" decoding=\"async\" class=\"alignnone size-full wp-image-2794\" src=\"https:\/\/agora.xtec.cat\/iesmila\/wp-content\/uploads\/usu844\/2019\/07\/logo-MEC-UE.jpg\" alt=\"\" width=\"536\" height=\"78\" srcset=\"https:\/\/agora.xtec.cat\/iesmila\/wp-content\/uploads\/usu844\/2019\/07\/logo-MEC-UE.jpg 536w, https:\/\/agora.xtec.cat\/iesmila\/wp-content\/uploads\/usu844\/2019\/07\/logo-MEC-UE-300x44.jpg 300w\" sizes=\"auto, (max-width: 536px) 100vw, 536px\" \/><\/a><\/p>\n","protected":false},"excerpt":{"rendered":"<p>La formaci\u00f3 en centres de treball<br \/>\nEn el marc de la nova Formaci\u00f3 Professional, la finalitat del cr\u00e8dit de Formaci\u00f3 en Centres de Treball \u00e9s el desenvolupament d\u2019estrat\u00e8gies que facin convergir les estructures laboral i acad\u00e8mica.<\/p>\n<p>Paral\u00b7lelament, es pret\u00e9n incloure en el curr\u00edculum de l\u2019alumne\/a els coneixements&hellip;  <a href=\"https:\/\/agora.xtec.cat\/iesmila\/convenis-en-practiques-fct\/\" title=\"Read Convenis en pr\u00e0ctiques FCT\">Llegeix m\u00e9s\u00bb<\/a><\/p>\n","protected":false},"author":1,"featured_media":0,"parent":0,"menu_order":0,"comment_status":"closed","ping_status":"closed","template":"","meta":{"_bbp_topic_count":0,"_bbp_reply_count":0,"_bbp_total_topic_count":0,"_bbp_total_reply_count":0,"_bbp_voice_count":0,"_bbp_anonymous_reply_count":0,"_bbp_topic_count_hidden":0,"_bbp_reply_count_hidden":0,"_bbp_forum_subforum_count":0,"footnotes":""},"class_list":["post-428","page","type-page","status-publish","hentry"],"post_mailing_queue_ids":[],"_links":{"self":[{"href":"https:\/\/agora.xtec.cat\/iesmila\/wp-json\/wp\/v2\/pages\/428","targetHints":{"allow":["GET"]}}],"collection":[{"href":"https:\/\/agora.xtec.cat\/iesmila\/wp-json\/wp\/v2\/pages"}],"about":[{"href":"https:\/\/agora.xtec.cat\/iesmila\/wp-json\/wp\/v2\/types\/page"}],"author":[{"embeddable":true,"href":"https:\/\/agora.xtec.cat\/iesmila\/wp-json\/wp\/v2\/users\/1"}],"replies":[{"embeddable":true,"href":"https:\/\/agora.xtec.cat\/iesmila\/wp-json\/wp\/v2\/comments?post=428"}],"version-history":[{"count":5,"href":"https:\/\/agora.xtec.cat\/iesmila\/wp-json\/wp\/v2\/pages\/428\/revisions"}],"predecessor-version":[{"id":8349,"href":"https:\/\/agora.xtec.cat\/iesmila\/wp-json\/wp\/v2\/pages\/428\/revisions\/8349"}],"wp:attachment":[{"href":"https:\/\/agora.xtec.cat\/iesmila\/wp-json\/wp\/v2\/media?parent=428"}],"curies":[{"name":"wp","href":"https:\/\/api.w.org\/{rel}","templated":true}]}}