{"id":1581,"date":"2017-09-08T08:52:09","date_gmt":"2017-09-08T06:52:09","guid":{"rendered":"http:\/\/agora.xtec.cat\/iesmila\/?page_id=1581"},"modified":"2025-03-28T12:32:23","modified_gmt":"2025-03-28T11:32:23","slug":"politica-de-qualitat-missio-visio-i-valors","status":"publish","type":"page","link":"https:\/\/agora.xtec.cat\/iesmila\/politica-de-qualitat-missio-visio-i-valors\/","title":{"rendered":"Pol\u00edtica de qualitat, missi\u00f3, visi\u00f3 i valors"},"content":{"rendered":"<div style=\"width: 100%;\">\n<div style=\"position: relative; padding-bottom: 56.25%; padding-top: 0; height: 0;\"><iframe loading=\"lazy\" style=\"position: absolute; top: 0; left: 0; width: 100%; height: 100%;\" title=\"POL\u00cdTICA DE QUALITAT\" src=\"https:\/\/view.genially.com\/67d71ba31bac69cfd119f3c4\" width=\"1200\" height=\"675\" frameborder=\"0\" scrolling=\"yes\" allowfullscreen=\"allowfullscreen\"><\/iframe><\/div>\n<\/div>\n<p>&nbsp;<\/p>\n<h3><b>Pol\u00edtica de Qualitat, Missi\u00f3, Visi\u00f3 i Valors<\/b><\/h3>\n<p><span style=\"font-weight: 400;\">L\u2019Institut Mil\u00e0 i Fontanals es compromet amb la millora cont\u00ednua i l\u2019excel\u00b7l\u00e8ncia en la gesti\u00f3 educativa, basant-se en la norma ISO 9001 i en la recerca constant d\u2019innovaci\u00f3, actualitzaci\u00f3 i responsabilitat corporativa.<\/span><\/p>\n<p><span style=\"font-weight: 400;\">El centre va obtenir la certificaci\u00f3 ISO 9001:2001 el novembre de 2006, adaptant-se posteriorment a la ISO 9001:2008 i, des del curs 2017\/18, a la ISO 9001:2015.\u00a0\u00a0<\/span><\/p>\n<p><span style=\"font-weight: 400;\">L\u2019Institut aposta per la gesti\u00f3 per processos com a eina estrat\u00e8gica per organitzar i dur a terme les seves activitats, garantint que la qualitat s\u2019integri en totes les \u00e0rees de la instituci\u00f3 i que la seva gesti\u00f3 s\u2019aline\u00ef amb el projecte de direcci\u00f3 i la normativa actualitzada per la Generalitat.\u00a0<\/span><\/p>\n<p><span style=\"font-weight: 400;\">Aquesta pol\u00edtica de qualitat s\u2019emmarca dins dels objectius estrat\u00e8gics del Projecte de Direcci\u00f3 2024-2028, amb especial \u00e8mfasi en: Millorar els resultats educatius, mitjan\u00e7ant el seguiment de l\u2019absentisme, la millora del rendiment acad\u00e8mic i l\u2019adaptaci\u00f3 als nous curr\u00edculums de Formaci\u00f3 Professional.<\/span><\/p>\n<p><span style=\"font-weight: 400;\">\u00a0Fomentar la cohesi\u00f3 social, impulsant la inclusi\u00f3 i la col\u00b7laboraci\u00f3 entre les diferents fam\u00edlies professionals del centre, aix\u00ed com amb el seu entorn.<\/span><\/p>\n<p><span style=\"font-weight: 400;\">Augmentar la confian\u00e7a dels grups d\u2019inter\u00e8s, consolidant les relacions amb el sector empresarial i potenciant l\u2019orientaci\u00f3 i la formaci\u00f3 professional de qualitat.\u00a0<\/span><\/p>\n<p><span style=\"font-weight: 400;\">Aquesta pol\u00edtica es revisar\u00e0 peri\u00f2dicament per assegurar la seva adequaci\u00f3 als objectius i necessitats del centre, mantenint el comprom\u00eds amb la millora cont\u00ednua i la satisfacci\u00f3 de la comunitat educativa.<\/span><\/p>\n<h3><b>Pol\u00edtica de Qualitat &#8211; Institut Mil\u00e0 i Fontanals<\/b><\/h3>\n<p><span style=\"font-weight: 400;\">\ud83d\udd39 <\/span><b>Comprom\u00eds amb la millora cont\u00ednua i l\u2019excel\u00b7l\u00e8ncia educativa<\/b><b><br \/>\n<\/b><span style=\"font-weight: 400;\"> \ud83d\udccc Basat en la norma <\/span><b>ISO 9001<\/b><span style=\"font-weight: 400;\"> i en la innovaci\u00f3, actualitzaci\u00f3 i responsabilitat corporativa.<\/span><\/p>\n<p><span style=\"font-weight: 400;\">\ud83d\udd39 <\/span><b>Certificaci\u00f3 ISO 9001<\/b><b><br \/>\n<\/b><span style=\"font-weight: 400;\"> \u2705 2006: Certificaci\u00f3 <\/span><b>ISO 9001:2001<\/b><b><br \/>\n<\/b><span style=\"font-weight: 400;\"> \u2705 Adaptaci\u00f3 a <\/span><b>ISO 9001:2008<\/b><b><br \/>\n<\/b><span style=\"font-weight: 400;\"> \u2705 Des de 2017\/18: <\/span><b>ISO 9001:2015<\/b><\/p>\n<p><span style=\"font-weight: 400;\">\ud83d\udd39 <\/span><b>Gesti\u00f3 per processos<\/b><b><br \/>\n<\/b><span style=\"font-weight: 400;\"> \ud83d\udd39 Qualitat integrada en totes les \u00e0rees<\/span><span style=\"font-weight: 400;\"><br \/>\n<\/span><span style=\"font-weight: 400;\"> \ud83d\udd39 Alineaci\u00f3 amb el <\/span><b>Projecte de Direcci\u00f3 2024-2028<\/b><\/p>\n<h3><b>Objectius Estrat\u00e8gics<\/b><\/h3>\n<p><span style=\"font-weight: 400;\">\ud83d\udccd <\/span><b>Millorar els resultats educatius<\/b><b><br \/>\n<\/b><span style=\"font-weight: 400;\"> \u2714 Seguiment de l\u2019absentisme<\/span><span style=\"font-weight: 400;\"><br \/>\n<\/span><span style=\"font-weight: 400;\"> \u2714 Millora del rendiment acad\u00e8mic<\/span><span style=\"font-weight: 400;\"><br \/>\n<\/span><span style=\"font-weight: 400;\"> \u2714 Adaptaci\u00f3 als nous curr\u00edculums d\u2019FP<\/span><\/p>\n<p><span style=\"font-weight: 400;\">\ud83d\udccd <\/span><b>Fomentar la cohesi\u00f3 social<\/b><b><br \/>\n<\/b><span style=\"font-weight: 400;\"> \u2714 Inclusi\u00f3 i col\u00b7laboraci\u00f3 entre fam\u00edlies professionals<\/span><span style=\"font-weight: 400;\"><br \/>\n<\/span><span style=\"font-weight: 400;\"> \u2714 Relaci\u00f3 amb l\u2019entorn<\/span><\/p>\n<p><span style=\"font-weight: 400;\">\ud83d\udccd <\/span><b>Augmentar la confian\u00e7a dels grups d\u2019inter\u00e8s<\/b><b><br \/>\n<\/b><span style=\"font-weight: 400;\"> \u2714 Vincle amb el sector empresarial<\/span><span style=\"font-weight: 400;\"><br \/>\n<\/span><span style=\"font-weight: 400;\"> \u2714 Potenciaci\u00f3 de l\u2019orientaci\u00f3 i la formaci\u00f3 de qualitat<\/span><\/p>\n<p><span style=\"font-weight: 400;\">\ud83d\udd39 <\/span><b>Revisi\u00f3 peri\u00f2dica<\/b><span style=\"font-weight: 400;\"> per garantir adequaci\u00f3 i millora cont\u00ednua<\/span><\/p>\n<p>&nbsp;<\/p>\n<h4><b>Objectius de Qualitat<\/b><\/h4>\n<p><span style=\"font-weight: 400;\">Els objectius de qualitat de l\u2019Institut s\u2019articulen en els seg\u00fcents punts clau:<\/span><\/p>\n<ul>\n<li style=\"font-weight: 400;\" aria-level=\"1\"><b>Monitoratge i actualitzaci\u00f3 cont\u00ednua:<\/b><b><br \/>\n<\/b><span style=\"font-weight: 400;\">Mantenir una visi\u00f3 actualitzada i cont\u00ednua de l\u2019estat dels indicadors institucionals, amb un seguiment digital en temps real que abasta tant els aspectes pedag\u00f2gics com els administratius. Aix\u00f2 implica la recollida peri\u00f2dica de dades, l\u2019an\u00e0lisi del feedback dels usuaris (alumnat, professorat i empreses) i l\u2019\u00fas d\u2019eines digitals integrades per millorar la presa de decisions.<\/span><\/li>\n<li style=\"font-weight: 400;\" aria-level=\"1\"><b>Entorn de treball i implicaci\u00f3:<\/b><b><br \/>\n<\/b><span style=\"font-weight: 400;\">Promoure un bon ambient de treball dins del centre que afavoreixi la participaci\u00f3 activa de tota la comunitat educativa. Aix\u00f2 inclou la implicaci\u00f3 en els projectes de direcci\u00f3, la col\u00b7laboraci\u00f3 transversal entre departaments i la participaci\u00f3 del professorat en totes les accions institucionals.<\/span><\/li>\n<li style=\"font-weight: 400;\" aria-level=\"1\"><b>Transpar\u00e8ncia i comunicaci\u00f3:<\/b><b><br \/>\n<\/b><span style=\"font-weight: 400;\">Garantir la transpar\u00e8ncia en la gesti\u00f3 i la comunicaci\u00f3 constant amb els diferents grups d\u2019inter\u00e8s. Aix\u00f2 es reflecteix en la publicaci\u00f3 d\u2019informes peri\u00f2dics sobre els resultats obtinguts, l\u2019actualitzaci\u00f3 del calendari d\u2019activitats i l\u2019\u00fas de canals digitals per a un di\u00e0leg obert i continu.<\/span><\/li>\n<li style=\"font-weight: 400;\" aria-level=\"1\"><b>Innovaci\u00f3 i desenvolupament professional:<\/b><b><br \/>\n<\/b><span style=\"font-weight: 400;\">Impulsar la formaci\u00f3 cont\u00ednua del professorat i la implementaci\u00f3 de projectes innovadors que responguin als canvis i necessitats del m\u00f3n educatiu i professional. Aix\u00f2 es tradueix en programes de formaci\u00f3, tallers d\u2019innovaci\u00f3 i la participaci\u00f3 en iniciatives col\u00b7laboratives amb empreses i altres entitats.<\/span><\/li>\n<li style=\"font-weight: 400;\" aria-level=\"1\"><b>Alineaci\u00f3 amb la normativa i el projecte de direcci\u00f3:<\/b><b><br \/>\n<\/b><span style=\"font-weight: 400;\">Assegurar que tots els processos i els indicadors de qualitat estiguin rigorosament alineats amb el projecte de direcci\u00f3 del centre i amb la normativa vigent de la Generalitat, revisant peri\u00f2dicament els procediments interns i actualitzant-los quan sigui necessari.<\/span><\/li>\n<li style=\"font-weight: 400;\" aria-level=\"1\"><b>Responsabilitat corporativa:<\/b><b><br \/>\n<\/b><span style=\"font-weight: 400;\">Integrar la responsabilitat social, ambiental i econ\u00f2mica com a pilar fonamental en totes les activitats de l\u2019institut. Aix\u00f2 implica adoptar pr\u00e0ctiques sostenibles, promoure l\u2019\u00e8tica institucional i fomentar la implicaci\u00f3 en projectes de desenvolupament comunitari que contribueixin al benestar social i a la preservaci\u00f3 del medi ambient.<\/span><\/li>\n<\/ul>\n<p><span style=\"font-weight: 400;\">La consecuci\u00f3 d\u2019aquests objectius es reflecteix en la Programaci\u00f3 General del Centre (PGA), on l\u2019equip directiu i la comissi\u00f3 de qualitat defineixen i despleguen els objectius operatius que permeten mesurar, avaluar i millorar cont\u00ednuament la qualitat institucional.<\/span><\/p>\n<h4><b>Missi\u00f3, Visi\u00f3 i Valors<\/b><\/h4>\n<p><b>Missi\u00f3:<\/b><b><br \/>\n<\/b><span style=\"font-weight: 400;\">Formar, orientar i acreditar l\u2019alumnat per a l\u2019adquisici\u00f3 de compet\u00e8ncies professionals i socials, facilitant la seva integraci\u00f3 i desenvolupament personal. Alhora, es busca implicar activament la fam\u00edlia i la comunitat educativa, potenciant un entorn col\u00b7laboratiu, innovador i responsable que respongui a les necessitats de la societat actual.<\/span><\/p>\n<p><b>Visi\u00f3:<\/b><b><br \/>\n<\/b><span style=\"font-weight: 400;\">Convertir-se en un centre de refer\u00e8ncia a Catalunya en la formaci\u00f3 professional, destacant per la seva adaptabilitat, qualitat educativa i comprom\u00eds amb la innovaci\u00f3 i la responsabilitat corporativa. El centre es proposa oferir una formaci\u00f3 integral i actualitzada, que respongui tant a les demandes del mercat laboral com a les necessitats personals dels estudiants, tot treballant per un impacte positiu en la societat i el medi ambient.<\/span><\/p>\n<p><b>Valors:<\/b><\/p>\n<ul>\n<li style=\"font-weight: 400;\" aria-level=\"1\"><b>Transpar\u00e8ncia i comunicaci\u00f3:<\/b><span style=\"font-weight: 400;\"> Fomentar una cultura oberta i participativa que integri tots els grups d\u2019inter\u00e8s.<\/span><\/li>\n<li style=\"font-weight: 400;\" aria-level=\"1\"><b>Innovaci\u00f3 i creativitat:<\/b><span style=\"font-weight: 400;\"> Impulsar projectes i metodologies que millorin la qualitat educativa i el desenvolupament professional.<\/span><\/li>\n<li style=\"font-weight: 400;\" aria-level=\"1\"><b>Responsabilitat corporativa:<\/b><span style=\"font-weight: 400;\"> Actuar de manera \u00e8tica i sostenible, amb comprom\u00eds social i mediambiental, contribuint al benestar de la comunitat i la preservaci\u00f3 dels recursos naturals.<\/span><\/li>\n<li style=\"font-weight: 400;\" aria-level=\"1\"><b>Respecte i col\u00b7laboraci\u00f3:<\/b><span style=\"font-weight: 400;\"> Crear un ambient de treball i aprenentatge basat en el respecte mutu, la responsabilitat i la implicaci\u00f3 activa.<\/span><\/li>\n<li style=\"font-weight: 400;\" aria-level=\"1\"><b>Comprom\u00eds amb l\u2019excel\u00b7l\u00e8ncia:<\/b><span style=\"font-weight: 400;\"> Buscar constantment la millora dels processos i resultats institucionals.<\/span><\/li>\n<\/ul>\n<p><strong>RSC<\/strong><\/p>\n<p><span style=\"font-weight: 400;\">L&#8217;Institut Mil\u00e0 i Fontanals d&#8217;Igualada demostra un ferm comprom\u00eds amb la Responsabilitat Social Corporativa (RSC) a trav\u00e9s de diverses iniciatives que impliquen activament la comunitat educativa i el seu entorn.<\/span><\/p>\n<p><b>Foment de l&#8217;esperit innovador i emprenedor:<\/b><span style=\"font-weight: 400;\"> El centre treballa per desenvolupar en l&#8217;alumnat una cultura de l&#8217;esfor\u00e7 i la responsabilitat, promovent valors com la corresponsabilitat educativa.<\/span><\/p>\n<p><b>Formaci\u00f3 Professional Dual i col\u00b7laboraci\u00f3 empresarial:<\/b><span style=\"font-weight: 400;\"> Mitjan\u00e7ant el programa de Formaci\u00f3 Professional Dual, l&#8217;institut estableix convenis amb empreses per a la formaci\u00f3 pr\u00e0ctica dels estudiants. Aquesta modalitat beneficia les empreses en diversos aspectes:<\/span><\/p>\n<ul>\n<li style=\"font-weight: 400;\" aria-level=\"1\"><b>Increment de la competitivitat:<\/b><span style=\"font-weight: 400;\"> Les empreses reben personal qualificat que ja est\u00e0 familiaritzat amb els seus processos interns.<\/span><span style=\"font-weight: 400;\">\n<p><\/span><\/li>\n<li style=\"font-weight: 400;\" aria-level=\"1\"><b>Identificaci\u00f3 i captaci\u00f3 de talent:<\/b><span style=\"font-weight: 400;\"> Permet a les empreses identificar potencials futurs treballadors i assegurar un relleu generacional efectiu.<\/span><span style=\"font-weight: 400;\">\n<p><\/span><\/li>\n<li style=\"font-weight: 400;\" aria-level=\"1\"><b>Responsabilitat social corporativa:<\/b><span style=\"font-weight: 400;\"> Incorpora a l&#8217;empresa el valor de la corresponsabilitat educativa, responent als actuals reptes formatius.<\/span><span style=\"font-weight: 400;\"><br \/>\n<\/span><\/li>\n<\/ul>\n<p><b>Cooperaci\u00f3 amb empreses locals:<\/b><span style=\"font-weight: 400;\"> L&#8217;institut mant\u00e9 relacions amb empreses de la zona per enriquir la formaci\u00f3 dels estudiants. Per exemple, el 15 de gener, un representant de Transports Bernadet va visitar el centre per compartir la seva experi\u00e8ncia en log\u00edstica amb els alumnes d&#8217;Administraci\u00f3 i Finances.<\/span><\/p>\n<p><b>Suport a la diversitat i orientaci\u00f3 personalitzada:<\/b><span style=\"font-weight: 400;\"> El Departament d&#8217;Orientaci\u00f3 treballa conjuntament amb les fam\u00edlies per desenvolupar el potencial dels estudiants en tots els \u00e0mbits, coordinant-se amb serveis externs per oferir una visi\u00f3 global i facilitar el proc\u00e9s d&#8217;ensenyament-aprenentatge.<\/span><\/p>\n<p><b>Comprom\u00eds amb la sostenibilitat i l&#8217;educaci\u00f3 ambiental:<\/b><span style=\"font-weight: 400;\"> El 19 d&#8217;abril de 2024, l&#8217;Institut Mil\u00e0 i Fontanals va rebre el distintiu d&#8217;Escola Verda de la Xarxa d&#8217;Escoles per a la Sostenibilitat d&#8217;Igualada (XESI). Aquesta distinci\u00f3 reconeix el comprom\u00eds del centre amb la sostenibilitat i la integraci\u00f3 de valors d&#8217;educaci\u00f3 ecosocial en totes les seves activitats.<\/span><\/p>\n<p><span style=\"font-weight: 400;\">Mitjan\u00e7ant aquestes accions, l&#8217;Institut Mil\u00e0 i Fontanals reafirma el seu comprom\u00eds amb la responsabilitat social corporativa, contribuint al desenvolupament integral dels estudiants i al benestar de la comunitat.<\/span><\/p>\n","protected":false},"excerpt":{"rendered":"<p>&nbsp;<br \/>\nPol\u00edtica de Qualitat, Missi\u00f3, Visi\u00f3 i Valors<br \/>\nL\u2019Institut Mil\u00e0 i Fontanals es compromet amb la millora cont\u00ednua i l\u2019excel\u00b7l\u00e8ncia en la gesti\u00f3 educativa, basant-se en la norma ISO 9001 i en la recerca constant d\u2019innovaci\u00f3, actualitzaci\u00f3 i responsabilitat corporativa.<br \/>\nEl centre va obtenir la certificaci\u00f3 ISO 9001:2001&hellip;  <a href=\"https:\/\/agora.xtec.cat\/iesmila\/politica-de-qualitat-missio-visio-i-valors\/\" title=\"Read Pol\u00edtica de qualitat, missi\u00f3, visi\u00f3 i valors\">Llegeix m\u00e9s\u00bb<\/a><\/p>\n","protected":false},"author":1,"featured_media":0,"parent":0,"menu_order":0,"comment_status":"closed","ping_status":"closed","template":"","meta":{"_bbp_topic_count":0,"_bbp_reply_count":0,"_bbp_total_topic_count":0,"_bbp_total_reply_count":0,"_bbp_voice_count":0,"_bbp_anonymous_reply_count":0,"_bbp_topic_count_hidden":0,"_bbp_reply_count_hidden":0,"_bbp_forum_subforum_count":0,"footnotes":""},"class_list":["post-1581","page","type-page","status-publish","hentry"],"post_mailing_queue_ids":[],"_links":{"self":[{"href":"https:\/\/agora.xtec.cat\/iesmila\/wp-json\/wp\/v2\/pages\/1581","targetHints":{"allow":["GET"]}}],"collection":[{"href":"https:\/\/agora.xtec.cat\/iesmila\/wp-json\/wp\/v2\/pages"}],"about":[{"href":"https:\/\/agora.xtec.cat\/iesmila\/wp-json\/wp\/v2\/types\/page"}],"author":[{"embeddable":true,"href":"https:\/\/agora.xtec.cat\/iesmila\/wp-json\/wp\/v2\/users\/1"}],"replies":[{"embeddable":true,"href":"https:\/\/agora.xtec.cat\/iesmila\/wp-json\/wp\/v2\/comments?post=1581"}],"version-history":[{"count":3,"href":"https:\/\/agora.xtec.cat\/iesmila\/wp-json\/wp\/v2\/pages\/1581\/revisions"}],"predecessor-version":[{"id":7631,"href":"https:\/\/agora.xtec.cat\/iesmila\/wp-json\/wp\/v2\/pages\/1581\/revisions\/7631"}],"wp:attachment":[{"href":"https:\/\/agora.xtec.cat\/iesmila\/wp-json\/wp\/v2\/media?parent=1581"}],"curies":[{"name":"wp","href":"https:\/\/api.w.org\/{rel}","templated":true}]}}