{"id":81,"date":"2014-09-18T10:38:05","date_gmt":"2014-09-18T10:38:05","guid":{"rendered":"http:\/\/agora.xtec.cat\/iesmigmon\/?page_id=81"},"modified":"2025-03-05T09:24:01","modified_gmt":"2025-03-05T08:24:01","slug":"secretaria","status":"publish","type":"page","link":"https:\/\/agora.xtec.cat\/iesmigmon\/secretaria\/","title":{"rendered":"Secretaria"},"content":{"rendered":"<h3><span style=\"text-decoration: underline;\">SERVEIS<\/span><\/h3>\n<h3>Matriculaci\u00f3 de l&#8217;alumnat.<\/h3>\n<ul>\n<li style=\"list-style-type: none;\">\n<ul>\n<li><a href=\"https:\/\/educacio.gencat.cat\/ca\/tramits\/tramits-temes\/admissio-centre-fora-proces-preinscripcio?moda=1\" target=\"_blank\" rel=\"noopener\" data-saferedirecturl=\"https:\/\/www.google.com\/url?q=https:\/\/educacio.gencat.cat\/ca\/tramits\/tramits-temes\/admissio-centre-fora-proces-preinscripcio?moda%3D1&amp;source=gmail&amp;ust=1696950516224000&amp;usg=AOvVaw12l9ct2_Xka4Qdbdp4uA_x\">Enlla\u00e7 sol\u00b7licitud\u00a0<span class=\"gmail_default\">admissi<\/span>\u00f3 ESO\u00a0du<span class=\"gmail_default\">rant el curs<\/span><\/a><\/li>\n<li><a href=\"https:\/\/educacio.gencat.cat\/ca\/tramits\/tramits-temes\/obligatoris?category=74447ed8-a82c-11e3-a972-000c29052e2c\">Enlla\u00e7 preinscripci\u00f3\/Matriculaci\u00f3 ESO<\/a><\/li>\n<li><a href=\"https:\/\/preinscripcio.gencat.cat\/ca\/estudis\/fp-grau-mitja\/inici\/\">Enlla\u00e7 preinscripci\u00f3\/matriculaci\u00f3 CF<\/a>\n<ul>\n<li><a href=\"https:\/\/agora.xtec.cat\/iesmigmon\/wp-content\/uploads\/usu2208\/2022\/05\/SOL\u00b7LICITUD-PREINSCRIPCIO-COL\u00b7LECTIU-SINGULAR.pdf\">Sol\u00b7licitud DUAL <\/a>(enviar a\u00a0<a style=\"font-family: Consolas, Monaco, monospace; font-size: 1em;\" href=\"mailto:iesmigmon@iesmigmon.org\" target=\"_blank\" rel=\"noopener\">iesmigmon@iesmigmon.org<\/a><span style=\"font-family: Consolas, Monaco, monospace; font-size: 1em;\">)<\/span><\/li>\n<\/ul>\n<\/li>\n<li><a href=\"https:\/\/preinscripcio.gencat.cat\/ca\/estudis\/batxillerat\/inici\/\">Enlla\u00e7 preinscripci\u00f3\/matriculaci\u00f3 BAT<\/a><\/li>\n<\/ul>\n<\/li>\n<\/ul>\n<h4>Beques.<\/h4>\n<ul>\n<li style=\"list-style-type: none;\">\n<ul>\n<li><a href=\"https:\/\/educacio.gencat.cat\/ca\/serveis-tramits\/beques\/beques-postobligatoris\/\">Beques de car\u00e0cter general per a ensenyaments postobligatoris (no universitaris).<\/a><\/li>\n<li><a href=\"https:\/\/educacio.gencat.cat\/ca\/tramits\/tramits-temes\/358-ajuts-ministerio-NEE\">Ajuts per a alumnes amb necessitat espec\u00edfica de suport educatiu<\/a>.<\/li>\n<\/ul>\n<\/li>\n<\/ul>\n<h3><\/h3>\n<h3><span style=\"text-decoration: underline;\">DESC\u00c0RREGA DE DOCUMENTS<\/span><\/h3>\n<ul>\n<li style=\"list-style-type: none;\">\n<ul>\n<li><a href=\"https:\/\/agora.xtec.cat\/iesmigmon\/wp-content\/uploads\/usu2208\/2021\/04\/Justificant-dabs\u00e8ncia.pdf\">Justificant d&#8217;abs\u00e8ncia<\/a><\/li>\n<li><a href=\"https:\/\/agora.xtec.cat\/iesmigmon\/wp-content\/uploads\/usu2208\/2021\/04\/Perm\u00eds-de-sortida.pdf\">Perm\u00eds de sortida<\/a><\/li>\n<li><a href=\"https:\/\/agora.xtec.cat\/iesmigmon\/wp-content\/uploads\/usu2208\/2021\/11\/instancia.pdf\">Inst\u00e0ncia<\/a><\/li>\n<li><a href=\"https:\/\/agora.xtec.cat\/iesmigmon\/wp-content\/uploads\/usu2208\/2024\/02\/Autoritzacio-recollida-titol.pdf\">Autoritzaci\u00f3 recollida t\u00edtol<\/a><\/li>\n<li><a href=\"https:\/\/agora.xtec.cat\/iesmigmon\/wp-content\/uploads\/usu2208\/2020\/10\/Autoritzaci\u00f3-horari-no-assist\u00e8ncia-convalidacions-formulari.pdf\">Autoritzaci\u00f3 horari no assist\u00e8ncia convalidacions<\/a><\/li>\n<li><a href=\"https:\/\/agora.xtec.cat\/iesmigmon\/wp-content\/uploads\/usu2208\/2024\/09\/sol_conv_CFPM.pdf\">Sol\u00b7licitud convalidaci\u00f3 CF<\/a><\/li>\n<li><a href=\"https:\/\/agora.xtec.cat\/iesmigmon\/wp-content\/uploads\/usu2208\/2020\/07\/Sol\u00b7licitud-de-convalidaci\u00f3-M\u00fasica.pdf\">Sol\u00b7licitud de convalidaci\u00f3 M\u00fasica<\/a><\/li>\n<li><a href=\"https:\/\/agora.xtec.cat\/iesmigmon\/wp-content\/uploads\/usu2208\/2020\/07\/Sol\u00b7licitud-de-convalidaci\u00f3-Educaci\u00f3-F\u00edsica.pdf\">Sol\u00b7licitud de convalidaci\u00f3 Educaci\u00f3 F\u00edsica<\/a><\/li>\n<li><a href=\"https:\/\/agora.xtec.cat\/iesmigmon\/wp-content\/uploads\/usu2208\/2020\/07\/Sol\u00b7licitud-reconeixement-nivell-B2-C1-Llengua-Catalana.pdf\">Sol\u00b7licitud reconeixement nivell B2-C1 Llengua Catalana<\/a><\/li>\n<li><a href=\"https:\/\/agora.xtec.cat\/iesmigmon\/wp-content\/uploads\/usu2208\/2020\/10\/sol\u00b7licitud-convalidaci\u00f3-mat\u00e8ries-BAT-estudis-m\u00fasica.pdf\">sol\u00b7licitud convalidaci\u00f3 mat\u00e8ries BAT (estudis m\u00fasica)<\/a><\/li>\n<li><a href=\"https:\/\/agora.xtec.cat\/iesmigmon\/wp-content\/uploads\/usu2208\/2021\/03\/autoritzacio_vaga_3-3-3021.pdf\">Impr\u00e8s autoritzaci\u00f3 vaga ESO<\/a><\/li>\n<\/ul>\n<\/li>\n<\/ul>\n","protected":false},"excerpt":{"rendered":"<p>SERVEIS<br \/>\nMatriculaci\u00f3 de l&#8217;alumnat.<\/p>\n<ul>\n<li style=\"list-style-type: none;\">\n<ul>\n<li><a href=\"https:\/\/educacio.gencat.cat\/ca\/tramits\/tramits-temes\/admissio-centre-fora-proces-preinscripcio?moda=1\" target=\"_blank\" rel=\"noopener\" data-saferedirecturl=\"https:\/\/www.google.com\/url?q=https:\/\/educacio.gencat.cat\/ca\/tramits\/tramits-temes\/admissio-centre-fora-proces-preinscripcio?moda%3D1&amp;source=gmail&amp;ust=1696950516224000&amp;usg=AOvVaw12l9ct2_Xka4Qdbdp4uA_x\">Enlla\u00e7 sol\u00b7licitud\u00a0admissi\u00f3 ESO\u00a0durant el curs<\/a><\/li>\n<li><a href=\"https:\/\/educacio.gencat.cat\/ca\/tramits\/tramits-temes\/obligatoris?category=74447ed8-a82c-11e3-a972-000c29052e2c\">Enlla\u00e7 preinscripci\u00f3\/Matriculaci\u00f3 ESO<\/a><\/li>\n<li><a href=\"https:\/\/preinscripcio.gencat.cat\/ca\/estudis\/fp-grau-mitja\/inici\/\">Enlla\u00e7 preinscripci\u00f3\/matriculaci\u00f3 CF<\/a>\n<ul>\n<li><a href=\"https:\/\/agora.xtec.cat\/iesmigmon\/wp-content\/uploads\/usu2208\/2022\/05\/SOL\u00b7LICITUD-PREINSCRIPCIO-COL\u00b7LECTIU-SINGULAR.pdf\">Sol\u00b7licitud DUAL <\/a>(enviar a\u00a0<a style=\"font-family: Consolas, Monaco, monospace; font-size: 1em;\" href=\"mailto:iesmigmon@iesmigmon.org\" target=\"_blank\" rel=\"noopener\">iesmigmon@iesmigmon.org<\/a>)<\/li>\n<\/ul>\n<\/li>\n<li><a href=\"https:\/\/preinscripcio.gencat.cat\/ca\/estudis\/batxillerat\/inici\/\">Enlla\u00e7 preinscripci\u00f3\/matriculaci\u00f3 BAT<\/a><\/li>\n<\/ul>\n<\/li>\n<\/ul>\n<p>Beques.<\/p>\n<ul>\n<li style=\"list-style-type: none;\">\n<ul>\n<li><a href=\"https:\/\/educacio.gencat.cat\/ca\/serveis-tramits\/beques\/beques-postobligatoris\/\">Beques de car\u00e0cter general per a ensenyaments postobligatoris&hellip;  <a href=\"https:\/\/agora.xtec.cat\/iesmigmon\/secretaria\/\" title=\"Read Secretaria\">Llegeix m\u00e9s\u00bb<\/a><br \/>\n","protected":false},"author":1,"featured_media":0,"parent":0,"menu_order":0,"comment_status":"closed","ping_status":"closed","template":"","meta":{"_bbp_topic_count":0,"_bbp_reply_count":0,"_bbp_total_topic_count":0,"_bbp_total_reply_count":0,"_bbp_voice_count":0,"_bbp_anonymous_reply_count":0,"_bbp_topic_count_hidden":0,"_bbp_reply_count_hidden":0,"_bbp_forum_subforum_count":0,"footnotes":""},"class_list":["post-81","page","type-page","status-publish","hentry"],"post_mailing_queue_ids":[],"_links":{"self":[{"href":"https:\/\/agora.xtec.cat\/iesmigmon\/wp-json\/wp\/v2\/pages\/81","targetHints":{"allow":["GET"]}}],"collection":[{"href":"https:\/\/agora.xtec.cat\/iesmigmon\/wp-json\/wp\/v2\/pages"}],"about":[{"href":"https:\/\/agora.xtec.cat\/iesmigmon\/wp-json\/wp\/v2\/types\/page"}],"author":[{"embeddable":true,"href":"https:\/\/agora.xtec.cat\/iesmigmon\/wp-json\/wp\/v2\/users\/1"}],"replies":[{"embeddable":true,"href":"https:\/\/agora.xtec.cat\/iesmigmon\/wp-json\/wp\/v2\/comments?post=81"}],"version-history":[{"count":8,"href":"https:\/\/agora.xtec.cat\/iesmigmon\/wp-json\/wp\/v2\/pages\/81\/revisions"}],"predecessor-version":[{"id":4849,"href":"https:\/\/agora.xtec.cat\/iesmigmon\/wp-json\/wp\/v2\/pages\/81\/revisions\/4849"}],"wp:attachment":[{"href":"https:\/\/agora.xtec.cat\/iesmigmon\/wp-json\/wp\/v2\/media?parent=81"}],"curies":[{"name":"wp","href":"https:\/\/api.w.org\/{rel}","templated":true}]}}