{"id":7,"date":"2014-09-12T10:14:31","date_gmt":"2014-09-12T10:14:31","guid":{"rendered":"http:\/\/agora.xtec.cat\/iesmigmon\/?page_id=7"},"modified":"2022-03-08T16:36:01","modified_gmt":"2022-03-08T15:36:01","slug":"preinscripcio","status":"publish","type":"page","link":"https:\/\/agora.xtec.cat\/iesmigmon\/preinscripcio\/","title":{"rendered":"Preinscripci\u00f3\/Matriculaci\u00f3 ESO Curs 2022-23"},"content":{"rendered":"<p style=\"text-align: justify;\"><strong>Per\u00edode: <\/strong>del 9 al 21 de mar\u00e7 de 2022<br \/>\n<strong>Sol\u00b7licitud:\u00a0 <\/strong><a href=\"https:\/\/preinscripcio.gencat.cat\/ca\/estudis\/eso\/inici\/\">Enlla\u00e7 preinscripci\u00f3\/Matriculaci\u00f3 ESO Curs 2022-23<\/a><\/p>\n<p style=\"text-align: justify;\"><strong>Informaci\u00f3 general:<\/strong><br \/>\n\uf0b7 Des del curs passat totes les sol\u00b7licituds s\u00f3n en format telem\u00e0tic, per tant, no hi ha la possibilitat de full de preinscripci\u00f3 en paper.<br \/>\n\uf0b7 No cal lliurar cap documentaci\u00f3 presencialment al centre educatiu que indiqueu en primera opci\u00f3.<br \/>\n\uf0b7 Hi ha dos tipus de sol\u00b7licitud:<br \/>\no Electr\u00f2nica: cal identificaci\u00f3 digital<br \/>\no Suport inform\u00e0tic: sense identificaci\u00f3 digital<\/p>\n<p style=\"text-align: justify;\"><strong>Qu\u00e8 em cal per omplir la sol\u00b7licitud?<\/strong><br \/>\nHi ha dues opcions:<\/p>\n<p style=\"text-align: justify;\"><span style=\"text-decoration: underline;\"><strong>1. SOL\u00b7LICITUD ELECTR\u00d2NICA:<\/strong><\/span> Mitjan\u00e7ant certificat digital, com DNI electr\u00f2nic, Cl@ve, idCat, etc. Si no es disposa de cap certificat, us en podeu generar un de forma f\u00e0cil, l\u2019idCat M\u00f2bil, us expliquem com:<\/p>\n<p style=\"text-align: justify;\">Cal complir els requisits seg\u00fcents:<br \/>\n\uf0b7 Ser major de 16 anys<br \/>\n\uf0b7 Disposar de DNI\/TIE<br \/>\n\uf0b7 Disposar d\u2019adre\u00e7a de correu electr\u00f2nic i un tel\u00e8fon m\u00f2bil a efectes d\u2019identificaci\u00f3 i contacte<br \/>\n\uf0b7 Disposar de TSI (Targeta sanit\u00e0ria individual) del CatSalut per la teva identificaci\u00f3<\/p>\n<p style=\"text-align: justify;\">Accediu a l\u2019adre\u00e7a <a href=\"https:\/\/idcatmobil.seu.cat\/\">https:\/\/idcatmobil.seu.cat\/<\/a> i trobareu les instruccions pas a pas de com fer-ho.<\/p>\n<p style=\"text-align: justify;\">Per utilitzar l\u2019idCAT M\u00f2bil nom\u00e9s cal introduir el n\u00famero de document d\u2019identitat i el n\u00famero de tel\u00e8fon m\u00f2bil en el web on calgui identificar-se electr\u00f2nicament per fer un tr\u00e0mit. Tot seguit es rep un missatge al tel\u00e8fon, que cont\u00e9 una clau d\u2019acc\u00e9s per introduir-la en el web. En aquest cas, al tr\u00e0mit de sol\u00b7licitud de preinscripci\u00f3.<\/p>\n<p style=\"text-align: justify;\">Una vegada identificats, caldr\u00e0 entrar el n\u00famero d\u2019identificaci\u00f3 de l\u2019alumne\/a a RALC que us proporcionar\u00e0 l\u2019escola on est\u00e0 matriculat per poder recuperar les seves dades personals i acad\u00e8miques, omplir les prefer\u00e8ncies i enviar la sol\u00b7licitud. En la majoria de casos no caldr\u00e0 fer res m\u00e9s ni adjuntar cap tipus de documentaci\u00f3, donat que s\u2019haur\u00e0 fet l\u2019intercanvi de validaci\u00f3 de les vostres dades amb totes les administracions implicades.<\/p>\n<p><span style=\"text-decoration: underline;\"><strong>2. SOL\u00b7LICITUD EN SUPORT INFORM\u00c0TIC:<\/strong> <\/span>Caldr\u00e0 identificar l\u2019alumne\/a amb el seu n\u00fam. d\u2019Identificaci\u00f3 d\u2019alumne i omplir el formulari, a l\u2019enviar-ho es far\u00e0 l\u2019intercanvi de dades amb les administracions implicades i adjuntar escanejada o fotografiada la documentaci\u00f3 d\u2019identificaci\u00f3 i filiaci\u00f3 (DNI, llibre de fam\u00edlia, etc.), juntament amb la que al\u00b7legueu a efectes de barems i que no s\u2019hagi pogut validar.<\/p>\n<p style=\"text-align: justify;\"><strong>Puc presentar dues sol\u00b7licituds a dos centres diferents per uns mateixos estudis?<\/strong><br \/>\nNo, en cap cas. S\u2019ha de presentar una sola sol\u00b7licitud i indicar-hi per ordre de prefer\u00e8ncia els diferents centres als que us interessa inscriure la vostra filla o fill.<\/p>\n<p style=\"text-align: justify;\"><strong>Si tinc dubtes omplint la sol\u00b7licitud on em puc adre\u00e7ar?<\/strong><br \/>\nPodeu posar-vos en contacte telef\u00f2nic amb el centre que escolliu inscriure el vostre fill o filla en primera opci\u00f3, en horari d\u2019oficina, i us ajudaran a complimentar el proc\u00e9s.<\/p>\n<p style=\"text-align: justify;\"><strong>Com puc saber els criteris pels barems i la seva puntuaci\u00f3?<\/strong><br \/>\nTrobareu tota la informaci\u00f3 sobre criteris, calendari i la resta d\u2019informaci\u00f3 respecte el proc\u00e9s de preinscripci\u00f3 a la p\u00e0gina web<a href=\"https:\/\/preinscripcio.gencat.cat\/ca\/inici\"> https:\/\/preinscripcio.gencat.cat\/ca\/inici<\/a><\/p>\n<p style=\"text-align: justify;\"><strong>INFORMACIONS I\/O RECOMANACIONS<\/strong>:<br \/>\n\uf0b7 Tenir fotografiada o escanejada la documentaci\u00f3 en el mateix dispositiu des d\u2019on es fa la sol\u00b7licitud.<br \/>\n\uf0b7 El codi de centre del nostre centre \u00e9s 08042044, el necessitareu per indicar a quin centre voleu preinscriure-us.<br \/>\n\uf0b7 Demaneu al vostre centre actual l\u2019IDALU (N\u00fam. d\u2019Identificaci\u00f3 de l\u2019alumne) a RALC per poder lligar la sol\u00b7licitud al seu expedient acad\u00e8mic i personal.<br \/>\n\uf0b7 Cenyiu-vos al calendari establert, lliurar la sol\u00b7licitud o la documentaci\u00f3 fora de termini us fa perdre tots els drets d\u2019adscripci\u00f3 amb el risc que aix\u00f2 comporta de quedar-se sense pla\u00e7a al centre.<\/p>\n","protected":false},"excerpt":{"rendered":"<p>Per\u00edode: del 9 al 21 de mar\u00e7 de 2022<br \/>\nSol\u00b7licitud:\u00a0 <a href=\"https:\/\/preinscripcio.gencat.cat\/ca\/estudis\/eso\/inici\/\">Enlla\u00e7 preinscripci\u00f3\/Matriculaci\u00f3 ESO Curs 2022-23<\/a><br \/>\nInformaci\u00f3 general:<br \/>\n\uf0b7 Des del curs passat totes les sol\u00b7licituds s\u00f3n en format telem\u00e0tic, per tant, no hi ha la possibilitat de full de preinscripci\u00f3 en paper.<br \/>\n\uf0b7 No cal lliurar cap documentaci\u00f3&hellip;  <a href=\"https:\/\/agora.xtec.cat\/iesmigmon\/preinscripcio\/\" title=\"Read Preinscripci\u00f3\/Matriculaci\u00f3 ESO Curs 2022-23\">Llegeix m\u00e9s\u00bb<\/a><\/p>\n","protected":false},"author":1,"featured_media":0,"parent":0,"menu_order":0,"comment_status":"closed","ping_status":"closed","template":"","meta":{"_bbp_topic_count":0,"_bbp_reply_count":0,"_bbp_total_topic_count":0,"_bbp_total_reply_count":0,"_bbp_voice_count":0,"_bbp_anonymous_reply_count":0,"_bbp_topic_count_hidden":0,"_bbp_reply_count_hidden":0,"_bbp_forum_subforum_count":0,"footnotes":""},"class_list":["post-7","page","type-page","status-publish","hentry"],"post_mailing_queue_ids":[],"_links":{"self":[{"href":"https:\/\/agora.xtec.cat\/iesmigmon\/wp-json\/wp\/v2\/pages\/7","targetHints":{"allow":["GET"]}}],"collection":[{"href":"https:\/\/agora.xtec.cat\/iesmigmon\/wp-json\/wp\/v2\/pages"}],"about":[{"href":"https:\/\/agora.xtec.cat\/iesmigmon\/wp-json\/wp\/v2\/types\/page"}],"author":[{"embeddable":true,"href":"https:\/\/agora.xtec.cat\/iesmigmon\/wp-json\/wp\/v2\/users\/1"}],"replies":[{"embeddable":true,"href":"https:\/\/agora.xtec.cat\/iesmigmon\/wp-json\/wp\/v2\/comments?post=7"}],"version-history":[{"count":4,"href":"https:\/\/agora.xtec.cat\/iesmigmon\/wp-json\/wp\/v2\/pages\/7\/revisions"}],"predecessor-version":[{"id":2260,"href":"https:\/\/agora.xtec.cat\/iesmigmon\/wp-json\/wp\/v2\/pages\/7\/revisions\/2260"}],"wp:attachment":[{"href":"https:\/\/agora.xtec.cat\/iesmigmon\/wp-json\/wp\/v2\/media?parent=7"}],"curies":[{"name":"wp","href":"https:\/\/api.w.org\/{rel}","templated":true}]}}