{"id":67,"date":"2014-09-18T10:14:18","date_gmt":"2014-09-18T09:14:18","guid":{"rendered":"http:\/\/agora.xtec.cat\/iesmigmon\/?page_id=67"},"modified":"2020-11-08T19:46:20","modified_gmt":"2020-11-08T18:46:20","slug":"acollida","status":"publish","type":"page","link":"https:\/\/agora.xtec.cat\/iesmigmon\/serveis\/acollida\/","title":{"rendered":"Acollida"},"content":{"rendered":"<p style=\"color: #444444;\">Des de l&#8217;aula d&#8217;acollida es fa atenci\u00f3 en petit grup o individualment a alumnes nouvinguts en els primers mesos d&#8217;estada al nostre pa\u00eds. L&#8217;objectiu principal \u00e9s el de facilitar el coneixement de la llengua per tal que el m\u00e9s aviat possible puguin seguir amb normalitat les mat\u00e8ries impartides\u00a0en el grup classe; per\u00f2 a banda d&#8217;aix\u00f2, es\u00a0pret\u00e9n que aquesta atenci\u00f3 pugui servir de pont entre els alumnes i el tutor i els professors per atendre les seves dificultats de relaci\u00f3 i integraci\u00f3 a l&#8217;institut i en general a tot el seu entorn.<\/p>\n","protected":false},"excerpt":{"rendered":"<p>Des de l&#8217;aula d&#8217;acollida es fa atenci\u00f3 en petit grup o individualment a alumnes nouvinguts en els primers mesos d&#8217;estada al nostre pa\u00eds. L&#8217;objectiu principal \u00e9s el de facilitar el coneixement de la llengua per tal que el m\u00e9s aviat possible puguin seguir amb normalitat&hellip;  <a href=\"https:\/\/agora.xtec.cat\/iesmigmon\/serveis\/acollida\/\" title=\"Read Acollida\">Llegeix m\u00e9s\u00bb<\/a><\/p>\n","protected":false},"author":1,"featured_media":0,"parent":63,"menu_order":20,"comment_status":"closed","ping_status":"closed","template":"page-templates\/side-menu.php","meta":{"_bbp_topic_count":0,"_bbp_reply_count":0,"_bbp_total_topic_count":0,"_bbp_total_reply_count":0,"_bbp_voice_count":0,"_bbp_anonymous_reply_count":0,"_bbp_topic_count_hidden":0,"_bbp_reply_count_hidden":0,"_bbp_forum_subforum_count":0,"footnotes":""},"class_list":["post-67","page","type-page","status-publish","hentry"],"post_mailing_queue_ids":[],"_links":{"self":[{"href":"https:\/\/agora.xtec.cat\/iesmigmon\/wp-json\/wp\/v2\/pages\/67","targetHints":{"allow":["GET"]}}],"collection":[{"href":"https:\/\/agora.xtec.cat\/iesmigmon\/wp-json\/wp\/v2\/pages"}],"about":[{"href":"https:\/\/agora.xtec.cat\/iesmigmon\/wp-json\/wp\/v2\/types\/page"}],"author":[{"embeddable":true,"href":"https:\/\/agora.xtec.cat\/iesmigmon\/wp-json\/wp\/v2\/users\/1"}],"replies":[{"embeddable":true,"href":"https:\/\/agora.xtec.cat\/iesmigmon\/wp-json\/wp\/v2\/comments?post=67"}],"version-history":[{"count":2,"href":"https:\/\/agora.xtec.cat\/iesmigmon\/wp-json\/wp\/v2\/pages\/67\/revisions"}],"predecessor-version":[{"id":858,"href":"https:\/\/agora.xtec.cat\/iesmigmon\/wp-json\/wp\/v2\/pages\/67\/revisions\/858"}],"up":[{"embeddable":true,"href":"https:\/\/agora.xtec.cat\/iesmigmon\/wp-json\/wp\/v2\/pages\/63"}],"wp:attachment":[{"href":"https:\/\/agora.xtec.cat\/iesmigmon\/wp-json\/wp\/v2\/media?parent=67"}],"curies":[{"name":"wp","href":"https:\/\/api.w.org\/{rel}","templated":true}]}}