{"id":4991,"date":"2025-05-26T13:04:46","date_gmt":"2025-05-26T11:04:46","guid":{"rendered":"https:\/\/agora.xtec.cat\/iesmigmon\/?page_id=4991"},"modified":"2026-01-14T10:19:20","modified_gmt":"2026-01-14T09:19:20","slug":"aquiproubullying","status":"publish","type":"page","link":"https:\/\/agora.xtec.cat\/iesmigmon\/aquiproubullying\/","title":{"rendered":"#aquiproubullying"},"content":{"rendered":"<p>&nbsp;<\/p>\n<table style=\"border-collapse: collapse; width: 100%;\">\n<tbody>\n<tr>\n<td style=\"width: 56.8811%;\">\n<p dir=\"ltr\">Us volem informar que aquest desembre ha comen\u00e7at l&#8217;actuaci\u00f3 dels\u00a0Equips per la Conviv\u00e8ncia.<\/p>\n<p dir=\"ltr\">Aquests equips estan formats per diferents grups d&#8217;alumnes de 4t d&#8217;ESO que vetllaran, juntament amb el professorat, pel benestar de l&#8217;alumnat al centre (faltes de respecte, assetjament&#8230;). Els equips esmentats, que han rebut formaci\u00f3 espec\u00edfica per poder portar a terme aquesta tasca, n&#8217;han informat personalment a la resta de companys i passaran a ser un referent per a ells.<\/p>\n<p dir=\"ltr\">Aquesta iniciativa forma part del projecte #aquiproubullying, del qual l&#8217;Institut Mig-M\u00f3n en forma part des de fa dos anys.<\/p>\n<p dir=\"ltr\">Considerem que totes les accions que es facin per millorar la conviv\u00e8ncia, a m\u00e9s de necess\u00e0ries, s\u00f3n una eina que ajuda a conscienciar a tothom de la import\u00e0ncia del respecte entre iguals.<\/p>\n<p dir=\"ltr\">Tot l\u2019alumnat de l\u2019Institut pot col\u00b7laborar, de manera an\u00f2nima, informant de qualsevol situaci\u00f3 de conflicte o vulnerabilitat a trav\u00e9s del formulari que es troba en el QR del punt de llibre que se\u2019ls ha facilitat. Tamb\u00e9 el podeu trobar a la seg\u00fcent imatge.<\/p>\n<p dir=\"ltr\"><a href=\"https:\/\/agora.xtec.cat\/iesmigmon\/wp-content\/uploads\/usu2208\/2026\/01\/contactans_page-0001-scaled.jpg\"><img loading=\"lazy\" decoding=\"async\" class=\"wp-image-5364 aligncenter\" src=\"https:\/\/agora.xtec.cat\/iesmigmon\/wp-content\/uploads\/usu2208\/2026\/01\/contactans_page-0001-724x1024.jpg\" alt=\"\" width=\"609\" height=\"861\" srcset=\"https:\/\/agora.xtec.cat\/iesmigmon\/wp-content\/uploads\/usu2208\/2026\/01\/contactans_page-0001-724x1024.jpg 724w, https:\/\/agora.xtec.cat\/iesmigmon\/wp-content\/uploads\/usu2208\/2026\/01\/contactans_page-0001-212x300.jpg 212w, https:\/\/agora.xtec.cat\/iesmigmon\/wp-content\/uploads\/usu2208\/2026\/01\/contactans_page-0001-768x1086.jpg 768w, https:\/\/agora.xtec.cat\/iesmigmon\/wp-content\/uploads\/usu2208\/2026\/01\/contactans_page-0001-1086x1536.jpg 1086w, https:\/\/agora.xtec.cat\/iesmigmon\/wp-content\/uploads\/usu2208\/2026\/01\/contactans_page-0001-1448x2048.jpg 1448w, https:\/\/agora.xtec.cat\/iesmigmon\/wp-content\/uploads\/usu2208\/2026\/01\/contactans_page-0001-scaled.jpg 1810w\" sizes=\"auto, (max-width: 609px) 100vw, 609px\" \/><\/a><\/p>\n<\/td>\n<td style=\"width: 20.1825%;\"><a href=\"https:\/\/agora.xtec.cat\/iesmigmon\/wp-content\/uploads\/usu2208\/2026\/01\/Equips-per-la-convivencia.-Punt-de-llibre._page-0001.jpg\">PUNTDELLIBRE<\/a><\/p>\n<p><a href=\"https:\/\/agora.xtec.cat\/iesmigmon\/wp-content\/uploads\/usu2208\/2026\/01\/Equips-per-la-convivencia.-Punt-de-llibre._page-0001.jpg\"><img loading=\"lazy\" decoding=\"async\" class=\"wp-image-5363 aligncenter\" src=\"https:\/\/agora.xtec.cat\/iesmigmon\/wp-content\/uploads\/usu2208\/2026\/01\/Equips-per-la-convivencia.-Punt-de-llibre._page-0001.jpg\" alt=\"\" width=\"368\" height=\"1104\" srcset=\"https:\/\/agora.xtec.cat\/iesmigmon\/wp-content\/uploads\/usu2208\/2026\/01\/Equips-per-la-convivencia.-Punt-de-llibre._page-0001.jpg 300w, https:\/\/agora.xtec.cat\/iesmigmon\/wp-content\/uploads\/usu2208\/2026\/01\/Equips-per-la-convivencia.-Punt-de-llibre._page-0001-100x300.jpg 100w\" sizes=\"auto, (max-width: 368px) 100vw, 368px\" \/><\/a><\/td>\n<td style=\"width: 22.9363%;\">&nbsp;<\/p>\n<p>&nbsp;<\/p>\n<p>&nbsp;<\/p>\n<p><a href=\"https:\/\/agora.xtec.cat\/iesmigmon\/wp-content\/uploads\/usu2208\/2026\/01\/Equips-per-la-convivencia.-Punt-de-llibre._page-0002.jpg\"><img loading=\"lazy\" decoding=\"async\" class=\"alignnone size-large wp-image-5369\" src=\"https:\/\/agora.xtec.cat\/iesmigmon\/wp-content\/uploads\/usu2208\/2026\/01\/Equips-per-la-convivencia.-Punt-de-llibre._page-0002.jpg\" alt=\"\" width=\"300\" height=\"900\" srcset=\"https:\/\/agora.xtec.cat\/iesmigmon\/wp-content\/uploads\/usu2208\/2026\/01\/Equips-per-la-convivencia.-Punt-de-llibre._page-0002.jpg 300w, https:\/\/agora.xtec.cat\/iesmigmon\/wp-content\/uploads\/usu2208\/2026\/01\/Equips-per-la-convivencia.-Punt-de-llibre._page-0002-100x300.jpg 100w\" sizes=\"auto, (max-width: 300px) 100vw, 300px\" \/><\/a><\/p>\n<p>&nbsp;<\/td>\n<\/tr>\n<\/tbody>\n<\/table>\n<p dir=\"ltr\">\n","protected":false},"excerpt":{"rendered":"<p>&nbsp;<\/p>\n<p>Us volem informar que aquest desembre ha comen\u00e7at l&#8217;actuaci\u00f3 dels\u00a0Equips per la Conviv\u00e8ncia.<br \/>\nAquests equips estan formats per diferents grups d&#8217;alumnes de 4t d&#8217;ESO que vetllaran, juntament amb el professorat, pel benestar de l&#8217;alumnat al centre (faltes de respecte, assetjament&#8230;). Els equips esmentats, que han rebut&hellip;  <a href=\"https:\/\/agora.xtec.cat\/iesmigmon\/aquiproubullying\/\" title=\"Read #aquiproubullying\">Llegeix m\u00e9s\u00bb<\/a><\/p>\n","protected":false},"author":1,"featured_media":0,"parent":0,"menu_order":0,"comment_status":"closed","ping_status":"closed","template":"","meta":{"_bbp_topic_count":0,"_bbp_reply_count":0,"_bbp_total_topic_count":0,"_bbp_total_reply_count":0,"_bbp_voice_count":0,"_bbp_anonymous_reply_count":0,"_bbp_topic_count_hidden":0,"_bbp_reply_count_hidden":0,"_bbp_forum_subforum_count":0,"footnotes":""},"class_list":["post-4991","page","type-page","status-publish","hentry"],"post_mailing_queue_ids":[],"_links":{"self":[{"href":"https:\/\/agora.xtec.cat\/iesmigmon\/wp-json\/wp\/v2\/pages\/4991","targetHints":{"allow":["GET"]}}],"collection":[{"href":"https:\/\/agora.xtec.cat\/iesmigmon\/wp-json\/wp\/v2\/pages"}],"about":[{"href":"https:\/\/agora.xtec.cat\/iesmigmon\/wp-json\/wp\/v2\/types\/page"}],"author":[{"embeddable":true,"href":"https:\/\/agora.xtec.cat\/iesmigmon\/wp-json\/wp\/v2\/users\/1"}],"replies":[{"embeddable":true,"href":"https:\/\/agora.xtec.cat\/iesmigmon\/wp-json\/wp\/v2\/comments?post=4991"}],"version-history":[{"count":6,"href":"https:\/\/agora.xtec.cat\/iesmigmon\/wp-json\/wp\/v2\/pages\/4991\/revisions"}],"predecessor-version":[{"id":5362,"href":"https:\/\/agora.xtec.cat\/iesmigmon\/wp-json\/wp\/v2\/pages\/4991\/revisions\/5362"}],"wp:attachment":[{"href":"https:\/\/agora.xtec.cat\/iesmigmon\/wp-json\/wp\/v2\/media?parent=4991"}],"curies":[{"name":"wp","href":"https:\/\/api.w.org\/{rel}","templated":true}]}}