{"id":835,"date":"2017-02-07T14:32:35","date_gmt":"2017-02-07T13:32:35","guid":{"rendered":"http:\/\/agora.xtec.cat\/iesmed\/?page_id=835"},"modified":"2022-04-11T13:50:03","modified_gmt":"2022-04-11T11:50:03","slug":"10e-aniversari","status":"publish","type":"page","link":"https:\/\/agora.xtec.cat\/iesmed\/linstitut\/historia\/10e-aniversari\/","title":{"rendered":"10\u00e8 Aniversari"},"content":{"rendered":"<p><a href=\"http:\/\/agora.xtec.cat\/iesmed\/wp-content\/uploads\/usu815\/2016\/05\/Med-logo-color-baix-10\u00e8-v.png\"><img loading=\"lazy\" decoding=\"async\" class=\"wp-image-356 alignleft\" src=\"http:\/\/agora.xtec.cat\/iesmed\/wp-content\/uploads\/usu815\/2016\/05\/Med-logo-color-baix-10\u00e8-v-733x1024.png\" alt=\"Med logo color baix 10\u00e8 v\" width=\"114\" height=\"160\" srcset=\"https:\/\/agora.xtec.cat\/iesmed\/wp-content\/uploads\/usu815\/2016\/05\/Med-logo-color-baix-10\u00e8-v-733x1024.png 733w, https:\/\/agora.xtec.cat\/iesmed\/wp-content\/uploads\/usu815\/2016\/05\/Med-logo-color-baix-10\u00e8-v-215x300.png 215w, https:\/\/agora.xtec.cat\/iesmed\/wp-content\/uploads\/usu815\/2016\/05\/Med-logo-color-baix-10\u00e8-v.png 1860w\" sizes=\"auto, (max-width: 114px) 100vw, 114px\" \/><\/a><\/p>\n<p>&nbsp;<\/p>\n<p>Us mostrem el v\u00eddeo commemoratiu del 10\u00e8 aniversari de l&#8217;institut, el v\u00eddeo del Lip Dub, el making-of d&#8217;aquest i l&#8217;enlla\u00e7 al reportatge de rtvelvendrell.<\/p>\n<p>&nbsp;<\/p>\n<p><iframe loading=\"lazy\" title=\"10 anys INS Mediterr\u00e0nia\" width=\"500\" height=\"281\" src=\"https:\/\/www.youtube.com\/embed\/NOmlpKBaF4w?feature=oembed\" frameborder=\"0\" allow=\"accelerometer; autoplay; clipboard-write; encrypted-media; gyroscope; picture-in-picture; web-share\" referrerpolicy=\"strict-origin-when-cross-origin\" allowfullscreen><\/iframe><\/p>\n<p><iframe loading=\"lazy\" title=\"LIPDUB  10\u00e8 ANIVERSARI INS MEDITERR\u00c0NIA\" width=\"500\" height=\"281\" src=\"https:\/\/www.youtube.com\/embed\/qZuKFk14548?feature=oembed\" frameborder=\"0\" allow=\"accelerometer; autoplay; clipboard-write; encrypted-media; gyroscope; picture-in-picture; web-share\" referrerpolicy=\"strict-origin-when-cross-origin\" allowfullscreen><\/iframe><\/p>\n<p><iframe loading=\"lazy\" title=\"Making-of Lipdub 10\u00e8 Aniversari INS Mediterr\u00e0nia\" width=\"500\" height=\"281\" src=\"https:\/\/www.youtube.com\/embed\/wLKYLba3Uvk?feature=oembed\" frameborder=\"0\" allow=\"accelerometer; autoplay; clipboard-write; encrypted-media; gyroscope; picture-in-picture; web-share\" referrerpolicy=\"strict-origin-when-cross-origin\" allowfullscreen><\/iframe><\/p>\n<p>&nbsp;<\/p>\n<p>&nbsp;<\/p>\n","protected":false},"excerpt":{"rendered":"<p><a href=\"http:\/\/agora.xtec.cat\/iesmed\/wp-content\/uploads\/usu815\/2016\/05\/Med-logo-color-baix-10\u00e8-v.png\"><\/a><br \/>\n&nbsp;<br \/>\nUs mostrem el v\u00eddeo commemoratiu del 10\u00e8 aniversari de l&#8217;institut, el v\u00eddeo del Lip Dub, el making-of d&#8217;aquest i l&#8217;enlla\u00e7 al reportatge de rtvelvendrell.<br \/>\n&nbsp;<\/p>\n<p>&nbsp;<br \/>\n&nbsp;<\/p>\n","protected":false},"author":1,"featured_media":0,"parent":27,"menu_order":0,"comment_status":"closed","ping_status":"closed","template":"page-templates\/side-menu.php","meta":{"_bbp_topic_count":0,"_bbp_reply_count":0,"_bbp_total_topic_count":0,"_bbp_total_reply_count":0,"_bbp_voice_count":0,"_bbp_anonymous_reply_count":0,"_bbp_topic_count_hidden":0,"_bbp_reply_count_hidden":0,"_bbp_forum_subforum_count":0,"footnotes":""},"class_list":["post-835","page","type-page","status-publish","hentry"],"post_mailing_queue_ids":[],"_links":{"self":[{"href":"https:\/\/agora.xtec.cat\/iesmed\/wp-json\/wp\/v2\/pages\/835","targetHints":{"allow":["GET"]}}],"collection":[{"href":"https:\/\/agora.xtec.cat\/iesmed\/wp-json\/wp\/v2\/pages"}],"about":[{"href":"https:\/\/agora.xtec.cat\/iesmed\/wp-json\/wp\/v2\/types\/page"}],"author":[{"embeddable":true,"href":"https:\/\/agora.xtec.cat\/iesmed\/wp-json\/wp\/v2\/users\/1"}],"replies":[{"embeddable":true,"href":"https:\/\/agora.xtec.cat\/iesmed\/wp-json\/wp\/v2\/comments?post=835"}],"version-history":[{"count":3,"href":"https:\/\/agora.xtec.cat\/iesmed\/wp-json\/wp\/v2\/pages\/835\/revisions"}],"predecessor-version":[{"id":4745,"href":"https:\/\/agora.xtec.cat\/iesmed\/wp-json\/wp\/v2\/pages\/835\/revisions\/4745"}],"up":[{"embeddable":true,"href":"https:\/\/agora.xtec.cat\/iesmed\/wp-json\/wp\/v2\/pages\/27"}],"wp:attachment":[{"href":"https:\/\/agora.xtec.cat\/iesmed\/wp-json\/wp\/v2\/media?parent=835"}],"curies":[{"name":"wp","href":"https:\/\/api.w.org\/{rel}","templated":true}]}}