{"id":6582,"date":"2024-07-02T12:41:38","date_gmt":"2024-07-02T10:41:38","guid":{"rendered":"https:\/\/agora.xtec.cat\/iesmed\/?page_id=6582"},"modified":"2026-01-21T16:51:25","modified_gmt":"2026-01-21T15:51:25","slug":"deures-destiu","status":"publish","type":"page","link":"https:\/\/agora.xtec.cat\/iesmed\/deures-destiu\/","title":{"rendered":"Deures d&#8217;estiu"},"content":{"rendered":"<h1><span style=\"color: #3366ff;\">DEURES D&#8217;ESTIU 2025\u00a0<\/span><\/h1>\n<p>El curs ha acabat i comencen les vacances d&#8217;estiu. Tindreu temps per gaudir, per\u00f2 tamb\u00e9 per consolidar tot el que heu apr\u00e8s al llarg del curs. Tot seguit us proposem un seguit d&#8217;activitats. Bon estiu!!<\/p>\n<p>RECORDEU QUE SI ENTREGUEU AQUESTES ACTIVITATS PODREU OBTENIR UN M\u00c0XIM DE 0.5 PUNTS EN LA NOTA DEL 1r TRIMESTRE DEL CURS VINENT<\/p>\n<p><a href=\"https:\/\/drive.google.com\/file\/d\/1dN7BFL99i8d1ylaZphYtAQUdfD6TWoIZ\/view?usp=drive_link\">Deures d&#8217;estiu 1r ESO<\/a><\/p>\n<p><a href=\"https:\/\/drive.google.com\/file\/d\/1tR-4NCPMzsRqU6zLITvsDwuad63ttZ9D\/view?usp=drive_link\">Deures d&#8217;estiu 2n ESO<\/a><\/p>\n<p><a href=\"https:\/\/drive.google.com\/file\/d\/1OceCcb0FW412bZxZYaOTtvyfaIKg0zAf\/view?usp=drive_link\">Deures d&#8217;estiu 3r ESO<\/a><\/p>\n<p><a href=\"https:\/\/drive.google.com\/file\/d\/1hKPRIEAyhKAzSWyejgc6bnAptOttIRoO\/view?usp=drive_link\">Deures d&#8217;estiu 4t ESO<\/a><\/p>\n","protected":false},"excerpt":{"rendered":"<p>DEURES D&#8217;ESTIU 2025\u00a0<br \/>\nEl curs ha acabat i comencen les vacances d&#8217;estiu. Tindreu temps per gaudir, per\u00f2 tamb\u00e9 per consolidar tot el que heu apr\u00e8s al llarg del curs. Tot seguit us proposem un seguit d&#8217;activitats. Bon estiu!!<br \/>\nRECORDEU QUE SI ENTREGUEU AQUESTES ACTIVITATS PODREU OBTENIR UN&hellip;  <a href=\"https:\/\/agora.xtec.cat\/iesmed\/deures-destiu\/\" title=\"Read Deures d&#8217;estiu\">Llegeix m\u00e9s\u00bb<\/a><\/p>\n","protected":false},"author":1,"featured_media":0,"parent":0,"menu_order":0,"comment_status":"closed","ping_status":"closed","template":"","meta":{"_bbp_topic_count":0,"_bbp_reply_count":0,"_bbp_total_topic_count":0,"_bbp_total_reply_count":0,"_bbp_voice_count":0,"_bbp_anonymous_reply_count":0,"_bbp_topic_count_hidden":0,"_bbp_reply_count_hidden":0,"_bbp_forum_subforum_count":0,"footnotes":""},"class_list":["post-6582","page","type-page","status-publish","hentry"],"post_mailing_queue_ids":[],"_links":{"self":[{"href":"https:\/\/agora.xtec.cat\/iesmed\/wp-json\/wp\/v2\/pages\/6582","targetHints":{"allow":["GET"]}}],"collection":[{"href":"https:\/\/agora.xtec.cat\/iesmed\/wp-json\/wp\/v2\/pages"}],"about":[{"href":"https:\/\/agora.xtec.cat\/iesmed\/wp-json\/wp\/v2\/types\/page"}],"author":[{"embeddable":true,"href":"https:\/\/agora.xtec.cat\/iesmed\/wp-json\/wp\/v2\/users\/1"}],"replies":[{"embeddable":true,"href":"https:\/\/agora.xtec.cat\/iesmed\/wp-json\/wp\/v2\/comments?post=6582"}],"version-history":[{"count":3,"href":"https:\/\/agora.xtec.cat\/iesmed\/wp-json\/wp\/v2\/pages\/6582\/revisions"}],"predecessor-version":[{"id":7653,"href":"https:\/\/agora.xtec.cat\/iesmed\/wp-json\/wp\/v2\/pages\/6582\/revisions\/7653"}],"wp:attachment":[{"href":"https:\/\/agora.xtec.cat\/iesmed\/wp-json\/wp\/v2\/media?parent=6582"}],"curies":[{"name":"wp","href":"https:\/\/api.w.org\/{rel}","templated":true}]}}