{"id":63,"date":"2014-09-18T10:06:31","date_gmt":"2014-09-18T10:06:31","guid":{"rendered":"http:\/\/agora.xtec.cat\/iesmed\/?page_id=63"},"modified":"2017-04-07T12:16:50","modified_gmt":"2017-04-07T10:16:50","slug":"serveis","status":"publish","type":"page","link":"https:\/\/agora.xtec.cat\/iesmed\/serveis\/","title":{"rendered":"Serveis"},"content":{"rendered":"<p lang=\"ca-ES\" align=\"JUSTIFY\"><span style=\"color: #000000;\"><span style=\"font-family: Arial, sans-serif;\"><span style=\"font-size: medium;\"><span style=\"color: #000000;\">Paral\u00b7lelament a la tasca formativa, des del centre s&#8217;ofereix tot una s\u00e8rie de <\/span><span style=\"color: #000000;\"><b>serveis<\/b><\/span><span style=\"color: #000000;\"> per tal de complementar les necessitats de l\u2019alumnat: <\/span><\/span><\/span><\/span><\/p>\n<p lang=\"ca-ES\" align=\"JUSTIFY\"><span style=\"color: #000000;\"><span style=\"font-family: Arial, sans-serif;\"><span style=\"font-size: medium;\"><span style=\"color: #000000;\"><b>Servei de bar cantina: <\/b><\/span><span style=\"color: #000000;\">gestionat per una empresa externa <\/span><\/span><\/span><\/span><\/p>\n<p lang=\"ca-ES\" align=\"JUSTIFY\"><span style=\"color: #000000;\"><span style=\"font-family: Arial, sans-serif;\"><span style=\"font-size: medium;\"><span style=\"color: #000000;\"><b>Servei de transport:<\/b><\/span><span style=\"color: #000000;\"> gestionat per l&#8217;Ajuntament del Vendrell, amb tres l\u00ednies d&#8217;autobusos, atesa la situaci\u00f3 geogr\u00e0fica del centre. <\/span><\/span><\/span><\/span><\/p>\n<p lang=\"ca-ES\" align=\"JUSTIFY\"><span style=\"color: #000000;\"><span style=\"font-family: Arial, sans-serif;\"><span style=\"font-size: medium;\"><span style=\"color: #000000;\"><b>Taquilles<\/b><\/span><span style=\"color: #000000;\">: gestionat per l&#8217;AMPA, destinat als alumnes de Batxillerat. <\/span><\/span><\/span><\/span><\/p>\n<p lang=\"ca-ES\" align=\"JUSTIFY\"><span style=\"color: #000000;\"><span style=\"font-family: Arial, sans-serif;\"><span style=\"font-size: medium;\"><span style=\"color: #000000;\"><b>Servei de Biblioteca<\/b><\/span><span style=\"color: #000000;\">: amb un fons bibliogr\u00e0fic a disposici\u00f3 de l\u2019alumnat per a consulta i servei de pr\u00e9stec amb ordinadors amb connexi\u00f3 a Internet.<\/span><\/span><\/span><\/span><\/p>\n<p lang=\"ca-ES\" align=\"JUSTIFY\"><span style=\"color: #000000;\"><span style=\"font-family: Arial, sans-serif;\"><span style=\"font-size: medium;\"><span style=\"color: #000000;\"><b>Servei d\u2019activitats complement\u00e0ries<\/b><\/span><i><b> <\/b><\/i><span style=\"color: #000000;\">organitzades per l\u2019AMPA: refor\u00e7 d&#8217;angl\u00e8s adre\u00e7at a l&#8217;alumnat de Batxillerat<\/span><\/span><\/span><\/span><\/p>\n<p lang=\"ca-ES\" align=\"JUSTIFY\"><span style=\"color: #000000;\"><span style=\"font-family: Arial, sans-serif;\"><span style=\"font-size: medium;\"><span style=\"color: #000000;\"><b>Reutilitzaci\u00f3 de llibres<\/b><\/span><span style=\"color: #000000;\"> Eco Book (Iddink). <\/span><\/span><\/span><\/span><\/p>\n<p lang=\"ca-ES\" align=\"JUSTIFY\"><span style=\"color: #000000;\"><span style=\"font-family: Arial, sans-serif;\"><span style=\"font-size: medium;\"><span style=\"color: #000000;\"><b>El Programa Salut i Escola <\/b><\/span><span style=\"color: #000000;\"><b>(PsiE) <\/b><\/span><span style=\"color: #000000;\">que impulsen conjuntament el Departament de Salut<\/span><b> <\/b><span style=\"color: #000000;\">i<\/span><b> <\/b><span style=\"color: #000000;\">el d\u2019Ensenyament, t\u00e9 per objectius millorar la salut dels adolescents mitjan\u00e7ant la realitzaci\u00f3 d\u2019accions d\u2019educaci\u00f3 i promoci\u00f3 de la salut.<\/span><\/span><\/span><\/span><\/p>\n","protected":false},"excerpt":{"rendered":"<p>Paral\u00b7lelament a la tasca formativa, des del centre s&#8217;ofereix tot una s\u00e8rie de serveis per tal de complementar les necessitats de l\u2019alumnat:<br \/>\nServei de bar cantina: gestionat per una empresa externa<br \/>\nServei de transport: gestionat per l&#8217;Ajuntament del Vendrell, amb tres l\u00ednies d&#8217;autobusos, atesa la&hellip;  <a href=\"https:\/\/agora.xtec.cat\/iesmed\/serveis\/\" title=\"Read Serveis\">Llegeix m\u00e9s\u00bb<\/a><\/p>\n","protected":false},"author":1,"featured_media":0,"parent":0,"menu_order":0,"comment_status":"closed","ping_status":"closed","template":"page-templates\/side-menu.php","meta":{"_bbp_topic_count":0,"_bbp_reply_count":0,"_bbp_total_topic_count":0,"_bbp_total_reply_count":0,"_bbp_voice_count":0,"_bbp_anonymous_reply_count":0,"_bbp_topic_count_hidden":0,"_bbp_reply_count_hidden":0,"_bbp_forum_subforum_count":0,"footnotes":""},"class_list":["post-63","page","type-page","status-publish","hentry"],"post_mailing_queue_ids":[],"_links":{"self":[{"href":"https:\/\/agora.xtec.cat\/iesmed\/wp-json\/wp\/v2\/pages\/63","targetHints":{"allow":["GET"]}}],"collection":[{"href":"https:\/\/agora.xtec.cat\/iesmed\/wp-json\/wp\/v2\/pages"}],"about":[{"href":"https:\/\/agora.xtec.cat\/iesmed\/wp-json\/wp\/v2\/types\/page"}],"author":[{"embeddable":true,"href":"https:\/\/agora.xtec.cat\/iesmed\/wp-json\/wp\/v2\/users\/1"}],"replies":[{"embeddable":true,"href":"https:\/\/agora.xtec.cat\/iesmed\/wp-json\/wp\/v2\/comments?post=63"}],"version-history":[{"count":3,"href":"https:\/\/agora.xtec.cat\/iesmed\/wp-json\/wp\/v2\/pages\/63\/revisions"}],"predecessor-version":[{"id":1382,"href":"https:\/\/agora.xtec.cat\/iesmed\/wp-json\/wp\/v2\/pages\/63\/revisions\/1382"}],"wp:attachment":[{"href":"https:\/\/agora.xtec.cat\/iesmed\/wp-json\/wp\/v2\/media?parent=63"}],"curies":[{"name":"wp","href":"https:\/\/api.w.org\/{rel}","templated":true}]}}