{"id":4624,"date":"2022-03-29T14:06:37","date_gmt":"2022-03-29T12:06:37","guid":{"rendered":"https:\/\/agora.xtec.cat\/iesmed\/?page_id=4624"},"modified":"2022-05-30T20:34:03","modified_gmt":"2022-05-30T18:34:03","slug":"estrategia-digital-de-centre","status":"publish","type":"page","link":"https:\/\/agora.xtec.cat\/iesmed\/estrategia-digital-de-centre\/","title":{"rendered":"Estrat\u00e8gia Digital de Centre"},"content":{"rendered":"<p><img loading=\"lazy\" decoding=\"async\" class=\"aligncenter size-large wp-image-4890\" src=\"https:\/\/agora.xtec.cat\/iesmed\/wp-content\/uploads\/usu815\/2022\/05\/edc-1024x122.png\" alt=\"\" width=\"1024\" height=\"122\" srcset=\"https:\/\/agora.xtec.cat\/iesmed\/wp-content\/uploads\/usu815\/2022\/05\/edc-1024x122.png 1024w, https:\/\/agora.xtec.cat\/iesmed\/wp-content\/uploads\/usu815\/2022\/05\/edc-300x36.png 300w, https:\/\/agora.xtec.cat\/iesmed\/wp-content\/uploads\/usu815\/2022\/05\/edc-768x91.png 768w, https:\/\/agora.xtec.cat\/iesmed\/wp-content\/uploads\/usu815\/2022\/05\/edc.png 1472w\" sizes=\"auto, (max-width: 1024px) 100vw, 1024px\" \/><\/p>\n<p style=\"text-align: justify;\">L\u2019Estrat\u00e8gia Digital de Centre (EDC) \u00e9s un document que recull totes les accions que es realitzen al centre, i les que es realitzaran a mitj\u00e0 termini, per aconseguir la m\u00e0xima compet\u00e8ncia digital de l\u2019alumnat, del professorat i del centre educatiu. T\u00e9 com a referent el <strong><a href=\"https:\/\/educacio.gencat.cat\/ca\/departament\/linies-estrategiques\/pla-educacio-digital\/\">Pla d\u2019educaci\u00f3 digital de Catalunya<\/a><\/strong> (PEDC), on s\u2019indica la necessitat d\u2019assolir la fita d\u2019una societat digitalment competent, fent \u00e8mfasi en l\u2019equitat i tenint en compte l\u2019evoluci\u00f3 del context social i tecnol\u00f2gic.<\/p>\n<p style=\"text-align: justify;\">En el PEC del centre es detallen les dades de contextualitzaci\u00f3 general del centre. Pel que fa als aspectes sobre tecnologia digital, cal tenir en compte que el centre fa anys que ha fet una clara aposta per la digitalitzaci\u00f3 del centre. Aix\u00ed, tot l\u2019alumnat i professorat disposa d\u2019un usuari de centre que els permet tenir serveis com s\u00f3n el correu electr\u00f2nic o l\u2019emmagatzematge al n\u00favol. Amb aquests usuaris es realitza tota la comunicaci\u00f3 del centre.<\/p>\n<p>Seguint les indicacions del document definici\u00f3 de l&#8217;EDC, s&#8217;ha estructurat aquesta part en 4 fases: Diagnosi, Objectius, Planificaci\u00f3 i Seguiment, i Avaluaci\u00f3 i millora.<\/p>\n<p><img loading=\"lazy\" decoding=\"async\" class=\"aligncenter  wp-image-4901\" src=\"https:\/\/agora.xtec.cat\/iesmed\/wp-content\/uploads\/usu815\/2022\/05\/Fases_Estrategia-Digital-1024x575.png\" alt=\"\" width=\"658\" height=\"370\" srcset=\"https:\/\/agora.xtec.cat\/iesmed\/wp-content\/uploads\/usu815\/2022\/05\/Fases_Estrategia-Digital-1024x575.png 1024w, https:\/\/agora.xtec.cat\/iesmed\/wp-content\/uploads\/usu815\/2022\/05\/Fases_Estrategia-Digital-300x169.png 300w, https:\/\/agora.xtec.cat\/iesmed\/wp-content\/uploads\/usu815\/2022\/05\/Fases_Estrategia-Digital-768x431.png 768w, https:\/\/agora.xtec.cat\/iesmed\/wp-content\/uploads\/usu815\/2022\/05\/Fases_Estrategia-Digital.png 1125w\" sizes=\"auto, (max-width: 658px) 100vw, 658px\" \/><\/p>\n<p>&nbsp;<\/p>\n<p style=\"text-align: justify;\">A l\u2019institut Mediterr\u00e0nia, s&#8217;ha creat una Comissi\u00f3 d\u2019Estrat\u00e8gia Digital de Centre (CEDC) que est\u00e0 formada per membres de l\u2019Equip Directiu, el Coordinador digital i la Coordinadora de projectes globalitzats.<\/p>\n<p style=\"text-align: justify;\">Aquest curs, estem treballant en les primeres fases de la nostra EDC, a partir de la diagnosi realitzada, acompanyats de la figura del mentor digital i s&#8217;ha dut a terme una formaci\u00f3 interna adre\u00e7ada a tots els docents per assolir la compet\u00e8ncia digital docent (FIC).<\/p>\n<p>En aquests moments la Comissi\u00f3 d&#8217;EDC est\u00e0 treballant setmanalment per definir l&#8217;EDC a partir de la 1a fase<strong> Diagnosi, <\/strong>completada a partir de l&#8217;eina SELFIE i s&#8217;han concretat a la 2a fase els <strong>Objectius<\/strong> a assolir:<\/p>\n<ul>\n<li>Assegurar que els nostres alumnes siguin digitalment competents en acabar l&#8217;ensenyament obligatori.<\/li>\n<li>Augmentar el nombre de professorat que tingui la compet\u00e8ncia digital docent entesa com una compet\u00e8ncia clau del segle XXI.<\/li>\n<li>Orientar la millora cont\u00ednua de la intervenci\u00f3 i contribuir a assegurar-ne l&#8217;\u00e8xit.<\/li>\n<\/ul>\n<p>Podeu accedir a tota la informaci\u00f3 sobre la nostra Estrat\u00e8gia Digital de Centre mitjan\u00e7ant el men\u00fa de navegaci\u00f3 de l\u2019esquerra.<\/p>\n","protected":false},"excerpt":{"rendered":"<p>L\u2019Estrat\u00e8gia Digital de Centre (EDC) \u00e9s un document que recull totes les accions que es realitzen al centre, i les que es realitzaran a mitj\u00e0 termini, per aconseguir la m\u00e0xima compet\u00e8ncia digital de l\u2019alumnat, del professorat i del centre educatiu. T\u00e9 com a referent el&hellip;  <a href=\"https:\/\/agora.xtec.cat\/iesmed\/estrategia-digital-de-centre\/\" title=\"Read Estrat\u00e8gia Digital de Centre\">Llegeix m\u00e9s\u00bb<\/a><\/p>\n","protected":false},"author":1,"featured_media":0,"parent":0,"menu_order":0,"comment_status":"closed","ping_status":"closed","template":"page-templates\/side-menu.php","meta":{"_bbp_topic_count":0,"_bbp_reply_count":0,"_bbp_total_topic_count":0,"_bbp_total_reply_count":0,"_bbp_voice_count":0,"_bbp_anonymous_reply_count":0,"_bbp_topic_count_hidden":0,"_bbp_reply_count_hidden":0,"_bbp_forum_subforum_count":0,"footnotes":""},"class_list":["post-4624","page","type-page","status-publish","hentry"],"post_mailing_queue_ids":[],"_links":{"self":[{"href":"https:\/\/agora.xtec.cat\/iesmed\/wp-json\/wp\/v2\/pages\/4624","targetHints":{"allow":["GET"]}}],"collection":[{"href":"https:\/\/agora.xtec.cat\/iesmed\/wp-json\/wp\/v2\/pages"}],"about":[{"href":"https:\/\/agora.xtec.cat\/iesmed\/wp-json\/wp\/v2\/types\/page"}],"author":[{"embeddable":true,"href":"https:\/\/agora.xtec.cat\/iesmed\/wp-json\/wp\/v2\/users\/1"}],"replies":[{"embeddable":true,"href":"https:\/\/agora.xtec.cat\/iesmed\/wp-json\/wp\/v2\/comments?post=4624"}],"version-history":[{"count":4,"href":"https:\/\/agora.xtec.cat\/iesmed\/wp-json\/wp\/v2\/pages\/4624\/revisions"}],"predecessor-version":[{"id":4902,"href":"https:\/\/agora.xtec.cat\/iesmed\/wp-json\/wp\/v2\/pages\/4624\/revisions\/4902"}],"wp:attachment":[{"href":"https:\/\/agora.xtec.cat\/iesmed\/wp-json\/wp\/v2\/media?parent=4624"}],"curies":[{"name":"wp","href":"https:\/\/api.w.org\/{rel}","templated":true}]}}