{"id":27,"date":"2014-09-17T16:24:03","date_gmt":"2014-09-17T16:24:03","guid":{"rendered":"http:\/\/agora.xtec.cat\/iesmed\/?page_id=27"},"modified":"2022-04-11T13:49:15","modified_gmt":"2022-04-11T11:49:15","slug":"historia","status":"publish","type":"page","link":"https:\/\/agora.xtec.cat\/iesmed\/linstitut\/historia\/","title":{"rendered":"Hist\u00f2ria"},"content":{"rendered":"<p>L\u2019Institut Mediterr\u00e0nia \u00e9s un dels tres centres educatius p\u00fablics del municipi del Vendrell, la titularitat del qual correspon al Departament d\u2019Ensenyament de la Generalitat de Catalunya. Est\u00e0 ubicat al c\/ Ramon Casas Carb\u00f3, n\u00fam. 19. de la urbanitzaci\u00f3 Oasi, a la poblaci\u00f3 del Vendrell.<\/p>\n<p>Els seus or\u00edgens es remunten al curs 2006-2007, quan neix com una necessitat provocada per l\u2019augment sobtat de la poblaci\u00f3 del Vendrell. El primer curs comen\u00e7a amb un sistema modular i aviat continua en el centre definitiu actual, en el segon curs acad\u00e8mic. El creixement dels cursos impartits es realitza de manera natural: un nou curs d\u2019ESO per cada any escolar. Actualment s&#8217;imparteix la totalitat de l\u2019Educaci\u00f3 Secund\u00e0ria Obligat\u00f2ria i de Batxillerat.<\/p>\n<p>A partir del curs escolar 2014-2015, el Departament d&#8217;Ensenyament va aprovar l&#8217;adscripci\u00f3 dels centres de prim\u00e0ria als instituts de secund\u00e0ria amb la finalitat de qu\u00e8 els tres instituts continguin de manera equilibrada tota la diversitat i pluralitat del Vendrell perqu\u00e8 d\u2019acord amb els objectius del sistema educatiu de Catalunya, millorin els resultats acad\u00e8mics i la cohesi\u00f3 social del conjunt. L\u2019adscripci\u00f3 aprovada consisteix en qu\u00e8 l&#8217;institut Mediterr\u00e0nia t\u00e9 adscrites les escoles: \u00c0ngel Guimer\u00e0 i La Parellada (Santa Oliva).<\/p>\n","protected":false},"excerpt":{"rendered":"<p>L\u2019Institut Mediterr\u00e0nia \u00e9s un dels tres centres educatius p\u00fablics del municipi del Vendrell, la titularitat del qual correspon al Departament d\u2019Ensenyament de la Generalitat de Catalunya. Est\u00e0 ubicat al c\/ Ramon Casas Carb\u00f3, n\u00fam. 19. de la urbanitzaci\u00f3 Oasi, a la poblaci\u00f3 del Vendrell.<br \/>\nEls seus&hellip;  <a href=\"https:\/\/agora.xtec.cat\/iesmed\/linstitut\/historia\/\" title=\"Read Hist\u00f2ria\">Llegeix m\u00e9s\u00bb<\/a><\/p>\n","protected":false},"author":1,"featured_media":0,"parent":19,"menu_order":2,"comment_status":"closed","ping_status":"closed","template":"page-templates\/side-menu.php","meta":{"_bbp_topic_count":0,"_bbp_reply_count":0,"_bbp_total_topic_count":0,"_bbp_total_reply_count":0,"_bbp_voice_count":0,"_bbp_anonymous_reply_count":0,"_bbp_topic_count_hidden":0,"_bbp_reply_count_hidden":0,"_bbp_forum_subforum_count":0,"footnotes":""},"class_list":["post-27","page","type-page","status-publish","hentry"],"post_mailing_queue_ids":[],"_links":{"self":[{"href":"https:\/\/agora.xtec.cat\/iesmed\/wp-json\/wp\/v2\/pages\/27","targetHints":{"allow":["GET"]}}],"collection":[{"href":"https:\/\/agora.xtec.cat\/iesmed\/wp-json\/wp\/v2\/pages"}],"about":[{"href":"https:\/\/agora.xtec.cat\/iesmed\/wp-json\/wp\/v2\/types\/page"}],"author":[{"embeddable":true,"href":"https:\/\/agora.xtec.cat\/iesmed\/wp-json\/wp\/v2\/users\/1"}],"replies":[{"embeddable":true,"href":"https:\/\/agora.xtec.cat\/iesmed\/wp-json\/wp\/v2\/comments?post=27"}],"version-history":[{"count":3,"href":"https:\/\/agora.xtec.cat\/iesmed\/wp-json\/wp\/v2\/pages\/27\/revisions"}],"predecessor-version":[{"id":2564,"href":"https:\/\/agora.xtec.cat\/iesmed\/wp-json\/wp\/v2\/pages\/27\/revisions\/2564"}],"up":[{"embeddable":true,"href":"https:\/\/agora.xtec.cat\/iesmed\/wp-json\/wp\/v2\/pages\/19"}],"wp:attachment":[{"href":"https:\/\/agora.xtec.cat\/iesmed\/wp-json\/wp\/v2\/media?parent=27"}],"curies":[{"name":"wp","href":"https:\/\/api.w.org\/{rel}","templated":true}]}}