{"id":195,"date":"2014-09-22T10:39:39","date_gmt":"2014-09-22T10:39:39","guid":{"rendered":"http:\/\/agora.xtec.cat\/iesmed\/?page_id=195"},"modified":"2023-09-21T13:13:29","modified_gmt":"2023-09-21T11:13:29","slug":"estudis","status":"publish","type":"page","link":"https:\/\/agora.xtec.cat\/iesmed\/estudis\/","title":{"rendered":"ESO"},"content":{"rendered":"<p style=\"text-align: justify;\">L&#8217;Institut Mediterr\u00e0nia \u00e9s un centre de la Generalitat de Catalunya que ofereix ESO, Batxillerat i el PFI d&#8217;Auxiliar d&#8217;Activitats Esportives.<\/p>\n<p style=\"text-align: justify;\">L&#8217;ESO (Educaci\u00f3 Secund\u00e0ria Obligat\u00f2ria (ESO) \u00e9s gratu\u00efta Compr\u00e8n quatre cursos acad\u00e8mics.<\/p>\n<p style=\"text-align: justify;\">\n<header class=\"entry-header\" style=\"color: #444444;\"><\/header>\n<p class=\"western\" style=\"text-align: justify;\" align=\"justify\">\n","protected":false},"excerpt":{"rendered":"<p>L&#8217;Institut Mediterr\u00e0nia \u00e9s un centre de la Generalitat de Catalunya que ofereix ESO, Batxillerat i el PFI d&#8217;Auxiliar d&#8217;Activitats Esportives.<br \/>\nL&#8217;ESO (Educaci\u00f3 Secund\u00e0ria Obligat\u00f2ria (ESO) \u00e9s gratu\u00efta Compr\u00e8n quatre cursos acad\u00e8mics.<\/p>\n","protected":false},"author":1,"featured_media":0,"parent":0,"menu_order":0,"comment_status":"closed","ping_status":"closed","template":"page-templates\/side-menu.php","meta":{"_bbp_topic_count":0,"_bbp_reply_count":0,"_bbp_total_topic_count":0,"_bbp_total_reply_count":0,"_bbp_voice_count":0,"_bbp_anonymous_reply_count":0,"_bbp_topic_count_hidden":0,"_bbp_reply_count_hidden":0,"_bbp_forum_subforum_count":0,"footnotes":""},"class_list":["post-195","page","type-page","status-publish","hentry"],"post_mailing_queue_ids":[],"_links":{"self":[{"href":"https:\/\/agora.xtec.cat\/iesmed\/wp-json\/wp\/v2\/pages\/195","targetHints":{"allow":["GET"]}}],"collection":[{"href":"https:\/\/agora.xtec.cat\/iesmed\/wp-json\/wp\/v2\/pages"}],"about":[{"href":"https:\/\/agora.xtec.cat\/iesmed\/wp-json\/wp\/v2\/types\/page"}],"author":[{"embeddable":true,"href":"https:\/\/agora.xtec.cat\/iesmed\/wp-json\/wp\/v2\/users\/1"}],"replies":[{"embeddable":true,"href":"https:\/\/agora.xtec.cat\/iesmed\/wp-json\/wp\/v2\/comments?post=195"}],"version-history":[{"count":3,"href":"https:\/\/agora.xtec.cat\/iesmed\/wp-json\/wp\/v2\/pages\/195\/revisions"}],"predecessor-version":[{"id":5978,"href":"https:\/\/agora.xtec.cat\/iesmed\/wp-json\/wp\/v2\/pages\/195\/revisions\/5978"}],"wp:attachment":[{"href":"https:\/\/agora.xtec.cat\/iesmed\/wp-json\/wp\/v2\/media?parent=195"}],"curies":[{"name":"wp","href":"https:\/\/api.w.org\/{rel}","templated":true}]}}